{"id":16958,"date":"2025-02-11T18:01:22","date_gmt":"2025-02-11T16:01:22","guid":{"rendered":"https:\/\/www.ksttukku.fi\/kauppa\/?post_type=product&#038;p=16958"},"modified":"2025-02-11T18:03:00","modified_gmt":"2025-02-11T16:03:00","slug":"led-paneelivalaisin-40w-3200lm-dim","status":"publish","type":"product","link":"https:\/\/www.ksttukku.fi\/kauppa\/tuote\/led-paneelivalaisin-40w-3200lm-dim\/","title":{"rendered":"LED-paneelivalaisin 40W, 3200lm DIM"},"content":{"rendered":"<p>Helposti asennettava himmennett\u00e4v\u00e4\u00a0 LED-paneelivalaisin sisustus- ja yleisvalaistukseen sek\u00e4 toimisto ja julkisten tilojen valaistukseen.<\/p>\n<p>Soveltuu pinta-sek\u00e4 uppoasennukseen.<\/p>\n<p>Pinta-asennusta varten saatavilla erikseen myyt\u00e4v\u00e4 asennuskehys.<\/p>\n<p>40W, 3200lm, 4000K,<\/p>\n<p>Koko: 595 x 595 mm<\/p>\n","protected":false},"excerpt":{"rendered":"<p>Helposti asennettava himmennett\u00e4v\u00e4\u00a0 LED-paneelivalaisin sisustus- ja yleisvalaistukseen sek\u00e4 toimisto ja julkisten tilojen valaistukseen. Soveltuu pinta-sek\u00e4 uppoasennukseen. Pinta-asennusta varten saatavilla erikseen myyt\u00e4v\u00e4 asennuskehys. 40W, 3200lm, 4000K, Koko: 595 x 595 mm<\/p>\n","protected":false},"featured_media":16959,"comment_status":"closed","ping_status":"closed","template":"","meta":[],"product_brand":[],"product_cat":[183,539,35,34],"product_tag":[],"class_list":{"0":"post-16958","1":"product","2":"type-product","3":"status-publish","4":"has-post-thumbnail","6":"product_cat-led-paneelivalaisimet","7":"product_cat-poistotori","8":"product_cat-sisavalaisimet","9":"product_cat-valaisimet","11":"first","12":"instock","13":"sale","14":"taxable","15":"shipping-taxable","16":"purchasable","17":"product-type-simple"},"_links":{"self":[{"href":"https:\/\/www.ksttukku.fi\/kauppa\/wp-json\/wp\/v2\/product\/16958","targetHints":{"allow":["GET"]}}],"collection":[{"href":"https:\/\/www.ksttukku.fi\/kauppa\/wp-json\/wp\/v2\/product"}],"about":[{"href":"https:\/\/www.ksttukku.fi\/kauppa\/wp-json\/wp\/v2\/types\/product"}],"replies":[{"embeddable":true,"href":"https:\/\/www.ksttukku.fi\/kauppa\/wp-json\/wp\/v2\/comments?post=16958"}],"wp:featuredmedia":[{"embeddable":true,"href":"https:\/\/www.ksttukku.fi\/kauppa\/wp-json\/wp\/v2\/media\/16959"}],"wp:attachment":[{"href":"https:\/\/www.ksttukku.fi\/kauppa\/wp-json\/wp\/v2\/media?parent=16958"}],"wp:term":[{"taxonomy":"product_brand","embeddable":true,"href":"https:\/\/www.ksttukku.fi\/kauppa\/wp-json\/wp\/v2\/product_brand?post=16958"},{"taxonomy":"product_cat","embeddable":true,"href":"https:\/\/www.ksttukku.fi\/kauppa\/wp-json\/wp\/v2\/product_cat?post=16958"},{"taxonomy":"product_tag","embeddable":true,"href":"https:\/\/www.ksttukku.fi\/kauppa\/wp-json\/wp\/v2\/product_tag?post=16958"}],"curies":[{"name":"wp","href":"https:\/\/api.w.org\/{rel}","templated":true}]}}