{"id":17119,"date":"2025-04-15T16:30:46","date_gmt":"2025-04-15T13:30:46","guid":{"rendered":"https:\/\/www.ksttukku.fi\/kauppa\/?post_type=product&#038;p=17119"},"modified":"2025-04-15T16:30:47","modified_gmt":"2025-04-15T13:30:47","slug":"lucifer-suojapeite-l-koko","status":"publish","type":"product","link":"https:\/\/www.ksttukku.fi\/kauppa\/tuote\/lucifer-suojapeite-l-koko\/","title":{"rendered":"Lucifer Suojapeite L-koko"},"content":{"rendered":"<p>Laadukas Lucifer suojapeite grilleille. Peite on valmistettu pakkasenkest\u00e4v\u00e4st\u00e4 600D-sarjan Oxford kankaasta. Suojapeitteen molemmissa sivuissa on tarranauhat, joiden avulla peite voidaan kirist\u00e4\u00e4 pysym\u00e4\u00e4n grillin p\u00e4\u00e4ll\u00e4.<\/p>\n<p>Grilli tulee olla kokonaan j\u00e4\u00e4htynyt ennen suojapeitteen asettamista sen p\u00e4\u00e4lle.<\/p>\n<ul>\n<li>T\u00e4m\u00e4 koko sopii monen eri grillimerkin 3\u20134 polttimen kaasugrilleille<\/li>\n<li>Suojaa sateelta, lialta ja p\u00f6lylt\u00e4<\/li>\n<li>Tarranauhat suojapeitteen sivuissa<\/li>\n<li>Pakkasenkest\u00e4v\u00e4 materiaali<\/li>\n<li>Mitat: L 155 x S 60 x K 90 cm<\/li>\n<li>Koko: L<\/li>\n<li>V\u00e4ri: Musta<\/li>\n<\/ul>\n","protected":false},"excerpt":{"rendered":"<p>Laadukas Lucifer suojapeite grilleille. Peite on valmistettu pakkasenkest\u00e4v\u00e4st\u00e4 600D-sarjan Oxford kankaasta. Suojapeitteen molemmissa sivuissa on tarranauhat, joiden avulla peite voidaan kirist\u00e4\u00e4 pysym\u00e4\u00e4n grillin p\u00e4\u00e4ll\u00e4. Grilli tulee olla kokonaan j\u00e4\u00e4htynyt ennen suojapeitteen asettamista sen p\u00e4\u00e4lle. T\u00e4m\u00e4 koko sopii monen eri grillimerkin 3\u20134 polttimen kaasugrilleille Suojaa sateelta, lialta ja p\u00f6lylt\u00e4 Tarranauhat suojapeitteen sivuissa Pakkasenkest\u00e4v\u00e4 materiaali Mitat: L [&hellip;]<\/p>\n","protected":false},"featured_media":17120,"comment_status":"closed","ping_status":"closed","template":"","meta":[],"product_brand":[],"product_cat":[134,132],"product_tag":[],"class_list":{"0":"post-17119","1":"product","2":"type-product","3":"status-publish","4":"has-post-thumbnail","6":"product_cat-grillaustarvikkeet","7":"product_cat-grillit-ja-grillausarvikkeet","9":"first","10":"instock","11":"taxable","12":"shipping-taxable","13":"purchasable","14":"product-type-simple"},"_links":{"self":[{"href":"https:\/\/www.ksttukku.fi\/kauppa\/wp-json\/wp\/v2\/product\/17119","targetHints":{"allow":["GET"]}}],"collection":[{"href":"https:\/\/www.ksttukku.fi\/kauppa\/wp-json\/wp\/v2\/product"}],"about":[{"href":"https:\/\/www.ksttukku.fi\/kauppa\/wp-json\/wp\/v2\/types\/product"}],"replies":[{"embeddable":true,"href":"https:\/\/www.ksttukku.fi\/kauppa\/wp-json\/wp\/v2\/comments?post=17119"}],"wp:featuredmedia":[{"embeddable":true,"href":"https:\/\/www.ksttukku.fi\/kauppa\/wp-json\/wp\/v2\/media\/17120"}],"wp:attachment":[{"href":"https:\/\/www.ksttukku.fi\/kauppa\/wp-json\/wp\/v2\/media?parent=17119"}],"wp:term":[{"taxonomy":"product_brand","embeddable":true,"href":"https:\/\/www.ksttukku.fi\/kauppa\/wp-json\/wp\/v2\/product_brand?post=17119"},{"taxonomy":"product_cat","embeddable":true,"href":"https:\/\/www.ksttukku.fi\/kauppa\/wp-json\/wp\/v2\/product_cat?post=17119"},{"taxonomy":"product_tag","embeddable":true,"href":"https:\/\/www.ksttukku.fi\/kauppa\/wp-json\/wp\/v2\/product_tag?post=17119"}],"curies":[{"name":"wp","href":"https:\/\/api.w.org\/{rel}","templated":true}]}}