{"id":1715,"date":"2018-05-30T13:37:50","date_gmt":"2018-05-30T10:37:50","guid":{"rendered":"http:\/\/www.ksttukku.fi\/kauppa\/?post_type=product&#038;p=1715"},"modified":"2019-05-04T12:09:35","modified_gmt":"2019-05-04T09:09:35","slug":"bambukaihdin-roll-up-valkoinen","status":"publish","type":"product","link":"https:\/\/www.ksttukku.fi\/kauppa\/tuote\/bambukaihdin-roll-up-valkoinen\/","title":{"rendered":"Bambukaihdin Roll-up valkoinen"},"content":{"rendered":"<p>Bambukaihdin asennetaan ikkunan pintaan. Kaihdin toimii n\u00e4k\u00f6suojana tiloissa joissa et tarvitse t\u00e4ydellist\u00e4 valosuojaa tai pimennyst\u00e4 esim. lasitetut terassit.<\/p>\n<p>V\u00e4ri: Luonnonvalkoinen<\/p>\n","protected":false},"excerpt":{"rendered":"<p>Bambukaihdin asennetaan ikkunan pintaan. Kaihdin toimii n\u00e4k\u00f6suojana tiloissa joissa et tarvitse t\u00e4ydellist\u00e4 valosuojaa tai pimennyst\u00e4 esim. lasitetut terassit. V\u00e4ri: Luonnonvalkoinen<\/p>\n","protected":false},"featured_media":1714,"comment_status":"closed","ping_status":"closed","template":"","meta":[],"product_brand":[],"product_cat":[163,104],"product_tag":[],"class_list":{"0":"post-1715","1":"product","2":"type-product","3":"status-publish","4":"has-post-thumbnail","6":"product_cat-bambukaihdin","7":"product_cat-kaihtimet-ja-verhotangot","9":"first","10":"outofstock","11":"taxable","12":"shipping-taxable","13":"purchasable","14":"product-type-variable"},"_links":{"self":[{"href":"https:\/\/www.ksttukku.fi\/kauppa\/wp-json\/wp\/v2\/product\/1715","targetHints":{"allow":["GET"]}}],"collection":[{"href":"https:\/\/www.ksttukku.fi\/kauppa\/wp-json\/wp\/v2\/product"}],"about":[{"href":"https:\/\/www.ksttukku.fi\/kauppa\/wp-json\/wp\/v2\/types\/product"}],"replies":[{"embeddable":true,"href":"https:\/\/www.ksttukku.fi\/kauppa\/wp-json\/wp\/v2\/comments?post=1715"}],"wp:featuredmedia":[{"embeddable":true,"href":"https:\/\/www.ksttukku.fi\/kauppa\/wp-json\/wp\/v2\/media\/1714"}],"wp:attachment":[{"href":"https:\/\/www.ksttukku.fi\/kauppa\/wp-json\/wp\/v2\/media?parent=1715"}],"wp:term":[{"taxonomy":"product_brand","embeddable":true,"href":"https:\/\/www.ksttukku.fi\/kauppa\/wp-json\/wp\/v2\/product_brand?post=1715"},{"taxonomy":"product_cat","embeddable":true,"href":"https:\/\/www.ksttukku.fi\/kauppa\/wp-json\/wp\/v2\/product_cat?post=1715"},{"taxonomy":"product_tag","embeddable":true,"href":"https:\/\/www.ksttukku.fi\/kauppa\/wp-json\/wp\/v2\/product_tag?post=1715"}],"curies":[{"name":"wp","href":"https:\/\/api.w.org\/{rel}","templated":true}]}}