{"id":17172,"date":"2025-05-09T15:11:15","date_gmt":"2025-05-09T12:11:15","guid":{"rendered":"https:\/\/www.ksttukku.fi\/kauppa\/?post_type=product&#038;p=17172"},"modified":"2025-05-09T15:13:27","modified_gmt":"2025-05-09T12:13:27","slug":"focuslight-mio-riippuvalaisin-30-cm-savunharmaa","status":"publish","type":"product","link":"https:\/\/www.ksttukku.fi\/kauppa\/tuote\/focuslight-mio-riippuvalaisin-30-cm-savunharmaa\/","title":{"rendered":"FocusLight MIO &#8211; Riippuvalaisin 30 cm savunharmaa"},"content":{"rendered":"<p>Mio kattovalaisin valaisee kauniisti kotisi ja sopii tyylikk\u00e4\u00e4sti my\u00f6s moneen sisustukseen.<\/p>\n<p>Asennus: Koukkukiinnitys, Sis\u00e4lt\u00e4\u00e4 pistokkeen<\/p>\n<p>Materiaali: lasi<\/p>\n<p>Kokonaiskorkeus: 1500mm<\/p>\n","protected":false},"excerpt":{"rendered":"<p>Mio kattovalaisin valaisee kauniisti kotisi ja sopii tyylikk\u00e4\u00e4sti my\u00f6s moneen sisustukseen. Asennus: Koukkukiinnitys, Sis\u00e4lt\u00e4\u00e4 pistokkeen Materiaali: lasi Kokonaiskorkeus: 1500mm<\/p>\n","protected":false},"featured_media":17173,"comment_status":"closed","ping_status":"closed","template":"","meta":[],"product_brand":[],"product_cat":[49,35,34],"product_tag":[],"class_list":{"0":"post-17172","1":"product","2":"type-product","3":"status-publish","4":"has-post-thumbnail","6":"product_cat-riippuvalaisimet","7":"product_cat-sisavalaisimet","8":"product_cat-valaisimet","10":"first","11":"instock","12":"taxable","13":"shipping-taxable","14":"purchasable","15":"product-type-simple"},"_links":{"self":[{"href":"https:\/\/www.ksttukku.fi\/kauppa\/wp-json\/wp\/v2\/product\/17172","targetHints":{"allow":["GET"]}}],"collection":[{"href":"https:\/\/www.ksttukku.fi\/kauppa\/wp-json\/wp\/v2\/product"}],"about":[{"href":"https:\/\/www.ksttukku.fi\/kauppa\/wp-json\/wp\/v2\/types\/product"}],"replies":[{"embeddable":true,"href":"https:\/\/www.ksttukku.fi\/kauppa\/wp-json\/wp\/v2\/comments?post=17172"}],"wp:featuredmedia":[{"embeddable":true,"href":"https:\/\/www.ksttukku.fi\/kauppa\/wp-json\/wp\/v2\/media\/17173"}],"wp:attachment":[{"href":"https:\/\/www.ksttukku.fi\/kauppa\/wp-json\/wp\/v2\/media?parent=17172"}],"wp:term":[{"taxonomy":"product_brand","embeddable":true,"href":"https:\/\/www.ksttukku.fi\/kauppa\/wp-json\/wp\/v2\/product_brand?post=17172"},{"taxonomy":"product_cat","embeddable":true,"href":"https:\/\/www.ksttukku.fi\/kauppa\/wp-json\/wp\/v2\/product_cat?post=17172"},{"taxonomy":"product_tag","embeddable":true,"href":"https:\/\/www.ksttukku.fi\/kauppa\/wp-json\/wp\/v2\/product_tag?post=17172"}],"curies":[{"name":"wp","href":"https:\/\/api.w.org\/{rel}","templated":true}]}}