{"id":17187,"date":"2025-05-15T12:11:21","date_gmt":"2025-05-15T09:11:21","guid":{"rendered":"https:\/\/www.ksttukku.fi\/kauppa\/?post_type=product&#038;p=17187"},"modified":"2025-05-15T12:11:22","modified_gmt":"2025-05-15T09:11:22","slug":"airam-agni-boho-koristevalaisin-ip-44","status":"publish","type":"product","link":"https:\/\/www.ksttukku.fi\/kauppa\/tuote\/airam-agni-boho-koristevalaisin-ip-44\/","title":{"rendered":"Airam Agni Boho koristevalaisin  IP 44"},"content":{"rendered":"<p>N\u00e4ytt\u00e4v\u00e4 riippuvalaisin,jonka voi laittaa roikkumaan paristokotelossa olevasta koukusta.<\/p>\n<p>Runko mustaa metallia,ymp\u00e4rill\u00e4 narupunos<\/p>\n<p>Valaisimessa kiinte\u00e4 15 lm Led-filamenttilamppu.<\/p>\n<p>Ajastintoiminto 6 h p\u00e4\u00e4ll\u00e4, 18 h pois p\u00e4\u00e4lt\u00e4<\/p>\n<p>Ripustusnaru 80 cm<\/p>\n<p>Valons\u00e4vy l\u00e4mminvalkoinen 2700 K<\/p>\n<p>Halkaisija: 31 cm<\/p>\n<p>Korkeus: 14,5cm<\/p>\n<p>Virtalahde: paristo 4 x AA (ei sis\u00e4lly tuotteeseen)<span class=\"Y2IQFc\" lang=\"fi\">.<br \/>\n<\/span><\/p>\n<p>&nbsp;<\/p>\n<div id=\"tw-target-rmn-container\" class=\"tw-target-rmn tw-ta-container tw-nfl\" tabindex=\"0\" role=\"text\">\n<pre id=\"tw-target-rmn\" class=\"tw-data-placeholder tw-text-small tw-ta\" dir=\"ltr\" data-placeholder=\"\"><\/pre>\n<\/div>\n<div class=\"iYB33c\">\n<div id=\"tw-tmenu\" class=\"tw-menu\"><\/div>\n<\/div>\n<div id=\"tw-target-rmn-container\" class=\"tw-target-rmn tw-ta-container tw-nfl\" tabindex=\"0\" role=\"text\">\n<pre id=\"tw-target-rmn\" class=\"tw-data-placeholder tw-text-small tw-ta\" dir=\"ltr\" data-placeholder=\"\"><\/pre>\n<\/div>\n<div class=\"iYB33c\">\n<div id=\"tw-tmenu\" class=\"tw-menu\"><\/div>\n<\/div>\n<p>&nbsp;<\/p>\n","protected":false},"excerpt":{"rendered":"<p>N\u00e4ytt\u00e4v\u00e4 riippuvalaisin,jonka voi laittaa roikkumaan paristokotelossa olevasta koukusta. Runko mustaa metallia,ymp\u00e4rill\u00e4 narupunos Valaisimessa kiinte\u00e4 15 lm Led-filamenttilamppu. Ajastintoiminto 6 h p\u00e4\u00e4ll\u00e4, 18 h pois p\u00e4\u00e4lt\u00e4 Ripustusnaru 80 cm Valons\u00e4vy l\u00e4mminvalkoinen 2700 K Halkaisija: 31 cm Korkeus: 14,5cm Virtalahde: paristo 4 x AA (ei sis\u00e4lly tuotteeseen). &nbsp; &nbsp;<\/p>\n","protected":false},"featured_media":17189,"comment_status":"closed","ping_status":"closed","template":"","meta":[],"product_brand":[],"product_cat":[59,36,34],"product_tag":[],"class_list":{"0":"post-17187","1":"product","2":"type-product","3":"status-publish","4":"has-post-thumbnail","6":"product_cat-terassivalaisimet","7":"product_cat-ulkovalaisimet","8":"product_cat-valaisimet","10":"first","11":"instock","12":"taxable","13":"shipping-taxable","14":"purchasable","15":"product-type-simple"},"_links":{"self":[{"href":"https:\/\/www.ksttukku.fi\/kauppa\/wp-json\/wp\/v2\/product\/17187","targetHints":{"allow":["GET"]}}],"collection":[{"href":"https:\/\/www.ksttukku.fi\/kauppa\/wp-json\/wp\/v2\/product"}],"about":[{"href":"https:\/\/www.ksttukku.fi\/kauppa\/wp-json\/wp\/v2\/types\/product"}],"replies":[{"embeddable":true,"href":"https:\/\/www.ksttukku.fi\/kauppa\/wp-json\/wp\/v2\/comments?post=17187"}],"wp:featuredmedia":[{"embeddable":true,"href":"https:\/\/www.ksttukku.fi\/kauppa\/wp-json\/wp\/v2\/media\/17189"}],"wp:attachment":[{"href":"https:\/\/www.ksttukku.fi\/kauppa\/wp-json\/wp\/v2\/media?parent=17187"}],"wp:term":[{"taxonomy":"product_brand","embeddable":true,"href":"https:\/\/www.ksttukku.fi\/kauppa\/wp-json\/wp\/v2\/product_brand?post=17187"},{"taxonomy":"product_cat","embeddable":true,"href":"https:\/\/www.ksttukku.fi\/kauppa\/wp-json\/wp\/v2\/product_cat?post=17187"},{"taxonomy":"product_tag","embeddable":true,"href":"https:\/\/www.ksttukku.fi\/kauppa\/wp-json\/wp\/v2\/product_tag?post=17187"}],"curies":[{"name":"wp","href":"https:\/\/api.w.org\/{rel}","templated":true}]}}