{"id":17288,"date":"2025-05-20T15:34:48","date_gmt":"2025-05-20T12:34:48","guid":{"rendered":"https:\/\/www.ksttukku.fi\/kauppa\/?post_type=product&#038;p=17288"},"modified":"2025-05-20T15:36:55","modified_gmt":"2025-05-20T12:36:55","slug":"seinavalaisin-carpi-7347-758-ip-44-musta-messinki","status":"publish","type":"product","link":"https:\/\/www.ksttukku.fi\/kauppa\/tuote\/seinavalaisin-carpi-7347-758-ip-44-musta-messinki\/","title":{"rendered":"SEIN\u00c4VALAISIN CARPI 7347-758 IP 44 musta\/messinki"},"content":{"rendered":"<p>Uutuus n\u00e4ytt\u00e4v\u00e4 Carpi sein\u00e4valaisin IP 44<\/p>\n<p>Tunnelmallinen valaisin on sopiva\u00a0 sis\u00e4\u00e4nk\u00e4yntiin tai terassille,\u00a0 luoden kauniin, pehme\u00e4n valon.<\/p>\n<p>Materiaali: metalli\/lasi<\/p>\n<p>Kanta: E27<\/p>\n<p>Korkeus: 30 cm<\/p>\n<p>Leveys: 18 cm<\/p>\n<p>Syvyys: 13,5 cm<\/p>\n<p>&nbsp;<\/p>\n","protected":false},"excerpt":{"rendered":"<p>Uutuus n\u00e4ytt\u00e4v\u00e4 Carpi sein\u00e4valaisin IP 44 Tunnelmallinen valaisin on sopiva\u00a0 sis\u00e4\u00e4nk\u00e4yntiin tai terassille,\u00a0 luoden kauniin, pehme\u00e4n valon. Materiaali: metalli\/lasi Kanta: E27 Korkeus: 30 cm Leveys: 18 cm Syvyys: 13,5 cm &nbsp;<\/p>\n","protected":false},"featured_media":17292,"comment_status":"closed","ping_status":"closed","template":"","meta":[],"product_brand":[],"product_cat":[37,36,34],"product_tag":[],"class_list":{"0":"post-17288","1":"product","2":"type-product","3":"status-publish","4":"has-post-thumbnail","6":"product_cat-seinavalaisimet","7":"product_cat-ulkovalaisimet","8":"product_cat-valaisimet","10":"first","11":"instock","12":"taxable","13":"shipping-taxable","14":"purchasable","15":"product-type-simple"},"_links":{"self":[{"href":"https:\/\/www.ksttukku.fi\/kauppa\/wp-json\/wp\/v2\/product\/17288","targetHints":{"allow":["GET"]}}],"collection":[{"href":"https:\/\/www.ksttukku.fi\/kauppa\/wp-json\/wp\/v2\/product"}],"about":[{"href":"https:\/\/www.ksttukku.fi\/kauppa\/wp-json\/wp\/v2\/types\/product"}],"replies":[{"embeddable":true,"href":"https:\/\/www.ksttukku.fi\/kauppa\/wp-json\/wp\/v2\/comments?post=17288"}],"wp:featuredmedia":[{"embeddable":true,"href":"https:\/\/www.ksttukku.fi\/kauppa\/wp-json\/wp\/v2\/media\/17292"}],"wp:attachment":[{"href":"https:\/\/www.ksttukku.fi\/kauppa\/wp-json\/wp\/v2\/media?parent=17288"}],"wp:term":[{"taxonomy":"product_brand","embeddable":true,"href":"https:\/\/www.ksttukku.fi\/kauppa\/wp-json\/wp\/v2\/product_brand?post=17288"},{"taxonomy":"product_cat","embeddable":true,"href":"https:\/\/www.ksttukku.fi\/kauppa\/wp-json\/wp\/v2\/product_cat?post=17288"},{"taxonomy":"product_tag","embeddable":true,"href":"https:\/\/www.ksttukku.fi\/kauppa\/wp-json\/wp\/v2\/product_tag?post=17288"}],"curies":[{"name":"wp","href":"https:\/\/api.w.org\/{rel}","templated":true}]}}