{"id":17362,"date":"2025-05-22T13:35:06","date_gmt":"2025-05-22T10:35:06","guid":{"rendered":"https:\/\/www.ksttukku.fi\/kauppa\/?post_type=product&#038;p=17362"},"modified":"2025-05-22T13:35:06","modified_gmt":"2025-05-22T10:35:06","slug":"konstsmide-rho-pollarivalaisin","status":"publish","type":"product","link":"https:\/\/www.ksttukku.fi\/kauppa\/tuote\/konstsmide-rho-pollarivalaisin\/","title":{"rendered":"Konstsmide Rho pollarivalaisin"},"content":{"rendered":"<p>Uutuus RHO- pollarivalaisin ulkok\u00e4ytt\u00f6\u00f6n IP 54<\/p>\n<p>Valoteho: 880lm, kiinte\u00e4 LED 8W, 2700K<\/p>\n<p>Materiaali: maalattu alumiini, ruosteenv\u00e4rinen\/kirkas lasi<\/p>\n<p>Korkeus: 100 cm<\/p>\n<p>Leveys: 12 cm<\/p>\n<p>Syvyys: 9 cm<\/p>\n","protected":false},"excerpt":{"rendered":"<p>Uutuus RHO- pollarivalaisin ulkok\u00e4ytt\u00f6\u00f6n IP 54 Valoteho: 880lm, kiinte\u00e4 LED 8W, 2700K Materiaali: maalattu alumiini, ruosteenv\u00e4rinen\/kirkas lasi Korkeus: 100 cm Leveys: 12 cm Syvyys: 9 cm<\/p>\n","protected":false},"featured_media":17363,"comment_status":"closed","ping_status":"closed","template":"","meta":[],"product_brand":[],"product_cat":[38,36,34],"product_tag":[],"class_list":{"0":"post-17362","1":"product","2":"type-product","3":"status-publish","4":"has-post-thumbnail","6":"product_cat-pylvasvalaisimet","7":"product_cat-ulkovalaisimet","8":"product_cat-valaisimet","10":"first","11":"instock","12":"taxable","13":"shipping-taxable","14":"purchasable","15":"product-type-simple"},"_links":{"self":[{"href":"https:\/\/www.ksttukku.fi\/kauppa\/wp-json\/wp\/v2\/product\/17362","targetHints":{"allow":["GET"]}}],"collection":[{"href":"https:\/\/www.ksttukku.fi\/kauppa\/wp-json\/wp\/v2\/product"}],"about":[{"href":"https:\/\/www.ksttukku.fi\/kauppa\/wp-json\/wp\/v2\/types\/product"}],"replies":[{"embeddable":true,"href":"https:\/\/www.ksttukku.fi\/kauppa\/wp-json\/wp\/v2\/comments?post=17362"}],"wp:featuredmedia":[{"embeddable":true,"href":"https:\/\/www.ksttukku.fi\/kauppa\/wp-json\/wp\/v2\/media\/17363"}],"wp:attachment":[{"href":"https:\/\/www.ksttukku.fi\/kauppa\/wp-json\/wp\/v2\/media?parent=17362"}],"wp:term":[{"taxonomy":"product_brand","embeddable":true,"href":"https:\/\/www.ksttukku.fi\/kauppa\/wp-json\/wp\/v2\/product_brand?post=17362"},{"taxonomy":"product_cat","embeddable":true,"href":"https:\/\/www.ksttukku.fi\/kauppa\/wp-json\/wp\/v2\/product_cat?post=17362"},{"taxonomy":"product_tag","embeddable":true,"href":"https:\/\/www.ksttukku.fi\/kauppa\/wp-json\/wp\/v2\/product_tag?post=17362"}],"curies":[{"name":"wp","href":"https:\/\/api.w.org\/{rel}","templated":true}]}}