{"id":17472,"date":"2025-06-02T17:50:20","date_gmt":"2025-06-02T14:50:20","guid":{"rendered":"https:\/\/www.ksttukku.fi\/kauppa\/?post_type=product&#038;p=17472"},"modified":"2025-06-02T17:50:21","modified_gmt":"2025-06-02T14:50:21","slug":"alumocci-sisustuslevy-betoni-3-mm-1500x3050mm","status":"publish","type":"product","link":"https:\/\/www.ksttukku.fi\/kauppa\/tuote\/alumocci-sisustuslevy-betoni-3-mm-1500x3050mm\/","title":{"rendered":"Alumocci sisustuslevy Betoni  3 mm  1500x3050mm"},"content":{"rendered":"<p>Alumocci sisustuslevy on\u00a0 alumiinikomposiittilevy\u00e4. Levyn ydin on komposiittia ja sen molemmin puolin on alumiinikerros. Levyn vahvuus on 3mm.\u00a0 Alumocci-levyn l\u00e4mm\u00f6nkesto 118 C\u00b0 \/ h.<\/p>\n<p>&nbsp;<\/p>\n<p>Alumoccia on helppo ty\u00f6st\u00e4\u00e4, taivuttaa ja leikata. Se sopii ominaisuuksiensa ansiosta kaikkiin kohteisiin niin sis\u00e4lle kuin ulos. 3 mm Alumoccilevy on hyvin kest\u00e4v\u00e4 ja eritt\u00e4in kevyt (noin 3,8 kg\/m\u00b2).<\/p>\n","protected":false},"excerpt":{"rendered":"<p>Alumocci sisustuslevy on\u00a0 alumiinikomposiittilevy\u00e4. Levyn ydin on komposiittia ja sen molemmin puolin on alumiinikerros. Levyn vahvuus on 3mm.\u00a0 Alumocci-levyn l\u00e4mm\u00f6nkesto 118 C\u00b0 \/ h. &nbsp; Alumoccia on helppo ty\u00f6st\u00e4\u00e4, taivuttaa ja leikata. Se sopii ominaisuuksiensa ansiosta kaikkiin kohteisiin niin sis\u00e4lle kuin ulos. 3 mm Alumoccilevy on hyvin kest\u00e4v\u00e4 ja eritt\u00e4in kevyt (noin 3,8 kg\/m\u00b2).<\/p>\n","protected":false},"featured_media":17473,"comment_status":"closed","ping_status":"closed","template":"","meta":[],"product_brand":[],"product_cat":[302,245],"product_tag":[],"class_list":{"0":"post-17472","1":"product","2":"type-product","3":"status-publish","4":"has-post-thumbnail","6":"product_cat-alumoccilevyt","7":"product_cat-sisustuslevyt","9":"first","10":"instock","11":"taxable","12":"shipping-taxable","13":"purchasable","14":"product-type-simple"},"_links":{"self":[{"href":"https:\/\/www.ksttukku.fi\/kauppa\/wp-json\/wp\/v2\/product\/17472","targetHints":{"allow":["GET"]}}],"collection":[{"href":"https:\/\/www.ksttukku.fi\/kauppa\/wp-json\/wp\/v2\/product"}],"about":[{"href":"https:\/\/www.ksttukku.fi\/kauppa\/wp-json\/wp\/v2\/types\/product"}],"replies":[{"embeddable":true,"href":"https:\/\/www.ksttukku.fi\/kauppa\/wp-json\/wp\/v2\/comments?post=17472"}],"wp:featuredmedia":[{"embeddable":true,"href":"https:\/\/www.ksttukku.fi\/kauppa\/wp-json\/wp\/v2\/media\/17473"}],"wp:attachment":[{"href":"https:\/\/www.ksttukku.fi\/kauppa\/wp-json\/wp\/v2\/media?parent=17472"}],"wp:term":[{"taxonomy":"product_brand","embeddable":true,"href":"https:\/\/www.ksttukku.fi\/kauppa\/wp-json\/wp\/v2\/product_brand?post=17472"},{"taxonomy":"product_cat","embeddable":true,"href":"https:\/\/www.ksttukku.fi\/kauppa\/wp-json\/wp\/v2\/product_cat?post=17472"},{"taxonomy":"product_tag","embeddable":true,"href":"https:\/\/www.ksttukku.fi\/kauppa\/wp-json\/wp\/v2\/product_tag?post=17472"}],"curies":[{"name":"wp","href":"https:\/\/api.w.org\/{rel}","templated":true}]}}