{"id":17604,"date":"2025-06-19T14:55:01","date_gmt":"2025-06-19T11:55:01","guid":{"rendered":"https:\/\/www.ksttukku.fi\/kauppa\/?post_type=product&#038;p=17604"},"modified":"2025-06-19T14:55:02","modified_gmt":"2025-06-19T11:55:02","slug":"airam-alos-kattovalaisin-290-18-w-3000k-step-dim-valkoinen","status":"publish","type":"product","link":"https:\/\/www.ksttukku.fi\/kauppa\/tuote\/airam-alos-kattovalaisin-290-18-w-3000k-step-dim-valkoinen\/","title":{"rendered":"Airam Alos Kattovalaisin 290  18 W  3000K  Step DIM valkoinen"},"content":{"rendered":"<p>Laadukas kattovalaisin kodin kuivien sis\u00e4tilojen yleisvalaistukseen<\/p>\n<p>Tyylik\u00e4s matala runkorakenne, jota korostaa valaisimen taakse kiinnityspintaan heijastuva valo<\/p>\n<p>Kotelointiluokka IP20.<\/p>\n<p>Materiaali metalli ja muovi, v\u00e4ri valkoinen<\/p>\n<p>Pinta-asennus kattoon tai sein\u00e4\u00e4n, tai asennus kattorasiaan.<\/p>\n<p>\u00d8 290 mm<\/p>\n<p>Led kiinte\u00e4 18 W 1500 lm , 3000 K.<\/p>\n<p>CRI90<\/p>\n<p>Portaittain himmennett\u00e4v\u00e4: 100 % &gt; 50 % &gt; 10 %. Himmennys valokytkimell\u00e4, ei vaadi erillist\u00e4 himmennint\u00e4.<\/p>\n","protected":false},"excerpt":{"rendered":"<p>Laadukas kattovalaisin kodin kuivien sis\u00e4tilojen yleisvalaistukseen Tyylik\u00e4s matala runkorakenne, jota korostaa valaisimen taakse kiinnityspintaan heijastuva valo Kotelointiluokka IP20. Materiaali metalli ja muovi, v\u00e4ri valkoinen Pinta-asennus kattoon tai sein\u00e4\u00e4n, tai asennus kattorasiaan. \u00d8 290 mm Led kiinte\u00e4 18 W 1500 lm , 3000 K. CRI90 Portaittain himmennett\u00e4v\u00e4: 100 % &gt; 50 % &gt; 10 %. Himmennys [&hellip;]<\/p>\n","protected":false},"featured_media":17598,"comment_status":"closed","ping_status":"closed","template":"","meta":[],"product_brand":[],"product_cat":[40,34],"product_tag":[],"class_list":{"0":"post-17604","1":"product","2":"type-product","3":"status-publish","4":"has-post-thumbnail","6":"product_cat-kattovalaisimet","7":"product_cat-valaisimet","9":"first","10":"instock","11":"taxable","12":"shipping-taxable","13":"purchasable","14":"product-type-simple"},"_links":{"self":[{"href":"https:\/\/www.ksttukku.fi\/kauppa\/wp-json\/wp\/v2\/product\/17604","targetHints":{"allow":["GET"]}}],"collection":[{"href":"https:\/\/www.ksttukku.fi\/kauppa\/wp-json\/wp\/v2\/product"}],"about":[{"href":"https:\/\/www.ksttukku.fi\/kauppa\/wp-json\/wp\/v2\/types\/product"}],"replies":[{"embeddable":true,"href":"https:\/\/www.ksttukku.fi\/kauppa\/wp-json\/wp\/v2\/comments?post=17604"}],"wp:featuredmedia":[{"embeddable":true,"href":"https:\/\/www.ksttukku.fi\/kauppa\/wp-json\/wp\/v2\/media\/17598"}],"wp:attachment":[{"href":"https:\/\/www.ksttukku.fi\/kauppa\/wp-json\/wp\/v2\/media?parent=17604"}],"wp:term":[{"taxonomy":"product_brand","embeddable":true,"href":"https:\/\/www.ksttukku.fi\/kauppa\/wp-json\/wp\/v2\/product_brand?post=17604"},{"taxonomy":"product_cat","embeddable":true,"href":"https:\/\/www.ksttukku.fi\/kauppa\/wp-json\/wp\/v2\/product_cat?post=17604"},{"taxonomy":"product_tag","embeddable":true,"href":"https:\/\/www.ksttukku.fi\/kauppa\/wp-json\/wp\/v2\/product_tag?post=17604"}],"curies":[{"name":"wp","href":"https:\/\/api.w.org\/{rel}","templated":true}]}}