{"id":17683,"date":"2025-07-08T17:22:55","date_gmt":"2025-07-08T14:22:55","guid":{"rendered":"https:\/\/www.ksttukku.fi\/kauppa\/?post_type=product&#038;p=17683"},"modified":"2025-07-08T17:22:56","modified_gmt":"2025-07-08T14:22:56","slug":"paula-led-poytakynttila-vaalea-beige","status":"publish","type":"product","link":"https:\/\/www.ksttukku.fi\/kauppa\/tuote\/paula-led-poytakynttila-vaalea-beige\/","title":{"rendered":"Paula Led-p\u00f6yt\u00e4kynttil\u00e4 vaalea beige"},"content":{"rendered":"<p>Paristok\u00e4ytt\u00f6inen kynttil\u00e4 h\u00e4m\u00e4r\u00e4kytkimell\u00e4.<\/p>\n<p>Valaiseva ja kaunis liekkiefekti<\/p>\n<p>Korkeus: 11,5 cm<\/p>\n<p>Ulko- ja sis\u00e4k\u00e4ytt\u00f6\u00f6n IP 44<\/p>\n","protected":false},"excerpt":{"rendered":"<p>Paristok\u00e4ytt\u00f6inen kynttil\u00e4 h\u00e4m\u00e4r\u00e4kytkimell\u00e4. Valaiseva ja kaunis liekkiefekti Korkeus: 11,5 cm Ulko- ja sis\u00e4k\u00e4ytt\u00f6\u00f6n IP 44<\/p>\n","protected":false},"featured_media":17685,"comment_status":"closed","ping_status":"closed","template":"","meta":[],"product_brand":[],"product_cat":[176,491,199,484,377],"product_tag":[],"class_list":{"0":"post-17683","1":"product","2":"type-product","3":"status-publish","4":"has-post-thumbnail","6":"product_cat-joulu-ja-koristevalot","7":"product_cat-kodin-sisustustuotteet","8":"product_cat-koristevalot","9":"product_cat-lyhdyt","10":"product_cat-sisustus-lahjatavarat","12":"first","13":"instock","14":"taxable","15":"shipping-taxable","16":"purchasable","17":"product-type-simple"},"_links":{"self":[{"href":"https:\/\/www.ksttukku.fi\/kauppa\/wp-json\/wp\/v2\/product\/17683","targetHints":{"allow":["GET"]}}],"collection":[{"href":"https:\/\/www.ksttukku.fi\/kauppa\/wp-json\/wp\/v2\/product"}],"about":[{"href":"https:\/\/www.ksttukku.fi\/kauppa\/wp-json\/wp\/v2\/types\/product"}],"replies":[{"embeddable":true,"href":"https:\/\/www.ksttukku.fi\/kauppa\/wp-json\/wp\/v2\/comments?post=17683"}],"wp:featuredmedia":[{"embeddable":true,"href":"https:\/\/www.ksttukku.fi\/kauppa\/wp-json\/wp\/v2\/media\/17685"}],"wp:attachment":[{"href":"https:\/\/www.ksttukku.fi\/kauppa\/wp-json\/wp\/v2\/media?parent=17683"}],"wp:term":[{"taxonomy":"product_brand","embeddable":true,"href":"https:\/\/www.ksttukku.fi\/kauppa\/wp-json\/wp\/v2\/product_brand?post=17683"},{"taxonomy":"product_cat","embeddable":true,"href":"https:\/\/www.ksttukku.fi\/kauppa\/wp-json\/wp\/v2\/product_cat?post=17683"},{"taxonomy":"product_tag","embeddable":true,"href":"https:\/\/www.ksttukku.fi\/kauppa\/wp-json\/wp\/v2\/product_tag?post=17683"}],"curies":[{"name":"wp","href":"https:\/\/api.w.org\/{rel}","templated":true}]}}