{"id":17718,"date":"2025-07-10T16:53:36","date_gmt":"2025-07-10T13:53:36","guid":{"rendered":"https:\/\/www.ksttukku.fi\/kauppa\/?post_type=product&#038;p=17718"},"modified":"2025-07-10T16:53:36","modified_gmt":"2025-07-10T13:53:36","slug":"love-birds-aurinkokennokoriste","status":"publish","type":"product","link":"https:\/\/www.ksttukku.fi\/kauppa\/tuote\/love-birds-aurinkokennokoriste\/","title":{"rendered":"Love Birds aurinkokennokoriste"},"content":{"rendered":"<p>Aurinkokennolla toimiva metallinen sein\u00e4koriste, jossa siluettina kaksi lintua ja lehtev\u00e4t oksat. Kaunis koriste sek\u00e4 p\u00e4iv\u00e4ll\u00e4 ett\u00e4 h\u00e4m\u00e4r\u00e4\u00e4n aikaan, jolloin koristeen taustapuolelle kiinnitetyt l\u00e4mpim\u00e4n valkoiset LED-valopisteet valaisevat kauniisti.<br \/>\nSijoita koriste niin, ett\u00e4 aurinkopaneeli saa suoraa auringonvaloa.<br \/>\nPaloaika t\u00e4ydell\u00e4 akulla noin 6 tuntia.<br \/>\nKiinte\u00e4 LED, lamppuja ei voi vaihtaa.<\/p>\n<p>Leveys 40 cm<br \/>\nSyvyys 2,5 cm<br \/>\nKorkeus 38 cm<\/p>\n","protected":false},"excerpt":{"rendered":"<p>Aurinkokennolla toimiva metallinen sein\u00e4koriste, jossa siluettina kaksi lintua ja lehtev\u00e4t oksat. Kaunis koriste sek\u00e4 p\u00e4iv\u00e4ll\u00e4 ett\u00e4 h\u00e4m\u00e4r\u00e4\u00e4n aikaan, jolloin koristeen taustapuolelle kiinnitetyt l\u00e4mpim\u00e4n valkoiset LED-valopisteet valaisevat kauniisti. Sijoita koriste niin, ett\u00e4 aurinkopaneeli saa suoraa auringonvaloa. Paloaika t\u00e4ydell\u00e4 akulla noin 6 tuntia. Kiinte\u00e4 LED, lamppuja ei voi vaihtaa. Leveys 40 cm Syvyys 2,5 cm Korkeus 38 [&hellip;]<\/p>\n","protected":false},"featured_media":17720,"comment_status":"closed","ping_status":"closed","template":"","meta":[],"product_brand":[],"product_cat":[306,362,36],"product_tag":[],"class_list":{"0":"post-17718","1":"product","2":"type-product","3":"status-publish","4":"has-post-thumbnail","6":"product_cat-aurinkokennovalaisimet","7":"product_cat-puutarhavalaisimet","8":"product_cat-ulkovalaisimet","10":"first","11":"instock","12":"taxable","13":"shipping-taxable","14":"purchasable","15":"product-type-simple"},"_links":{"self":[{"href":"https:\/\/www.ksttukku.fi\/kauppa\/wp-json\/wp\/v2\/product\/17718","targetHints":{"allow":["GET"]}}],"collection":[{"href":"https:\/\/www.ksttukku.fi\/kauppa\/wp-json\/wp\/v2\/product"}],"about":[{"href":"https:\/\/www.ksttukku.fi\/kauppa\/wp-json\/wp\/v2\/types\/product"}],"replies":[{"embeddable":true,"href":"https:\/\/www.ksttukku.fi\/kauppa\/wp-json\/wp\/v2\/comments?post=17718"}],"wp:featuredmedia":[{"embeddable":true,"href":"https:\/\/www.ksttukku.fi\/kauppa\/wp-json\/wp\/v2\/media\/17720"}],"wp:attachment":[{"href":"https:\/\/www.ksttukku.fi\/kauppa\/wp-json\/wp\/v2\/media?parent=17718"}],"wp:term":[{"taxonomy":"product_brand","embeddable":true,"href":"https:\/\/www.ksttukku.fi\/kauppa\/wp-json\/wp\/v2\/product_brand?post=17718"},{"taxonomy":"product_cat","embeddable":true,"href":"https:\/\/www.ksttukku.fi\/kauppa\/wp-json\/wp\/v2\/product_cat?post=17718"},{"taxonomy":"product_tag","embeddable":true,"href":"https:\/\/www.ksttukku.fi\/kauppa\/wp-json\/wp\/v2\/product_tag?post=17718"}],"curies":[{"name":"wp","href":"https:\/\/api.w.org\/{rel}","templated":true}]}}