{"id":18063,"date":"2025-08-12T14:34:22","date_gmt":"2025-08-12T11:34:22","guid":{"rendered":"https:\/\/www.ksttukku.fi\/kauppa\/?post_type=product&#038;p=18063"},"modified":"2025-08-12T14:36:33","modified_gmt":"2025-08-12T11:36:33","slug":"led-paristovalaisin-liiketunnistimella-magneetti-jalusta","status":"publish","type":"product","link":"https:\/\/www.ksttukku.fi\/kauppa\/tuote\/led-paristovalaisin-liiketunnistimella-magneetti-jalusta\/","title":{"rendered":"LED-paristovalaisin liiketunnistimella magneetti jalusta"},"content":{"rendered":"<p>Paristoilla toimiva LED-valaisin.<\/p>\n<p>Magneettikiinnityksen ansiosta valaisin on helppo kiinnitt\u00e4\u00e4 magneettipinnoille.<\/p>\n<p>Valaisimessa on h\u00e4m\u00e4r\u00e4kytkin ja liiketunnistintoiminto. 3W COB LED 120lm 6500-7000K. Paristot 3 x AAA (ei sis\u00e4lly).&nbsp;<\/p>\n","protected":false},"excerpt":{"rendered":"<p>Paristoilla toimiva LED-valaisin. Magneettikiinnityksen ansiosta valaisin on helppo kiinnitt\u00e4\u00e4 magneettipinnoille. Valaisimessa on h\u00e4m\u00e4r\u00e4kytkin ja liiketunnistintoiminto. 3W COB LED 120lm 6500-7000K. Paristot 3 x AAA (ei sis\u00e4lly).&nbsp;<\/p>\n","protected":false},"featured_media":18066,"comment_status":"closed","ping_status":"closed","template":"","meta":[],"product_brand":[],"product_cat":[41,326,309,35,34],"product_tag":[],"class_list":{"0":"post-18063","1":"product","2":"type-product","3":"status-publish","4":"has-post-thumbnail","6":"product_cat-kohdevalaisimet","7":"product_cat-liiketunnistinvalot","8":"product_cat-paristovalaisimet","9":"product_cat-sisavalaisimet","10":"product_cat-valaisimet","12":"first","13":"instock","14":"taxable","15":"shipping-taxable","16":"purchasable","17":"product-type-simple"},"_links":{"self":[{"href":"https:\/\/www.ksttukku.fi\/kauppa\/wp-json\/wp\/v2\/product\/18063","targetHints":{"allow":["GET"]}}],"collection":[{"href":"https:\/\/www.ksttukku.fi\/kauppa\/wp-json\/wp\/v2\/product"}],"about":[{"href":"https:\/\/www.ksttukku.fi\/kauppa\/wp-json\/wp\/v2\/types\/product"}],"replies":[{"embeddable":true,"href":"https:\/\/www.ksttukku.fi\/kauppa\/wp-json\/wp\/v2\/comments?post=18063"}],"wp:featuredmedia":[{"embeddable":true,"href":"https:\/\/www.ksttukku.fi\/kauppa\/wp-json\/wp\/v2\/media\/18066"}],"wp:attachment":[{"href":"https:\/\/www.ksttukku.fi\/kauppa\/wp-json\/wp\/v2\/media?parent=18063"}],"wp:term":[{"taxonomy":"product_brand","embeddable":true,"href":"https:\/\/www.ksttukku.fi\/kauppa\/wp-json\/wp\/v2\/product_brand?post=18063"},{"taxonomy":"product_cat","embeddable":true,"href":"https:\/\/www.ksttukku.fi\/kauppa\/wp-json\/wp\/v2\/product_cat?post=18063"},{"taxonomy":"product_tag","embeddable":true,"href":"https:\/\/www.ksttukku.fi\/kauppa\/wp-json\/wp\/v2\/product_tag?post=18063"}],"curies":[{"name":"wp","href":"https:\/\/api.w.org\/{rel}","templated":true}]}}