{"id":18077,"date":"2025-08-12T16:48:02","date_gmt":"2025-08-12T13:48:02","guid":{"rendered":"https:\/\/www.ksttukku.fi\/kauppa\/?post_type=product&#038;p=18077"},"modified":"2025-08-12T16:48:02","modified_gmt":"2025-08-12T13:48:02","slug":"trio-rgb-valonauha-5-m","status":"publish","type":"product","link":"https:\/\/www.ksttukku.fi\/kauppa\/tuote\/trio-rgb-valonauha-5-m\/","title":{"rendered":"Trio RGB valonauha 5 m"},"content":{"rendered":"<p>RGB-Led valonauha<\/p>\n<p>Viiden metrin pituinen LED-nauha voidaan lyhent\u00e4\u00e4 sille varattujen merkint\u00f6jen kohdalta, joten se sopii erinomaisesti yksil\u00f6lliseen suunnitteluun<\/p>\n<p>Sis\u00e4lt\u00e4\u00e4 pistorasia-adapterin, kaukos\u00e4\u00e4timen,<\/p>\n<p>muistitoiminto<\/p>\n<p>IP 20&nbsp;<\/p>\n","protected":false},"excerpt":{"rendered":"<p>RGB-Led valonauha Viiden metrin pituinen LED-nauha voidaan lyhent\u00e4\u00e4 sille varattujen merkint\u00f6jen kohdalta, joten se sopii erinomaisesti yksil\u00f6lliseen suunnitteluun Sis\u00e4lt\u00e4\u00e4 pistorasia-adapterin, kaukos\u00e4\u00e4timen, muistitoiminto IP 20&nbsp;<\/p>\n","protected":false},"featured_media":18079,"comment_status":"closed","ping_status":"closed","template":"","meta":[],"product_brand":[],"product_cat":[35,34,45],"product_tag":[],"class_list":{"0":"post-18077","1":"product","2":"type-product","3":"status-publish","4":"has-post-thumbnail","6":"product_cat-sisavalaisimet","7":"product_cat-valaisimet","8":"product_cat-valonauhat","10":"first","11":"instock","12":"taxable","13":"shipping-taxable","14":"purchasable","15":"product-type-simple"},"_links":{"self":[{"href":"https:\/\/www.ksttukku.fi\/kauppa\/wp-json\/wp\/v2\/product\/18077","targetHints":{"allow":["GET"]}}],"collection":[{"href":"https:\/\/www.ksttukku.fi\/kauppa\/wp-json\/wp\/v2\/product"}],"about":[{"href":"https:\/\/www.ksttukku.fi\/kauppa\/wp-json\/wp\/v2\/types\/product"}],"replies":[{"embeddable":true,"href":"https:\/\/www.ksttukku.fi\/kauppa\/wp-json\/wp\/v2\/comments?post=18077"}],"wp:featuredmedia":[{"embeddable":true,"href":"https:\/\/www.ksttukku.fi\/kauppa\/wp-json\/wp\/v2\/media\/18079"}],"wp:attachment":[{"href":"https:\/\/www.ksttukku.fi\/kauppa\/wp-json\/wp\/v2\/media?parent=18077"}],"wp:term":[{"taxonomy":"product_brand","embeddable":true,"href":"https:\/\/www.ksttukku.fi\/kauppa\/wp-json\/wp\/v2\/product_brand?post=18077"},{"taxonomy":"product_cat","embeddable":true,"href":"https:\/\/www.ksttukku.fi\/kauppa\/wp-json\/wp\/v2\/product_cat?post=18077"},{"taxonomy":"product_tag","embeddable":true,"href":"https:\/\/www.ksttukku.fi\/kauppa\/wp-json\/wp\/v2\/product_tag?post=18077"}],"curies":[{"name":"wp","href":"https:\/\/api.w.org\/{rel}","templated":true}]}}