{"id":18230,"date":"2025-09-03T17:44:55","date_gmt":"2025-09-03T14:44:55","guid":{"rendered":"https:\/\/www.ksttukku.fi\/kauppa\/?post_type=product&#038;p=18230"},"modified":"2025-09-03T17:45:08","modified_gmt":"2025-09-03T14:45:08","slug":"pistorasia-paristokayttoisella-liiketunnistimella-ip44","status":"publish","type":"product","link":"https:\/\/www.ksttukku.fi\/kauppa\/tuote\/pistorasia-paristokayttoisella-liiketunnistimella-ip44\/","title":{"rendered":"Pistorasia paristok\u00e4ytt\u00f6isell\u00e4 liiketunnistimella IP44"},"content":{"rendered":"<p>Pistorasia liiketunnistimella toimii langattomasti. Kun liiketunnistin havaitsee liikkeen, pistorasia kytkee siihen liitetyn s\u00e4hk\u00f6laitteen p\u00e4\u00e4lle. Sopii erinomaisesti valaistukseen tai muihin virtalaitteisiin<\/p>\n<p>Toiminta-alue 25 m<br \/>\nS\u00e4\u00e4dett\u00e4v\u00e4 ajastin 5 sek &#8211; 10 min<br \/>\nTunnistusalueen s\u00e4\u00e4t\u00f6 1 m &#8211; 6 m<br \/>\nTunnistusalue 120 astetta, 6 metri\u00e4<br \/>\n2xAAA patteria (ei sis\u00e4lly)<br \/>\nIP44<\/p>\n","protected":false},"excerpt":{"rendered":"<p>Pistorasia liiketunnistimella toimii langattomasti. Kun liiketunnistin havaitsee liikkeen, pistorasia kytkee siihen liitetyn s\u00e4hk\u00f6laitteen p\u00e4\u00e4lle. Sopii erinomaisesti valaistukseen tai muihin virtalaitteisiin Toiminta-alue 25 m S\u00e4\u00e4dett\u00e4v\u00e4 ajastin 5 sek &#8211; 10 min Tunnistusalueen s\u00e4\u00e4t\u00f6 1 m &#8211; 6 m Tunnistusalue 120 astetta, 6 metri\u00e4 2xAAA patteria (ei sis\u00e4lly) IP44<\/p>\n","protected":false},"featured_media":18231,"comment_status":"closed","ping_status":"closed","template":"","meta":[],"product_brand":[],"product_cat":[361,231,230],"product_tag":[],"class_list":{"0":"post-18230","1":"product","2":"type-product","3":"status-publish","4":"has-post-thumbnail","6":"product_cat-liiketunnistimet","7":"product_cat-pistorasiat","8":"product_cat-sahkotarvikkeet","10":"first","11":"instock","12":"taxable","13":"shipping-taxable","14":"purchasable","15":"product-type-simple"},"_links":{"self":[{"href":"https:\/\/www.ksttukku.fi\/kauppa\/wp-json\/wp\/v2\/product\/18230","targetHints":{"allow":["GET"]}}],"collection":[{"href":"https:\/\/www.ksttukku.fi\/kauppa\/wp-json\/wp\/v2\/product"}],"about":[{"href":"https:\/\/www.ksttukku.fi\/kauppa\/wp-json\/wp\/v2\/types\/product"}],"replies":[{"embeddable":true,"href":"https:\/\/www.ksttukku.fi\/kauppa\/wp-json\/wp\/v2\/comments?post=18230"}],"wp:featuredmedia":[{"embeddable":true,"href":"https:\/\/www.ksttukku.fi\/kauppa\/wp-json\/wp\/v2\/media\/18231"}],"wp:attachment":[{"href":"https:\/\/www.ksttukku.fi\/kauppa\/wp-json\/wp\/v2\/media?parent=18230"}],"wp:term":[{"taxonomy":"product_brand","embeddable":true,"href":"https:\/\/www.ksttukku.fi\/kauppa\/wp-json\/wp\/v2\/product_brand?post=18230"},{"taxonomy":"product_cat","embeddable":true,"href":"https:\/\/www.ksttukku.fi\/kauppa\/wp-json\/wp\/v2\/product_cat?post=18230"},{"taxonomy":"product_tag","embeddable":true,"href":"https:\/\/www.ksttukku.fi\/kauppa\/wp-json\/wp\/v2\/product_tag?post=18230"}],"curies":[{"name":"wp","href":"https:\/\/api.w.org\/{rel}","templated":true}]}}