{"id":18309,"date":"2025-09-11T12:33:19","date_gmt":"2025-09-11T09:33:19","guid":{"rendered":"https:\/\/www.ksttukku.fi\/kauppa\/?post_type=product&#038;p=18309"},"modified":"2025-09-11T12:33:20","modified_gmt":"2025-09-11T09:33:20","slug":"lattiavalaisin-london-2-osa-musta","status":"publish","type":"product","link":"https:\/\/www.ksttukku.fi\/kauppa\/tuote\/lattiavalaisin-london-2-osa-musta\/","title":{"rendered":"Lattiavalaisin London 2-osa musta"},"content":{"rendered":"<p>London 2-spottinen lattiavalaisin on ajattoman tyylik\u00e4s ja funktionaalinen valonl\u00e4hde, joka tuo huoneeseen sek\u00e4 valoa ett\u00e4 luonnetta.<\/p>\n<p>Tyylik\u00e4s ja tukeva valaisin.<\/p>\n<p>Korkeus s\u00e4\u00e4dett\u00e4viss\u00e4<\/p>\n<p>kanta: 2 x E 27<\/p>\n<p>Valaisimen korkeus: 147 cm<\/p>\n<p>V\u00e4ri: musta\/messinki<\/p>\n<p>Materiaali: metalli<\/p>\n<p>K\u00e4tev\u00e4 on\/off kytkin johdossa.<\/p>\n","protected":false},"excerpt":{"rendered":"<p>London 2-spottinen lattiavalaisin on ajattoman tyylik\u00e4s ja funktionaalinen valonl\u00e4hde, joka tuo huoneeseen sek\u00e4 valoa ett\u00e4 luonnetta. Tyylik\u00e4s ja tukeva valaisin. Korkeus s\u00e4\u00e4dett\u00e4viss\u00e4 kanta: 2 x E 27 Valaisimen korkeus: 147 cm V\u00e4ri: musta\/messinki Materiaali: metalli K\u00e4tev\u00e4 on\/off kytkin johdossa.<\/p>\n","protected":false},"featured_media":18311,"comment_status":"closed","ping_status":"closed","template":"","meta":[],"product_brand":[],"product_cat":[43,35,34],"product_tag":[],"class_list":{"0":"post-18309","1":"product","2":"type-product","3":"status-publish","4":"has-post-thumbnail","6":"product_cat-lattiavalaisimet","7":"product_cat-sisavalaisimet","8":"product_cat-valaisimet","10":"first","11":"instock","12":"taxable","13":"shipping-taxable","14":"purchasable","15":"product-type-simple"},"_links":{"self":[{"href":"https:\/\/www.ksttukku.fi\/kauppa\/wp-json\/wp\/v2\/product\/18309","targetHints":{"allow":["GET"]}}],"collection":[{"href":"https:\/\/www.ksttukku.fi\/kauppa\/wp-json\/wp\/v2\/product"}],"about":[{"href":"https:\/\/www.ksttukku.fi\/kauppa\/wp-json\/wp\/v2\/types\/product"}],"replies":[{"embeddable":true,"href":"https:\/\/www.ksttukku.fi\/kauppa\/wp-json\/wp\/v2\/comments?post=18309"}],"wp:featuredmedia":[{"embeddable":true,"href":"https:\/\/www.ksttukku.fi\/kauppa\/wp-json\/wp\/v2\/media\/18311"}],"wp:attachment":[{"href":"https:\/\/www.ksttukku.fi\/kauppa\/wp-json\/wp\/v2\/media?parent=18309"}],"wp:term":[{"taxonomy":"product_brand","embeddable":true,"href":"https:\/\/www.ksttukku.fi\/kauppa\/wp-json\/wp\/v2\/product_brand?post=18309"},{"taxonomy":"product_cat","embeddable":true,"href":"https:\/\/www.ksttukku.fi\/kauppa\/wp-json\/wp\/v2\/product_cat?post=18309"},{"taxonomy":"product_tag","embeddable":true,"href":"https:\/\/www.ksttukku.fi\/kauppa\/wp-json\/wp\/v2\/product_tag?post=18309"}],"curies":[{"name":"wp","href":"https:\/\/api.w.org\/{rel}","templated":true}]}}