{"id":18355,"date":"2025-09-17T17:45:57","date_gmt":"2025-09-17T14:45:57","guid":{"rendered":"https:\/\/www.ksttukku.fi\/kauppa\/?post_type=product&#038;p=18355"},"modified":"2025-09-17T17:45:57","modified_gmt":"2025-09-17T14:45:57","slug":"metallikori-1-os-musta","status":"publish","type":"product","link":"https:\/\/www.ksttukku.fi\/kauppa\/tuote\/metallikori-1-os-musta\/","title":{"rendered":"Metallikori 1-os  musta"},"content":{"rendered":"<p>Musta sein\u00e4lle ripustettava metallikori. Puhdista sein\u00e4 ennen kiinnityst\u00e4 kuivalla liinalla. Odota kiinnityksen j\u00e4lkeen 24 tuntia ennen k\u00e4ytt\u00f6\u00f6n ottoa. Mukana kaksi itsekiinnittyv\u00e4\u00e4 koukkua ripustamiseen, sopii sileille pinnoille.<\/p>\n<p>Leveys: 33,5cm<\/p>\n<p>Syvyys: 16,5 cm<\/p>\n<p>Korkeus: 8 cm<\/p>\n<p>Materiaali: pulverimaalattu rauta<\/p>\n","protected":false},"excerpt":{"rendered":"<p>Musta sein\u00e4lle ripustettava metallikori. Puhdista sein\u00e4 ennen kiinnityst\u00e4 kuivalla liinalla. Odota kiinnityksen j\u00e4lkeen 24 tuntia ennen k\u00e4ytt\u00f6\u00f6n ottoa. Mukana kaksi itsekiinnittyv\u00e4\u00e4 koukkua ripustamiseen, sopii sileille pinnoille. Leveys: 33,5cm Syvyys: 16,5 cm Korkeus: 8 cm Materiaali: pulverimaalattu rauta<\/p>\n","protected":false},"featured_media":18356,"comment_status":"closed","ping_status":"closed","template":"","meta":[],"product_brand":[],"product_cat":[491,150,360,377],"product_tag":[],"class_list":{"0":"post-18355","1":"product","2":"type-product","3":"status-publish","4":"has-post-thumbnail","6":"product_cat-kodin-sisustustuotteet","7":"product_cat-kylpyhuone","8":"product_cat-pyyhekoukut-ja-tarvikkeet","9":"product_cat-sisustus-lahjatavarat","11":"first","12":"instock","13":"taxable","14":"shipping-taxable","15":"purchasable","16":"product-type-simple"},"_links":{"self":[{"href":"https:\/\/www.ksttukku.fi\/kauppa\/wp-json\/wp\/v2\/product\/18355","targetHints":{"allow":["GET"]}}],"collection":[{"href":"https:\/\/www.ksttukku.fi\/kauppa\/wp-json\/wp\/v2\/product"}],"about":[{"href":"https:\/\/www.ksttukku.fi\/kauppa\/wp-json\/wp\/v2\/types\/product"}],"replies":[{"embeddable":true,"href":"https:\/\/www.ksttukku.fi\/kauppa\/wp-json\/wp\/v2\/comments?post=18355"}],"wp:featuredmedia":[{"embeddable":true,"href":"https:\/\/www.ksttukku.fi\/kauppa\/wp-json\/wp\/v2\/media\/18356"}],"wp:attachment":[{"href":"https:\/\/www.ksttukku.fi\/kauppa\/wp-json\/wp\/v2\/media?parent=18355"}],"wp:term":[{"taxonomy":"product_brand","embeddable":true,"href":"https:\/\/www.ksttukku.fi\/kauppa\/wp-json\/wp\/v2\/product_brand?post=18355"},{"taxonomy":"product_cat","embeddable":true,"href":"https:\/\/www.ksttukku.fi\/kauppa\/wp-json\/wp\/v2\/product_cat?post=18355"},{"taxonomy":"product_tag","embeddable":true,"href":"https:\/\/www.ksttukku.fi\/kauppa\/wp-json\/wp\/v2\/product_tag?post=18355"}],"curies":[{"name":"wp","href":"https:\/\/api.w.org\/{rel}","templated":true}]}}