{"id":18372,"date":"2025-09-19T18:01:11","date_gmt":"2025-09-19T15:01:11","guid":{"rendered":"https:\/\/www.ksttukku.fi\/kauppa\/?post_type=product&#038;p=18372"},"modified":"2025-09-19T18:02:50","modified_gmt":"2025-09-19T15:02:50","slug":"sonya-verhotanko-teras-harjattu-nikkeli-165-300-cm","status":"publish","type":"product","link":"https:\/\/www.ksttukku.fi\/kauppa\/tuote\/sonya-verhotanko-teras-harjattu-nikkeli-165-300-cm\/","title":{"rendered":"Sonya verhotanko  ter\u00e4s \/ harjattu nikkeli 165-300 cm"},"content":{"rendered":"<p>N\u00e4ytt\u00e4v\u00e4 ja koristeellinen p\u00e4\u00e4tynuppi on Sonya verhotangon juju. Luo oma tyylisi upeilla verhoilla ja t\u00e4ll\u00e4 tangolla. Nupin halkaisija on 65 mm.<\/p>\n<p>S\u00e4\u00e4dett\u00e4v\u00e4 verhotanko on helppo asentaa v\u00e4lille 165-300 cm. Tangon halkaisija 16-19 mm. Pakkaus sis\u00e4lt\u00e4\u00e4 kannakkeet ja kiinnikkeet. v\u00e4ri: harjattu nikkeli mitat: 165-300 cm \/ \u00d8 16-19 mm<\/p>\n","protected":false},"excerpt":{"rendered":"<p>N\u00e4ytt\u00e4v\u00e4 ja koristeellinen p\u00e4\u00e4tynuppi on Sonya verhotangon juju. Luo oma tyylisi upeilla verhoilla ja t\u00e4ll\u00e4 tangolla. Nupin halkaisija on 65 mm. S\u00e4\u00e4dett\u00e4v\u00e4 verhotanko on helppo asentaa v\u00e4lille 165-300 cm. Tangon halkaisija 16-19 mm. Pakkaus sis\u00e4lt\u00e4\u00e4 kannakkeet ja kiinnikkeet. v\u00e4ri: harjattu nikkeli mitat: 165-300 cm \/ \u00d8 16-19 mm<\/p>\n","protected":false},"featured_media":18373,"comment_status":"closed","ping_status":"closed","template":"","meta":[],"product_brand":[],"product_cat":[104,480,481],"product_tag":[],"class_list":{"0":"post-18372","1":"product","2":"type-product","3":"status-publish","4":"has-post-thumbnail","6":"product_cat-kaihtimet-ja-verhotangot","7":"product_cat-verhotangot-sisustuslevyt","8":"product_cat-verhotangot-sisustus-lahjatavarat","10":"first","11":"instock","12":"taxable","13":"shipping-taxable","14":"purchasable","15":"product-type-simple"},"_links":{"self":[{"href":"https:\/\/www.ksttukku.fi\/kauppa\/wp-json\/wp\/v2\/product\/18372","targetHints":{"allow":["GET"]}}],"collection":[{"href":"https:\/\/www.ksttukku.fi\/kauppa\/wp-json\/wp\/v2\/product"}],"about":[{"href":"https:\/\/www.ksttukku.fi\/kauppa\/wp-json\/wp\/v2\/types\/product"}],"replies":[{"embeddable":true,"href":"https:\/\/www.ksttukku.fi\/kauppa\/wp-json\/wp\/v2\/comments?post=18372"}],"wp:featuredmedia":[{"embeddable":true,"href":"https:\/\/www.ksttukku.fi\/kauppa\/wp-json\/wp\/v2\/media\/18373"}],"wp:attachment":[{"href":"https:\/\/www.ksttukku.fi\/kauppa\/wp-json\/wp\/v2\/media?parent=18372"}],"wp:term":[{"taxonomy":"product_brand","embeddable":true,"href":"https:\/\/www.ksttukku.fi\/kauppa\/wp-json\/wp\/v2\/product_brand?post=18372"},{"taxonomy":"product_cat","embeddable":true,"href":"https:\/\/www.ksttukku.fi\/kauppa\/wp-json\/wp\/v2\/product_cat?post=18372"},{"taxonomy":"product_tag","embeddable":true,"href":"https:\/\/www.ksttukku.fi\/kauppa\/wp-json\/wp\/v2\/product_tag?post=18372"}],"curies":[{"name":"wp","href":"https:\/\/api.w.org\/{rel}","templated":true}]}}