{"id":18378,"date":"2025-09-20T11:23:26","date_gmt":"2025-09-20T08:23:26","guid":{"rendered":"https:\/\/www.ksttukku.fi\/kauppa\/?post_type=product&#038;p=18378"},"modified":"2025-09-20T11:23:26","modified_gmt":"2025-09-20T08:23:26","slug":"sessi-verhotanko-165-300cm-satiini","status":"publish","type":"product","link":"https:\/\/www.ksttukku.fi\/kauppa\/tuote\/sessi-verhotanko-165-300cm-satiini\/","title":{"rendered":"Sessi verhotanko 165-300cm Satiini"},"content":{"rendered":"<p>&nbsp;S\u00e4\u00e4dett\u00e4v\u00e4 metallinen verhotanko on helppo asentaa v\u00e4lille 165-300 cm. Tangon halkaisija 16-19 mm. Pakkaus sis\u00e4lt\u00e4\u00e4 nupit, kannakkeet ja kiinnikkeet<\/p>\n<p>V\u00e4ri: satiini<\/p>\n","protected":false},"excerpt":{"rendered":"<p>&nbsp;S\u00e4\u00e4dett\u00e4v\u00e4 metallinen verhotanko on helppo asentaa v\u00e4lille 165-300 cm. Tangon halkaisija 16-19 mm. Pakkaus sis\u00e4lt\u00e4\u00e4 nupit, kannakkeet ja kiinnikkeet V\u00e4ri: satiini<\/p>\n","protected":false},"featured_media":18379,"comment_status":"closed","ping_status":"closed","template":"","meta":[],"product_brand":[],"product_cat":[104,480,481],"product_tag":[],"class_list":{"0":"post-18378","1":"product","2":"type-product","3":"status-publish","4":"has-post-thumbnail","6":"product_cat-kaihtimet-ja-verhotangot","7":"product_cat-verhotangot-sisustuslevyt","8":"product_cat-verhotangot-sisustus-lahjatavarat","10":"first","11":"instock","12":"taxable","13":"shipping-taxable","14":"purchasable","15":"product-type-simple"},"_links":{"self":[{"href":"https:\/\/www.ksttukku.fi\/kauppa\/wp-json\/wp\/v2\/product\/18378","targetHints":{"allow":["GET"]}}],"collection":[{"href":"https:\/\/www.ksttukku.fi\/kauppa\/wp-json\/wp\/v2\/product"}],"about":[{"href":"https:\/\/www.ksttukku.fi\/kauppa\/wp-json\/wp\/v2\/types\/product"}],"replies":[{"embeddable":true,"href":"https:\/\/www.ksttukku.fi\/kauppa\/wp-json\/wp\/v2\/comments?post=18378"}],"wp:featuredmedia":[{"embeddable":true,"href":"https:\/\/www.ksttukku.fi\/kauppa\/wp-json\/wp\/v2\/media\/18379"}],"wp:attachment":[{"href":"https:\/\/www.ksttukku.fi\/kauppa\/wp-json\/wp\/v2\/media?parent=18378"}],"wp:term":[{"taxonomy":"product_brand","embeddable":true,"href":"https:\/\/www.ksttukku.fi\/kauppa\/wp-json\/wp\/v2\/product_brand?post=18378"},{"taxonomy":"product_cat","embeddable":true,"href":"https:\/\/www.ksttukku.fi\/kauppa\/wp-json\/wp\/v2\/product_cat?post=18378"},{"taxonomy":"product_tag","embeddable":true,"href":"https:\/\/www.ksttukku.fi\/kauppa\/wp-json\/wp\/v2\/product_tag?post=18378"}],"curies":[{"name":"wp","href":"https:\/\/api.w.org\/{rel}","templated":true}]}}