{"id":18607,"date":"2025-11-07T16:55:51","date_gmt":"2025-11-07T14:55:51","guid":{"rendered":"https:\/\/www.ksttukku.fi\/kauppa\/?post_type=product&#038;p=18607"},"modified":"2025-11-07T16:55:52","modified_gmt":"2025-11-07T14:55:52","slug":"sessak-adrian-riippuvalaisin-musta","status":"publish","type":"product","link":"https:\/\/www.ksttukku.fi\/kauppa\/tuote\/sessak-adrian-riippuvalaisin-musta\/","title":{"rendered":"Sessak Adrian riippuvalaisin musta"},"content":{"rendered":"<p>Arian valaisimeen on helppo tyk\u00e4sty\u00e4. Sen muotoilu yhdist\u00e4\u00e4 modernia minimalismia ja ajatonta eleganssia.<\/p>\n<p>Kartiomainen kupu luo laajan kutsuvan hehkun ja kapea sylinterim\u00e4inen varsi messinkisell\u00e4 yksityiskohdalla tuo simppeliin muotoon ripauksen eleganssia. Ihanteellinen valinta ruokap\u00f6yd\u00e4n tai olohuoneen valaisimeksi.&nbsp;<\/p>\n<p>Halkaisija: 35 cm<\/p>\n<p>Materiaali: metalli<\/p>\n<p>Kanta: E27<br \/>\nKoukkukiinnitys<\/p>\n<p>Johdonpituus: 1 m<\/p>\n","protected":false},"excerpt":{"rendered":"<p>Arian valaisimeen on helppo tyk\u00e4sty\u00e4. Sen muotoilu yhdist\u00e4\u00e4 modernia minimalismia ja ajatonta eleganssia. Kartiomainen kupu luo laajan kutsuvan hehkun ja kapea sylinterim\u00e4inen varsi messinkisell\u00e4 yksityiskohdalla tuo simppeliin muotoon ripauksen eleganssia. Ihanteellinen valinta ruokap\u00f6yd\u00e4n tai olohuoneen valaisimeksi.&nbsp; Halkaisija: 35 cm Materiaali: metalli Kanta: E27 Koukkukiinnitys Johdonpituus: 1 m<\/p>\n","protected":false},"featured_media":18608,"comment_status":"closed","ping_status":"closed","template":"","meta":[],"product_brand":[],"product_cat":[49,35,34],"product_tag":[],"class_list":{"0":"post-18607","1":"product","2":"type-product","3":"status-publish","4":"has-post-thumbnail","6":"product_cat-riippuvalaisimet","7":"product_cat-sisavalaisimet","8":"product_cat-valaisimet","10":"first","11":"instock","12":"taxable","13":"shipping-taxable","14":"purchasable","15":"product-type-simple"},"_links":{"self":[{"href":"https:\/\/www.ksttukku.fi\/kauppa\/wp-json\/wp\/v2\/product\/18607","targetHints":{"allow":["GET"]}}],"collection":[{"href":"https:\/\/www.ksttukku.fi\/kauppa\/wp-json\/wp\/v2\/product"}],"about":[{"href":"https:\/\/www.ksttukku.fi\/kauppa\/wp-json\/wp\/v2\/types\/product"}],"replies":[{"embeddable":true,"href":"https:\/\/www.ksttukku.fi\/kauppa\/wp-json\/wp\/v2\/comments?post=18607"}],"wp:featuredmedia":[{"embeddable":true,"href":"https:\/\/www.ksttukku.fi\/kauppa\/wp-json\/wp\/v2\/media\/18608"}],"wp:attachment":[{"href":"https:\/\/www.ksttukku.fi\/kauppa\/wp-json\/wp\/v2\/media?parent=18607"}],"wp:term":[{"taxonomy":"product_brand","embeddable":true,"href":"https:\/\/www.ksttukku.fi\/kauppa\/wp-json\/wp\/v2\/product_brand?post=18607"},{"taxonomy":"product_cat","embeddable":true,"href":"https:\/\/www.ksttukku.fi\/kauppa\/wp-json\/wp\/v2\/product_cat?post=18607"},{"taxonomy":"product_tag","embeddable":true,"href":"https:\/\/www.ksttukku.fi\/kauppa\/wp-json\/wp\/v2\/product_tag?post=18607"}],"curies":[{"name":"wp","href":"https:\/\/api.w.org\/{rel}","templated":true}]}}