{"id":18620,"date":"2025-11-12T17:29:34","date_gmt":"2025-11-12T15:29:34","guid":{"rendered":"https:\/\/www.ksttukku.fi\/kauppa\/?post_type=product&#038;p=18620"},"modified":"2025-11-12T17:29:45","modified_gmt":"2025-11-12T15:29:45","slug":"kaisla-koristevalosarja-airam","status":"publish","type":"product","link":"https:\/\/www.ksttukku.fi\/kauppa\/tuote\/kaisla-koristevalosarja-airam\/","title":{"rendered":"Kaisla koristevalosarja Airam"},"content":{"rendered":"<p>Herkk\u00e4 ja kaunis kukkamainen led-valolankasarja sisustukseen tai kattaukseen<\/p>\n<p>&nbsp;25 ledi\u00e4 sirorakenteisessa ryhm\u00e4ss\u00e4 aina 50 cm v\u00e4lein, valo-osuuden pituus 2,5 m.<\/p>\n<p>Voit taivuttaa jokaisen ledin haluamaasi muotoon erikseen.<\/p>\n<p>Led 150 kpl l\u00e4mmin, ei vaihdettava, paloik\u00e4 n. 10 000 h.<\/p>\n<p>Muuntaja 4,5V 2,7W IP20.<\/p>\n<p>Johto kirkas, liitosjohdon pituus 3 m.<\/p>\n","protected":false},"excerpt":{"rendered":"<p>Herkk\u00e4 ja kaunis kukkamainen led-valolankasarja sisustukseen tai kattaukseen &nbsp;25 ledi\u00e4 sirorakenteisessa ryhm\u00e4ss\u00e4 aina 50 cm v\u00e4lein, valo-osuuden pituus 2,5 m. Voit taivuttaa jokaisen ledin haluamaasi muotoon erikseen. Led 150 kpl l\u00e4mmin, ei vaihdettava, paloik\u00e4 n. 10 000 h. Muuntaja 4,5V 2,7W IP20. Johto kirkas, liitosjohdon pituus 3 m.<\/p>\n","protected":false},"featured_media":18622,"comment_status":"closed","ping_status":"closed","template":"","meta":[],"product_brand":[],"product_cat":[176,199,177],"product_tag":[],"class_list":{"0":"post-18620","1":"product","2":"type-product","3":"status-publish","4":"has-post-thumbnail","6":"product_cat-joulu-ja-koristevalot","7":"product_cat-koristevalot","8":"product_cat-valosarjat","10":"first","11":"instock","12":"taxable","13":"shipping-taxable","14":"purchasable","15":"product-type-simple"},"_links":{"self":[{"href":"https:\/\/www.ksttukku.fi\/kauppa\/wp-json\/wp\/v2\/product\/18620","targetHints":{"allow":["GET"]}}],"collection":[{"href":"https:\/\/www.ksttukku.fi\/kauppa\/wp-json\/wp\/v2\/product"}],"about":[{"href":"https:\/\/www.ksttukku.fi\/kauppa\/wp-json\/wp\/v2\/types\/product"}],"replies":[{"embeddable":true,"href":"https:\/\/www.ksttukku.fi\/kauppa\/wp-json\/wp\/v2\/comments?post=18620"}],"wp:featuredmedia":[{"embeddable":true,"href":"https:\/\/www.ksttukku.fi\/kauppa\/wp-json\/wp\/v2\/media\/18622"}],"wp:attachment":[{"href":"https:\/\/www.ksttukku.fi\/kauppa\/wp-json\/wp\/v2\/media?parent=18620"}],"wp:term":[{"taxonomy":"product_brand","embeddable":true,"href":"https:\/\/www.ksttukku.fi\/kauppa\/wp-json\/wp\/v2\/product_brand?post=18620"},{"taxonomy":"product_cat","embeddable":true,"href":"https:\/\/www.ksttukku.fi\/kauppa\/wp-json\/wp\/v2\/product_cat?post=18620"},{"taxonomy":"product_tag","embeddable":true,"href":"https:\/\/www.ksttukku.fi\/kauppa\/wp-json\/wp\/v2\/product_tag?post=18620"}],"curies":[{"name":"wp","href":"https:\/\/api.w.org\/{rel}","templated":true}]}}