{"id":18661,"date":"2025-11-15T12:43:28","date_gmt":"2025-11-15T10:43:28","guid":{"rendered":"https:\/\/www.ksttukku.fi\/kauppa\/?post_type=product&#038;p=18661"},"modified":"2025-12-10T12:03:23","modified_gmt":"2025-12-10T10:03:23","slug":"led-koristevalo-lumisadelyhty-joulupukki-ja-lumiukko-28-cm","status":"publish","type":"product","link":"https:\/\/www.ksttukku.fi\/kauppa\/tuote\/led-koristevalo-lumisadelyhty-joulupukki-ja-lumiukko-28-cm\/","title":{"rendered":"LED-Koristevalo Lumisadelyhty joulupukki ja lumiukko 28 cm"},"content":{"rendered":"<p>Koristevalo \u2013 Lumisadelyhty kahdella lumiukolla. Kaunis ja tunnelmallinen lumisadelyhty, jossa kaksi iloista lumiukkoa, joista toinen on pukeutunut joulupukiksi.<\/p>\n<p>LED-valot korostavat lumisateen kimallusta ja tekev\u00e4t lyhdyst\u00e4 t\u00e4ydellisen koristeen p\u00f6yd\u00e4lle, ikkunalaudalle tai osaksi jouluista asetelmaa.<\/p>\n<p>Koristevalo tuo kotiin l\u00e4mp\u00f6\u00e4 ja juhlan tuntua \u2013 ihanteellinen joulun ja talvikauden sisustukseen.<\/p>\n<p>Koko: 10,5 x 10,5 x 28 cm. Valonl\u00e4hde: LED-valo.<\/p>\n<p>Paristot: 3 x AA (ei sis\u00e4lly pakkaukseen).<\/p>\n<p>K\u00e4ytt\u00f6: Vain sis\u00e4k\u00e4ytt\u00f6\u00f6n.&nbsp;<\/p>\n","protected":false},"excerpt":{"rendered":"<p>Koristevalo \u2013 Lumisadelyhty kahdella lumiukolla. Kaunis ja tunnelmallinen lumisadelyhty, jossa kaksi iloista lumiukkoa, joista toinen on pukeutunut joulupukiksi. LED-valot korostavat lumisateen kimallusta ja tekev\u00e4t lyhdyst\u00e4 t\u00e4ydellisen koristeen p\u00f6yd\u00e4lle, ikkunalaudalle tai osaksi jouluista asetelmaa. Koristevalo tuo kotiin l\u00e4mp\u00f6\u00e4 ja juhlan tuntua \u2013 ihanteellinen joulun ja talvikauden sisustukseen. Koko: 10,5 x 10,5 x 28 cm. Valonl\u00e4hde: LED-valo. [&hellip;]<\/p>\n","protected":false},"featured_media":18663,"comment_status":"closed","ping_status":"closed","template":"","meta":[],"product_brand":[],"product_cat":[176,491,199,484,377],"product_tag":[],"class_list":{"0":"post-18661","1":"product","2":"type-product","3":"status-publish","4":"has-post-thumbnail","6":"product_cat-joulu-ja-koristevalot","7":"product_cat-kodin-sisustustuotteet","8":"product_cat-koristevalot","9":"product_cat-lyhdyt","10":"product_cat-sisustus-lahjatavarat","12":"first","13":"outofstock","14":"taxable","15":"shipping-taxable","16":"purchasable","17":"product-type-simple"},"_links":{"self":[{"href":"https:\/\/www.ksttukku.fi\/kauppa\/wp-json\/wp\/v2\/product\/18661","targetHints":{"allow":["GET"]}}],"collection":[{"href":"https:\/\/www.ksttukku.fi\/kauppa\/wp-json\/wp\/v2\/product"}],"about":[{"href":"https:\/\/www.ksttukku.fi\/kauppa\/wp-json\/wp\/v2\/types\/product"}],"replies":[{"embeddable":true,"href":"https:\/\/www.ksttukku.fi\/kauppa\/wp-json\/wp\/v2\/comments?post=18661"}],"wp:featuredmedia":[{"embeddable":true,"href":"https:\/\/www.ksttukku.fi\/kauppa\/wp-json\/wp\/v2\/media\/18663"}],"wp:attachment":[{"href":"https:\/\/www.ksttukku.fi\/kauppa\/wp-json\/wp\/v2\/media?parent=18661"}],"wp:term":[{"taxonomy":"product_brand","embeddable":true,"href":"https:\/\/www.ksttukku.fi\/kauppa\/wp-json\/wp\/v2\/product_brand?post=18661"},{"taxonomy":"product_cat","embeddable":true,"href":"https:\/\/www.ksttukku.fi\/kauppa\/wp-json\/wp\/v2\/product_cat?post=18661"},{"taxonomy":"product_tag","embeddable":true,"href":"https:\/\/www.ksttukku.fi\/kauppa\/wp-json\/wp\/v2\/product_tag?post=18661"}],"curies":[{"name":"wp","href":"https:\/\/api.w.org\/{rel}","templated":true}]}}