{"id":18697,"date":"2025-11-25T15:57:04","date_gmt":"2025-11-25T13:57:04","guid":{"rendered":"https:\/\/www.ksttukku.fi\/kauppa\/?post_type=product&#038;p=18697"},"modified":"2025-11-25T15:57:04","modified_gmt":"2025-11-25T13:57:04","slug":"led-strip-valonauha-24v-ip20-48w-m-830-3m","status":"publish","type":"product","link":"https:\/\/www.ksttukku.fi\/kauppa\/tuote\/led-strip-valonauha-24v-ip20-48w-m-830-3m\/","title":{"rendered":"LED Strip  Valonauha 24V IP20 4,8W\/m 830   3m"},"content":{"rendered":"<p>Kiinnit\u00e4 led-nauha suoraan puhtaalle pinnalle nauhan takana olevalla 3M-tarralla.<\/p>\n<p>&nbsp;Ohut ja matalarakenteinen nauha on helppo asentaa pieneen ja kapeaan paikkaan, kuten hyllyn tai kaapin alle, vitriiniin, ovea reunustamaan tai vaikkapa TV:n taustavaloksi!<\/p>\n<p>Viimeistellyn kokonaisuuden saat, kun k\u00e4yt\u00e4t asennukseen alumiiniprofiilia.<\/p>\n<p>Led-nauhaa voi lyhent\u00e4\u00e4 erillisen ohjeen mukaan 100 mm v\u00e4lein<\/p>\n<p>Led 24 V 4,8 W\/m.<\/p>\n<p>Helppo ja heti valmis plug &amp; play -asennus.<\/p>\n<p>&nbsp;Pistokemuuntaja, johdossa on\/off-kytkin.<\/p>\n<p>Sis\u00e4k\u00e4ytt\u00f6\u00f6n.<\/p>\n","protected":false},"excerpt":{"rendered":"<p>Kiinnit\u00e4 led-nauha suoraan puhtaalle pinnalle nauhan takana olevalla 3M-tarralla. &nbsp;Ohut ja matalarakenteinen nauha on helppo asentaa pieneen ja kapeaan paikkaan, kuten hyllyn tai kaapin alle, vitriiniin, ovea reunustamaan tai vaikkapa TV:n taustavaloksi! Viimeistellyn kokonaisuuden saat, kun k\u00e4yt\u00e4t asennukseen alumiiniprofiilia. Led-nauhaa voi lyhent\u00e4\u00e4 erillisen ohjeen mukaan 100 mm v\u00e4lein Led 24 V 4,8 W\/m. Helppo ja [&hellip;]<\/p>\n","protected":false},"featured_media":18698,"comment_status":"closed","ping_status":"closed","template":"","meta":[],"product_brand":[],"product_cat":[35,34,45],"product_tag":[],"class_list":{"0":"post-18697","1":"product","2":"type-product","3":"status-publish","4":"has-post-thumbnail","6":"product_cat-sisavalaisimet","7":"product_cat-valaisimet","8":"product_cat-valonauhat","10":"first","11":"instock","12":"taxable","13":"shipping-taxable","14":"purchasable","15":"product-type-simple"},"_links":{"self":[{"href":"https:\/\/www.ksttukku.fi\/kauppa\/wp-json\/wp\/v2\/product\/18697","targetHints":{"allow":["GET"]}}],"collection":[{"href":"https:\/\/www.ksttukku.fi\/kauppa\/wp-json\/wp\/v2\/product"}],"about":[{"href":"https:\/\/www.ksttukku.fi\/kauppa\/wp-json\/wp\/v2\/types\/product"}],"replies":[{"embeddable":true,"href":"https:\/\/www.ksttukku.fi\/kauppa\/wp-json\/wp\/v2\/comments?post=18697"}],"wp:featuredmedia":[{"embeddable":true,"href":"https:\/\/www.ksttukku.fi\/kauppa\/wp-json\/wp\/v2\/media\/18698"}],"wp:attachment":[{"href":"https:\/\/www.ksttukku.fi\/kauppa\/wp-json\/wp\/v2\/media?parent=18697"}],"wp:term":[{"taxonomy":"product_brand","embeddable":true,"href":"https:\/\/www.ksttukku.fi\/kauppa\/wp-json\/wp\/v2\/product_brand?post=18697"},{"taxonomy":"product_cat","embeddable":true,"href":"https:\/\/www.ksttukku.fi\/kauppa\/wp-json\/wp\/v2\/product_cat?post=18697"},{"taxonomy":"product_tag","embeddable":true,"href":"https:\/\/www.ksttukku.fi\/kauppa\/wp-json\/wp\/v2\/product_tag?post=18697"}],"curies":[{"name":"wp","href":"https:\/\/api.w.org\/{rel}","templated":true}]}}