{"id":18740,"date":"2025-12-05T12:36:01","date_gmt":"2025-12-05T10:36:01","guid":{"rendered":"https:\/\/www.ksttukku.fi\/kauppa\/?post_type=product&#038;p=18740"},"modified":"2025-12-05T12:38:14","modified_gmt":"2025-12-05T10:38:14","slug":"enkelikello-lammin-valkoinen-led-ajastintoiminto","status":"publish","type":"product","link":"https:\/\/www.ksttukku.fi\/kauppa\/tuote\/enkelikello-lammin-valkoinen-led-ajastintoiminto\/","title":{"rendered":"Enkelikello  l\u00e4mmin valkoinen LED  ajastintoiminto"},"content":{"rendered":"<p>Luo ihana tunnelma klassisella py\u00f6riv\u00e4ll\u00e4 enkelikellolla<br \/>\nAjaton muotoilu ja kimaltelevat enkelit her\u00e4tt\u00e4v\u00e4t sek\u00e4 nostalgiaa<br \/>\n ett\u00e4 iloa.<br \/>\nT\u00e4ydellinen joulukoristeeksi, lahjaksi tai tunnelman kohottajaksi kotiisi.<br \/>\nUSB-k\u00e4ytt\u00f6inen valaistu LED-koriste ajastimella<br \/>\nKorkeus:26,5 cm<br \/>\nHalkaisija: 13,3 cm<\/p>\n","protected":false},"excerpt":{"rendered":"<p>Luo ihana tunnelma klassisella py\u00f6riv\u00e4ll\u00e4 enkelikellolla Ajaton muotoilu ja kimaltelevat enkelit her\u00e4tt\u00e4v\u00e4t sek\u00e4 nostalgiaa ett\u00e4 iloa. T\u00e4ydellinen joulukoristeeksi, lahjaksi tai tunnelman kohottajaksi kotiisi. USB-k\u00e4ytt\u00f6inen valaistu LED-koriste ajastimella Korkeus:26,5 cm Halkaisija: 13,3 cm<\/p>\n","protected":false},"featured_media":18743,"comment_status":"closed","ping_status":"closed","template":"","meta":[],"product_brand":[],"product_cat":[176,491,199,377],"product_tag":[],"class_list":{"0":"post-18740","1":"product","2":"type-product","3":"status-publish","4":"has-post-thumbnail","6":"product_cat-joulu-ja-koristevalot","7":"product_cat-kodin-sisustustuotteet","8":"product_cat-koristevalot","9":"product_cat-sisustus-lahjatavarat","11":"first","12":"instock","13":"taxable","14":"shipping-taxable","15":"purchasable","16":"product-type-simple"},"_links":{"self":[{"href":"https:\/\/www.ksttukku.fi\/kauppa\/wp-json\/wp\/v2\/product\/18740","targetHints":{"allow":["GET"]}}],"collection":[{"href":"https:\/\/www.ksttukku.fi\/kauppa\/wp-json\/wp\/v2\/product"}],"about":[{"href":"https:\/\/www.ksttukku.fi\/kauppa\/wp-json\/wp\/v2\/types\/product"}],"replies":[{"embeddable":true,"href":"https:\/\/www.ksttukku.fi\/kauppa\/wp-json\/wp\/v2\/comments?post=18740"}],"wp:featuredmedia":[{"embeddable":true,"href":"https:\/\/www.ksttukku.fi\/kauppa\/wp-json\/wp\/v2\/media\/18743"}],"wp:attachment":[{"href":"https:\/\/www.ksttukku.fi\/kauppa\/wp-json\/wp\/v2\/media?parent=18740"}],"wp:term":[{"taxonomy":"product_brand","embeddable":true,"href":"https:\/\/www.ksttukku.fi\/kauppa\/wp-json\/wp\/v2\/product_brand?post=18740"},{"taxonomy":"product_cat","embeddable":true,"href":"https:\/\/www.ksttukku.fi\/kauppa\/wp-json\/wp\/v2\/product_cat?post=18740"},{"taxonomy":"product_tag","embeddable":true,"href":"https:\/\/www.ksttukku.fi\/kauppa\/wp-json\/wp\/v2\/product_tag?post=18740"}],"curies":[{"name":"wp","href":"https:\/\/api.w.org\/{rel}","templated":true}]}}