{"id":18775,"date":"2025-12-11T12:52:48","date_gmt":"2025-12-11T10:52:48","guid":{"rendered":"https:\/\/www.ksttukku.fi\/kauppa\/?post_type=product&#038;p=18775"},"modified":"2025-12-11T12:53:51","modified_gmt":"2025-12-11T10:53:51","slug":"lino-peilivalaisin-kromi-600-mm","status":"publish","type":"product","link":"https:\/\/www.ksttukku.fi\/kauppa\/tuote\/lino-peilivalaisin-kromi-600-mm\/","title":{"rendered":"Lino peilivalaisin  kromi 600 mm"},"content":{"rendered":"<p>Lino valaisin kromin s\u00e4vyisen\u00e4. Kytket\u00e4\u00e4n suoraan verkkovirtaan, ei erillist\u00e4 muuntajaa. Valaisimen voi asentaa sein\u00e4\u00e4n, kaapin p\u00e4\u00e4lle tai peilin p\u00e4\u00e4lle.<\/p>\n<p>Leveys: 600 mm<\/p>\n<p>IP-luokitus: IP44<\/p>\n<p>Teho: 11,5 W<\/p>\n<p>Valovirta: 1350 lm<\/p>\n<p>V\u00e4ril\u00e4mp\u00f6tila: 3000 K<\/p>\n<p>V\u00e4ri: kromi<\/p>\n","protected":false},"excerpt":{"rendered":"<p>Lino valaisin kromin s\u00e4vyisen\u00e4. Kytket\u00e4\u00e4n suoraan verkkovirtaan, ei erillist\u00e4 muuntajaa. Valaisimen voi asentaa sein\u00e4\u00e4n, kaapin p\u00e4\u00e4lle tai peilin p\u00e4\u00e4lle. Leveys: 600 mm IP-luokitus: IP44 Teho: 11,5 W Valovirta: 1350 lm V\u00e4ril\u00e4mp\u00f6tila: 3000 K V\u00e4ri: kromi<\/p>\n","protected":false},"featured_media":18777,"comment_status":"closed","ping_status":"closed","template":"","meta":[],"product_brand":[],"product_cat":[48,35,34],"product_tag":[],"class_list":{"0":"post-18775","1":"product","2":"type-product","3":"status-publish","4":"has-post-thumbnail","6":"product_cat-kosteantilanvalaisimet","7":"product_cat-sisavalaisimet","8":"product_cat-valaisimet","10":"first","11":"instock","12":"taxable","13":"shipping-taxable","14":"purchasable","15":"product-type-simple"},"_links":{"self":[{"href":"https:\/\/www.ksttukku.fi\/kauppa\/wp-json\/wp\/v2\/product\/18775","targetHints":{"allow":["GET"]}}],"collection":[{"href":"https:\/\/www.ksttukku.fi\/kauppa\/wp-json\/wp\/v2\/product"}],"about":[{"href":"https:\/\/www.ksttukku.fi\/kauppa\/wp-json\/wp\/v2\/types\/product"}],"replies":[{"embeddable":true,"href":"https:\/\/www.ksttukku.fi\/kauppa\/wp-json\/wp\/v2\/comments?post=18775"}],"wp:featuredmedia":[{"embeddable":true,"href":"https:\/\/www.ksttukku.fi\/kauppa\/wp-json\/wp\/v2\/media\/18777"}],"wp:attachment":[{"href":"https:\/\/www.ksttukku.fi\/kauppa\/wp-json\/wp\/v2\/media?parent=18775"}],"wp:term":[{"taxonomy":"product_brand","embeddable":true,"href":"https:\/\/www.ksttukku.fi\/kauppa\/wp-json\/wp\/v2\/product_brand?post=18775"},{"taxonomy":"product_cat","embeddable":true,"href":"https:\/\/www.ksttukku.fi\/kauppa\/wp-json\/wp\/v2\/product_cat?post=18775"},{"taxonomy":"product_tag","embeddable":true,"href":"https:\/\/www.ksttukku.fi\/kauppa\/wp-json\/wp\/v2\/product_tag?post=18775"}],"curies":[{"name":"wp","href":"https:\/\/api.w.org\/{rel}","templated":true}]}}