{"id":18876,"date":"2026-01-10T12:34:49","date_gmt":"2026-01-10T10:34:49","guid":{"rendered":"https:\/\/www.ksttukku.fi\/kauppa\/?post_type=product&#038;p=18876"},"modified":"2026-01-10T12:34:49","modified_gmt":"2026-01-10T10:34:49","slug":"kuusenjalka-nordic-valkoinen","status":"publish","type":"product","link":"https:\/\/www.ksttukku.fi\/kauppa\/tuote\/kuusenjalka-nordic-valkoinen\/","title":{"rendered":"Kuusenjalka Nordic valkoinen"},"content":{"rendered":"<p>Tyylik\u00e4s metallinen kuusenjalka. Soveltuu enint\u00e4\u00e4n 2,6 metriselle joulupuulle, jonka rungon halkaisija on 35-85 mm. Vesis\u00e4ili\u00f6n tilavuus 0,9 L. Runko kiinnitet\u00e4\u00e4n ja keskitet\u00e4\u00e4n nelj\u00e4ll\u00e4 kiristysruuvilla. Koottava.&nbsp;<\/p>\n<p>Leveys: 50 cm<\/p>\n<p>Syvyys: 50 cm<\/p>\n<p>Korkeus: 15 cm<\/p>\n","protected":false},"excerpt":{"rendered":"<p>Tyylik\u00e4s metallinen kuusenjalka. Soveltuu enint\u00e4\u00e4n 2,6 metriselle joulupuulle, jonka rungon halkaisija on 35-85 mm. Vesis\u00e4ili\u00f6n tilavuus 0,9 L. Runko kiinnitet\u00e4\u00e4n ja keskitet\u00e4\u00e4n nelj\u00e4ll\u00e4 kiristysruuvilla. Koottava.&nbsp; Leveys: 50 cm Syvyys: 50 cm Korkeus: 15 cm<\/p>\n","protected":false},"featured_media":18878,"comment_status":"closed","ping_status":"closed","template":"","meta":[],"product_brand":[],"product_cat":[178],"product_tag":[],"class_list":{"0":"post-18876","1":"product","2":"type-product","3":"status-publish","4":"has-post-thumbnail","6":"product_cat-joulukuuset","8":"first","9":"instock","10":"taxable","11":"shipping-taxable","12":"purchasable","13":"product-type-simple"},"_links":{"self":[{"href":"https:\/\/www.ksttukku.fi\/kauppa\/wp-json\/wp\/v2\/product\/18876","targetHints":{"allow":["GET"]}}],"collection":[{"href":"https:\/\/www.ksttukku.fi\/kauppa\/wp-json\/wp\/v2\/product"}],"about":[{"href":"https:\/\/www.ksttukku.fi\/kauppa\/wp-json\/wp\/v2\/types\/product"}],"replies":[{"embeddable":true,"href":"https:\/\/www.ksttukku.fi\/kauppa\/wp-json\/wp\/v2\/comments?post=18876"}],"wp:featuredmedia":[{"embeddable":true,"href":"https:\/\/www.ksttukku.fi\/kauppa\/wp-json\/wp\/v2\/media\/18878"}],"wp:attachment":[{"href":"https:\/\/www.ksttukku.fi\/kauppa\/wp-json\/wp\/v2\/media?parent=18876"}],"wp:term":[{"taxonomy":"product_brand","embeddable":true,"href":"https:\/\/www.ksttukku.fi\/kauppa\/wp-json\/wp\/v2\/product_brand?post=18876"},{"taxonomy":"product_cat","embeddable":true,"href":"https:\/\/www.ksttukku.fi\/kauppa\/wp-json\/wp\/v2\/product_cat?post=18876"},{"taxonomy":"product_tag","embeddable":true,"href":"https:\/\/www.ksttukku.fi\/kauppa\/wp-json\/wp\/v2\/product_tag?post=18876"}],"curies":[{"name":"wp","href":"https:\/\/api.w.org\/{rel}","templated":true}]}}