{"id":18911,"date":"2026-01-16T13:07:51","date_gmt":"2026-01-16T11:07:51","guid":{"rendered":"https:\/\/www.ksttukku.fi\/kauppa\/?post_type=product&#038;p=18911"},"modified":"2026-01-16T13:07:52","modified_gmt":"2026-01-16T11:07:52","slug":"airam-gaia-kattovalaisin-3-step-dim-cct-15-w","status":"publish","type":"product","link":"https:\/\/www.ksttukku.fi\/kauppa\/tuote\/airam-gaia-kattovalaisin-3-step-dim-cct-15-w\/","title":{"rendered":"Airam Gaia kattovalaisin 3-Step-DIM + CCT  15 W"},"content":{"rendered":"<p>Kodin yleisvalaistukseen soveltuva tyylik\u00e4s ja moderni plafondi, jota voi himment\u00e4\u00e4 portaittain tavallisesta valokatkaisimesta!<\/p>\n<p>Himmennys: 1300 lm \u2013 800 lm \u2013 400 lm.<\/p>\n<p>&nbsp;Valon s\u00e4vyn voi valita valaisimen rungosta ennen asennusta.<\/p>\n<p>Vaihtoehdot: 2700 K (l\u00e4mmin valkoinen) \u2013 3000 K (valkoinen) \u2013 4000 K (viile\u00e4 valkoinen). Muistitoiminto, muistaa edellisen valoasetuksen 5 sek j\u00e4lkeen.<\/p>\n<p>Valaisimen \u00d8 300 mm, korkeus 57 mm.<\/p>\n<p>IP20, kodin kuiviin sis\u00e4tiloihin.<\/p>\n<p>15 W<\/p>\n<p>CRI80<\/p>\n<p>Materiaali valkoinen muovi (PP, PMMA).<\/p>\n<p>Soveltuu l\u00e4pijohdotukseen.<\/p>\n<p>Helppo asennus valaisinkauluksella ja valaisinpistotulpalla, optio rasia-asennukseen.<\/p>\n","protected":false},"excerpt":{"rendered":"<p>Kodin yleisvalaistukseen soveltuva tyylik\u00e4s ja moderni plafondi, jota voi himment\u00e4\u00e4 portaittain tavallisesta valokatkaisimesta! Himmennys: 1300 lm \u2013 800 lm \u2013 400 lm. &nbsp;Valon s\u00e4vyn voi valita valaisimen rungosta ennen asennusta. Vaihtoehdot: 2700 K (l\u00e4mmin valkoinen) \u2013 3000 K (valkoinen) \u2013 4000 K (viile\u00e4 valkoinen). Muistitoiminto, muistaa edellisen valoasetuksen 5 sek j\u00e4lkeen. Valaisimen \u00d8 300 mm, [&hellip;]<\/p>\n","protected":false},"featured_media":18912,"comment_status":"closed","ping_status":"closed","template":"","meta":[],"product_brand":[],"product_cat":[40,35,34],"product_tag":[],"class_list":{"0":"post-18911","1":"product","2":"type-product","3":"status-publish","4":"has-post-thumbnail","6":"product_cat-kattovalaisimet","7":"product_cat-sisavalaisimet","8":"product_cat-valaisimet","10":"first","11":"instock","12":"taxable","13":"shipping-taxable","14":"purchasable","15":"product-type-simple"},"_links":{"self":[{"href":"https:\/\/www.ksttukku.fi\/kauppa\/wp-json\/wp\/v2\/product\/18911","targetHints":{"allow":["GET"]}}],"collection":[{"href":"https:\/\/www.ksttukku.fi\/kauppa\/wp-json\/wp\/v2\/product"}],"about":[{"href":"https:\/\/www.ksttukku.fi\/kauppa\/wp-json\/wp\/v2\/types\/product"}],"replies":[{"embeddable":true,"href":"https:\/\/www.ksttukku.fi\/kauppa\/wp-json\/wp\/v2\/comments?post=18911"}],"wp:featuredmedia":[{"embeddable":true,"href":"https:\/\/www.ksttukku.fi\/kauppa\/wp-json\/wp\/v2\/media\/18912"}],"wp:attachment":[{"href":"https:\/\/www.ksttukku.fi\/kauppa\/wp-json\/wp\/v2\/media?parent=18911"}],"wp:term":[{"taxonomy":"product_brand","embeddable":true,"href":"https:\/\/www.ksttukku.fi\/kauppa\/wp-json\/wp\/v2\/product_brand?post=18911"},{"taxonomy":"product_cat","embeddable":true,"href":"https:\/\/www.ksttukku.fi\/kauppa\/wp-json\/wp\/v2\/product_cat?post=18911"},{"taxonomy":"product_tag","embeddable":true,"href":"https:\/\/www.ksttukku.fi\/kauppa\/wp-json\/wp\/v2\/product_tag?post=18911"}],"curies":[{"name":"wp","href":"https:\/\/api.w.org\/{rel}","templated":true}]}}