{"id":18913,"date":"2026-01-19T16:18:48","date_gmt":"2026-01-19T14:18:48","guid":{"rendered":"https:\/\/www.ksttukku.fi\/kauppa\/?post_type=product&#038;p=18913"},"modified":"2026-01-19T16:43:14","modified_gmt":"2026-01-19T14:43:14","slug":"viilu-allaskaappi-akl600t-tammi","status":"publish","type":"product","link":"https:\/\/www.ksttukku.fi\/kauppa\/tuote\/viilu-allaskaappi-akl600t-tammi\/","title":{"rendered":"VIILU allaskaappi AKL600T Tammi"},"content":{"rendered":"<p>Tammiholma Viilu -kalustesarjan tammenv\u00e4rinen allaskaappi kylpyhuoneeseen tai wc-tilaan.&nbsp;<\/p>\n<p>VIILU allaskaappi on t\u00e4ysin 100 % vedenkest\u00e4v\u00e4st\u00e4 ja ekologisesta py\u00f6kki-poppelivanerista valmistettu pitk\u00e4ik\u00e4inen kylpyhuonekaluste. Kaksi tilavaa, pehme\u00e4sti sulkeutuvaa vetolaatikkoa tekev\u00e4t arjen s\u00e4ilytyksest\u00e4 sujuvaa \u2013 ja tarvittaessa laatikot irtoavat helposti k\u00e4tev\u00e4n pikalukituksen ansiosta.<\/p>\n<p>Leveys 600 mm<br \/>\nKorkeus&nbsp;500&nbsp;mm<br \/>\nSyvyys 390 mm<br \/>\nLevyn kokonaispaksuus 15mm<br \/>\nEsiporatut rei\u00e4t vetimille<\/p>\n<p>Kuvassa n\u00e4kyv\u00e4 ML39G-600 posliiniallastaso ei kuulu toimitukseen, vaan se on tilattava erikseen<\/p>\n<blockquote class=\"wp-embedded-content\" data-secret=\"W5SThYxZAd\"><p><a href=\"https:\/\/www.ksttukku.fi\/kauppa\/tuote\/ml39g-600-posliiniallastaso\/\">ML39G-600 posliiniallastaso<\/a><\/p><\/blockquote>\n<p><iframe loading=\"lazy\" class=\"wp-embedded-content\" sandbox=\"allow-scripts\" security=\"restricted\" style=\"position: absolute; visibility: hidden;\" title=\"&#8221;ML39G-600 posliiniallastaso&#8221; &#8212; \" src=\"https:\/\/www.ksttukku.fi\/kauppa\/tuote\/ml39g-600-posliiniallastaso\/embed\/#?secret=y2YELuAWtk#?secret=W5SThYxZAd\" data-secret=\"W5SThYxZAd\" width=\"600\" height=\"338\" frameborder=\"0\" marginwidth=\"0\" marginheight=\"0\" scrolling=\"no\"><\/iframe><\/p>\n","protected":false},"excerpt":{"rendered":"<p>Tammiholma Viilu -kalustesarjan tammenv\u00e4rinen allaskaappi kylpyhuoneeseen tai wc-tilaan.&nbsp; VIILU allaskaappi on t\u00e4ysin 100 % vedenkest\u00e4v\u00e4st\u00e4 ja ekologisesta py\u00f6kki-poppelivanerista valmistettu pitk\u00e4ik\u00e4inen kylpyhuonekaluste. Kaksi tilavaa, pehme\u00e4sti sulkeutuvaa vetolaatikkoa tekev\u00e4t arjen s\u00e4ilytyksest\u00e4 sujuvaa \u2013 ja tarvittaessa laatikot irtoavat helposti k\u00e4tev\u00e4n pikalukituksen ansiosta. Leveys 600 mm Korkeus&nbsp;500&nbsp;mm Syvyys 390 mm Levyn kokonaispaksuus 15mm Esiporatut rei\u00e4t vetimille Kuvassa n\u00e4kyv\u00e4 ML39G-600 [&hellip;]<\/p>\n","protected":false},"featured_media":18914,"comment_status":"closed","ping_status":"closed","template":"","meta":[],"product_brand":[],"product_cat":[151,150],"product_tag":[],"class_list":{"0":"post-18913","1":"product","2":"type-product","3":"status-publish","4":"has-post-thumbnail","6":"product_cat-kalusteet","7":"product_cat-kylpyhuone","9":"first","10":"instock","11":"taxable","12":"shipping-taxable","13":"purchasable","14":"product-type-simple"},"_links":{"self":[{"href":"https:\/\/www.ksttukku.fi\/kauppa\/wp-json\/wp\/v2\/product\/18913","targetHints":{"allow":["GET"]}}],"collection":[{"href":"https:\/\/www.ksttukku.fi\/kauppa\/wp-json\/wp\/v2\/product"}],"about":[{"href":"https:\/\/www.ksttukku.fi\/kauppa\/wp-json\/wp\/v2\/types\/product"}],"replies":[{"embeddable":true,"href":"https:\/\/www.ksttukku.fi\/kauppa\/wp-json\/wp\/v2\/comments?post=18913"}],"wp:featuredmedia":[{"embeddable":true,"href":"https:\/\/www.ksttukku.fi\/kauppa\/wp-json\/wp\/v2\/media\/18914"}],"wp:attachment":[{"href":"https:\/\/www.ksttukku.fi\/kauppa\/wp-json\/wp\/v2\/media?parent=18913"}],"wp:term":[{"taxonomy":"product_brand","embeddable":true,"href":"https:\/\/www.ksttukku.fi\/kauppa\/wp-json\/wp\/v2\/product_brand?post=18913"},{"taxonomy":"product_cat","embeddable":true,"href":"https:\/\/www.ksttukku.fi\/kauppa\/wp-json\/wp\/v2\/product_cat?post=18913"},{"taxonomy":"product_tag","embeddable":true,"href":"https:\/\/www.ksttukku.fi\/kauppa\/wp-json\/wp\/v2\/product_tag?post=18913"}],"curies":[{"name":"wp","href":"https:\/\/api.w.org\/{rel}","templated":true}]}}