{"id":18976,"date":"2026-01-28T17:37:05","date_gmt":"2026-01-28T15:37:05","guid":{"rendered":"https:\/\/www.ksttukku.fi\/kauppa\/?post_type=product&#038;p=18976"},"modified":"2026-01-28T17:46:39","modified_gmt":"2026-01-28T15:46:39","slug":"kaarna-chestnut-cream-80-cm-kaytavamatto","status":"publish","type":"product","link":"https:\/\/www.ksttukku.fi\/kauppa\/tuote\/kaarna-chestnut-cream-80-cm-kaytavamatto\/","title":{"rendered":"Kaarna chestnut-cream 80 cm k\u00e4yt\u00e4v\u00e4matto"},"content":{"rendered":"<p>Kaarna k\u00e4yt\u00e4v\u00e4matto on suunniteltu kest\u00e4m\u00e4\u00e4n arjen kulutusta ja samalla lis\u00e4\u00e4m\u00e4\u00e4n tilojen tyylikkyytt\u00e4. Maton 100 % Maclon-polypropyleenista konekudottu rakenne tekee siit\u00e4 erityisen kest\u00e4v\u00e4n ja helppohoitoisen, mink\u00e4 ansiosta se s\u00e4ilyy kauniina pitk\u00e4\u00e4n<\/p>\n<p>Materiaali:&nbsp;100 % Maclon-polypropyleeni<\/p>\n<p>Pohjaus: kumipohja<\/p>\n<p>Suunniteltu Suomessa<\/p>\n<p>Hoito-ohje: Kevyt imurointi ei tamppausta, paikallisten tahrojen poisto kostealla liinalla, vesipesu 30 \u00b0C, tasokuivaus<\/p>\n<p>Sopii lattial\u00e4mmityksen kanssa<\/p>\n<p>Paksuus: 7 mm<\/p>\n","protected":false},"excerpt":{"rendered":"<p>Kaarna k\u00e4yt\u00e4v\u00e4matto on suunniteltu kest\u00e4m\u00e4\u00e4n arjen kulutusta ja samalla lis\u00e4\u00e4m\u00e4\u00e4n tilojen tyylikkyytt\u00e4. Maton 100 % Maclon-polypropyleenista konekudottu rakenne tekee siit\u00e4 erityisen kest\u00e4v\u00e4n ja helppohoitoisen, mink\u00e4 ansiosta se s\u00e4ilyy kauniina pitk\u00e4\u00e4n Materiaali:&nbsp;100 % Maclon-polypropyleeni Pohjaus: kumipohja Suunniteltu Suomessa Hoito-ohje: Kevyt imurointi ei tamppausta, paikallisten tahrojen poisto kostealla liinalla, vesipesu 30 \u00b0C, tasokuivaus Sopii lattial\u00e4mmityksen kanssa Paksuus: [&hellip;]<\/p>\n","protected":false},"featured_media":18978,"comment_status":"closed","ping_status":"closed","template":"","meta":[],"product_brand":[],"product_cat":[498,23],"product_tag":[],"class_list":{"0":"post-18976","1":"product","2":"type-product","3":"status-publish","4":"has-post-thumbnail","6":"product_cat-kaarna","7":"product_cat-kaytava-ja-yleismatot","9":"first","10":"instock","11":"taxable","12":"shipping-taxable","13":"purchasable","14":"product-type-simple"},"_links":{"self":[{"href":"https:\/\/www.ksttukku.fi\/kauppa\/wp-json\/wp\/v2\/product\/18976","targetHints":{"allow":["GET"]}}],"collection":[{"href":"https:\/\/www.ksttukku.fi\/kauppa\/wp-json\/wp\/v2\/product"}],"about":[{"href":"https:\/\/www.ksttukku.fi\/kauppa\/wp-json\/wp\/v2\/types\/product"}],"replies":[{"embeddable":true,"href":"https:\/\/www.ksttukku.fi\/kauppa\/wp-json\/wp\/v2\/comments?post=18976"}],"wp:featuredmedia":[{"embeddable":true,"href":"https:\/\/www.ksttukku.fi\/kauppa\/wp-json\/wp\/v2\/media\/18978"}],"wp:attachment":[{"href":"https:\/\/www.ksttukku.fi\/kauppa\/wp-json\/wp\/v2\/media?parent=18976"}],"wp:term":[{"taxonomy":"product_brand","embeddable":true,"href":"https:\/\/www.ksttukku.fi\/kauppa\/wp-json\/wp\/v2\/product_brand?post=18976"},{"taxonomy":"product_cat","embeddable":true,"href":"https:\/\/www.ksttukku.fi\/kauppa\/wp-json\/wp\/v2\/product_cat?post=18976"},{"taxonomy":"product_tag","embeddable":true,"href":"https:\/\/www.ksttukku.fi\/kauppa\/wp-json\/wp\/v2\/product_tag?post=18976"}],"curies":[{"name":"wp","href":"https:\/\/api.w.org\/{rel}","templated":true}]}}