{"id":19031,"date":"2026-02-07T11:57:21","date_gmt":"2026-02-07T09:57:21","guid":{"rendered":"https:\/\/www.ksttukku.fi\/kauppa\/?post_type=product&#038;p=19031"},"modified":"2026-02-07T11:57:21","modified_gmt":"2026-02-07T09:57:21","slug":"loimu-yleismatto-160-x-230-cm-liukuestepohjaus-harmaa","status":"publish","type":"product","link":"https:\/\/www.ksttukku.fi\/kauppa\/tuote\/loimu-yleismatto-160-x-230-cm-liukuestepohjaus-harmaa\/","title":{"rendered":"Loimu yleismatto 160 x 230 cm liukuestepohjaus harmaa"},"content":{"rendered":"<p>HESTIA\u00ae Loimu \u2013 yleismatto on helppohoitoinen ja p\u00f6ly\u00e4m\u00e4t\u00f6n.<\/p>\n<p>Matto soveltuu my\u00f6s allergiseen kotiin.<\/p>\n<p>Liukuestepohjauksen ansiosta matto pysyy hyvin paikoillaan.<\/p>\n<p>Materiaali polypropeenia, liukuestepohjaus.<\/p>\n<p>V\u00e4ri: harmaa<\/p>\n<p>Hoito-ohje: Imurointi. Laakavesipesu pesulassa 30 \u00b0C, ei voimakasta hankausta. Pesu ja kuivaus vaakatasossa. K\u00e4ytet\u00e4\u00e4n veteen laimennettua pesuainetta ja huuhdellaan kunnolla.<\/p>\n","protected":false},"excerpt":{"rendered":"<p>HESTIA\u00ae Loimu \u2013 yleismatto on helppohoitoinen ja p\u00f6ly\u00e4m\u00e4t\u00f6n. Matto soveltuu my\u00f6s allergiseen kotiin. Liukuestepohjauksen ansiosta matto pysyy hyvin paikoillaan. Materiaali polypropeenia, liukuestepohjaus. V\u00e4ri: harmaa Hoito-ohje: Imurointi. Laakavesipesu pesulassa 30 \u00b0C, ei voimakasta hankausta. Pesu ja kuivaus vaakatasossa. K\u00e4ytet\u00e4\u00e4n veteen laimennettua pesuainetta ja huuhdellaan kunnolla.<\/p>\n","protected":false},"featured_media":19032,"comment_status":"closed","ping_status":"closed","template":"","meta":[],"product_brand":[],"product_cat":[23,22,516],"product_tag":[],"class_list":{"0":"post-19031","1":"product","2":"type-product","3":"status-publish","4":"has-post-thumbnail","6":"product_cat-kaytava-ja-yleismatot","7":"product_cat-matot","8":"product_cat-sileaksi-kudottu-matto","10":"first","11":"instock","12":"taxable","13":"shipping-taxable","14":"purchasable","15":"product-type-simple"},"_links":{"self":[{"href":"https:\/\/www.ksttukku.fi\/kauppa\/wp-json\/wp\/v2\/product\/19031","targetHints":{"allow":["GET"]}}],"collection":[{"href":"https:\/\/www.ksttukku.fi\/kauppa\/wp-json\/wp\/v2\/product"}],"about":[{"href":"https:\/\/www.ksttukku.fi\/kauppa\/wp-json\/wp\/v2\/types\/product"}],"replies":[{"embeddable":true,"href":"https:\/\/www.ksttukku.fi\/kauppa\/wp-json\/wp\/v2\/comments?post=19031"}],"wp:featuredmedia":[{"embeddable":true,"href":"https:\/\/www.ksttukku.fi\/kauppa\/wp-json\/wp\/v2\/media\/19032"}],"wp:attachment":[{"href":"https:\/\/www.ksttukku.fi\/kauppa\/wp-json\/wp\/v2\/media?parent=19031"}],"wp:term":[{"taxonomy":"product_brand","embeddable":true,"href":"https:\/\/www.ksttukku.fi\/kauppa\/wp-json\/wp\/v2\/product_brand?post=19031"},{"taxonomy":"product_cat","embeddable":true,"href":"https:\/\/www.ksttukku.fi\/kauppa\/wp-json\/wp\/v2\/product_cat?post=19031"},{"taxonomy":"product_tag","embeddable":true,"href":"https:\/\/www.ksttukku.fi\/kauppa\/wp-json\/wp\/v2\/product_tag?post=19031"}],"curies":[{"name":"wp","href":"https:\/\/api.w.org\/{rel}","templated":true}]}}