{"id":19044,"date":"2026-02-16T15:22:11","date_gmt":"2026-02-16T13:22:11","guid":{"rendered":"https:\/\/www.ksttukku.fi\/kauppa\/?post_type=product&#038;p=19044"},"modified":"2026-02-16T15:22:11","modified_gmt":"2026-02-16T13:22:11","slug":"kattovalaisin-focuslight-kiira-3-spottinen-valkoinen-kromi","status":"publish","type":"product","link":"https:\/\/www.ksttukku.fi\/kauppa\/tuote\/kattovalaisin-focuslight-kiira-3-spottinen-valkoinen-kromi\/","title":{"rendered":"Kattovalaisin FocusLight KIIRA 3-spottinen valkoinen\/kromi"},"content":{"rendered":"<p>Kiira on tyylik\u00e4s kattovalaisin, joka tarjoaa tasaisen ja miellytt\u00e4v\u00e4n valaistuksen ymp\u00e4rist\u00f6\u00f6n. Valkoisen lasin ja metallin yhdistelm\u00e4 sopii tilaan kuin tilaan.<\/p>\n<p>Kanta: E14 x 3<\/p>\n<p>Koukkukiinnitys<\/p>\n<p>Valaisinpistoke<\/p>\n","protected":false},"excerpt":{"rendered":"<p>Kiira on tyylik\u00e4s kattovalaisin, joka tarjoaa tasaisen ja miellytt\u00e4v\u00e4n valaistuksen ymp\u00e4rist\u00f6\u00f6n. Valkoisen lasin ja metallin yhdistelm\u00e4 sopii tilaan kuin tilaan. Kanta: E14 x 3 Koukkukiinnitys Valaisinpistoke<\/p>\n","protected":false},"featured_media":19046,"comment_status":"closed","ping_status":"closed","template":"","meta":[],"product_brand":[],"product_cat":[40,41,35,34],"product_tag":[],"class_list":{"0":"post-19044","1":"product","2":"type-product","3":"status-publish","4":"has-post-thumbnail","6":"product_cat-kattovalaisimet","7":"product_cat-kohdevalaisimet","8":"product_cat-sisavalaisimet","9":"product_cat-valaisimet","11":"first","12":"instock","13":"taxable","14":"shipping-taxable","15":"purchasable","16":"product-type-simple"},"_links":{"self":[{"href":"https:\/\/www.ksttukku.fi\/kauppa\/wp-json\/wp\/v2\/product\/19044","targetHints":{"allow":["GET"]}}],"collection":[{"href":"https:\/\/www.ksttukku.fi\/kauppa\/wp-json\/wp\/v2\/product"}],"about":[{"href":"https:\/\/www.ksttukku.fi\/kauppa\/wp-json\/wp\/v2\/types\/product"}],"replies":[{"embeddable":true,"href":"https:\/\/www.ksttukku.fi\/kauppa\/wp-json\/wp\/v2\/comments?post=19044"}],"wp:featuredmedia":[{"embeddable":true,"href":"https:\/\/www.ksttukku.fi\/kauppa\/wp-json\/wp\/v2\/media\/19046"}],"wp:attachment":[{"href":"https:\/\/www.ksttukku.fi\/kauppa\/wp-json\/wp\/v2\/media?parent=19044"}],"wp:term":[{"taxonomy":"product_brand","embeddable":true,"href":"https:\/\/www.ksttukku.fi\/kauppa\/wp-json\/wp\/v2\/product_brand?post=19044"},{"taxonomy":"product_cat","embeddable":true,"href":"https:\/\/www.ksttukku.fi\/kauppa\/wp-json\/wp\/v2\/product_cat?post=19044"},{"taxonomy":"product_tag","embeddable":true,"href":"https:\/\/www.ksttukku.fi\/kauppa\/wp-json\/wp\/v2\/product_tag?post=19044"}],"curies":[{"name":"wp","href":"https:\/\/api.w.org\/{rel}","templated":true}]}}