{"id":19122,"date":"2026-02-19T14:30:47","date_gmt":"2026-02-19T12:30:47","guid":{"rendered":"https:\/\/www.ksttukku.fi\/kauppa\/?post_type=product&#038;p=19122"},"modified":"2026-02-19T14:30:47","modified_gmt":"2026-02-19T12:30:47","slug":"verhotanko-nova-120-210-cm-valkoinen","status":"publish","type":"product","link":"https:\/\/www.ksttukku.fi\/kauppa\/tuote\/verhotanko-nova-120-210-cm-valkoinen\/","title":{"rendered":"Verhotanko Nova 120-210 cm valkoinen"},"content":{"rendered":"<p>Selke\u00e4linjainen, s\u00e4\u00e4dett\u00e4v\u00e4 verhotanko on helppo asentaa v\u00e4lille 120-210 cm.<\/p>\n<p>Tangon halkaisija 16\/19mm.<\/p>\n<p>Pakkaus sis\u00e4lt\u00e4\u00e4 tangon, sein\u00e4kiinnikkeet sek\u00e4 p\u00e4\u00e4tynupit.<\/p>\n<p>V\u00e4ri valkoinen.&nbsp;<\/p>\n","protected":false},"excerpt":{"rendered":"<p>Selke\u00e4linjainen, s\u00e4\u00e4dett\u00e4v\u00e4 verhotanko on helppo asentaa v\u00e4lille 120-210 cm. Tangon halkaisija 16\/19mm. Pakkaus sis\u00e4lt\u00e4\u00e4 tangon, sein\u00e4kiinnikkeet sek\u00e4 p\u00e4\u00e4tynupit. V\u00e4ri valkoinen.&nbsp;<\/p>\n","protected":false},"featured_media":19123,"comment_status":"closed","ping_status":"closed","template":"","meta":[],"product_brand":[],"product_cat":[104,481,480],"product_tag":[],"class_list":{"0":"post-19122","1":"product","2":"type-product","3":"status-publish","4":"has-post-thumbnail","6":"product_cat-kaihtimet-ja-verhotangot","7":"product_cat-verhotangot-sisustus-lahjatavarat","8":"product_cat-verhotangot-sisustuslevyt","10":"first","11":"instock","12":"taxable","13":"shipping-taxable","14":"purchasable","15":"product-type-simple"},"_links":{"self":[{"href":"https:\/\/www.ksttukku.fi\/kauppa\/wp-json\/wp\/v2\/product\/19122","targetHints":{"allow":["GET"]}}],"collection":[{"href":"https:\/\/www.ksttukku.fi\/kauppa\/wp-json\/wp\/v2\/product"}],"about":[{"href":"https:\/\/www.ksttukku.fi\/kauppa\/wp-json\/wp\/v2\/types\/product"}],"replies":[{"embeddable":true,"href":"https:\/\/www.ksttukku.fi\/kauppa\/wp-json\/wp\/v2\/comments?post=19122"}],"wp:featuredmedia":[{"embeddable":true,"href":"https:\/\/www.ksttukku.fi\/kauppa\/wp-json\/wp\/v2\/media\/19123"}],"wp:attachment":[{"href":"https:\/\/www.ksttukku.fi\/kauppa\/wp-json\/wp\/v2\/media?parent=19122"}],"wp:term":[{"taxonomy":"product_brand","embeddable":true,"href":"https:\/\/www.ksttukku.fi\/kauppa\/wp-json\/wp\/v2\/product_brand?post=19122"},{"taxonomy":"product_cat","embeddable":true,"href":"https:\/\/www.ksttukku.fi\/kauppa\/wp-json\/wp\/v2\/product_cat?post=19122"},{"taxonomy":"product_tag","embeddable":true,"href":"https:\/\/www.ksttukku.fi\/kauppa\/wp-json\/wp\/v2\/product_tag?post=19122"}],"curies":[{"name":"wp","href":"https:\/\/api.w.org\/{rel}","templated":true}]}}