{"id":19147,"date":"2026-02-21T13:28:37","date_gmt":"2026-02-21T11:28:37","guid":{"rendered":"https:\/\/www.ksttukku.fi\/kauppa\/?post_type=product&#038;p=19147"},"modified":"2026-02-21T13:29:57","modified_gmt":"2026-02-21T11:29:57","slug":"mever-kuivausteleskooppi-100-160-cm","status":"publish","type":"product","link":"https:\/\/www.ksttukku.fi\/kauppa\/tuote\/mever-kuivausteleskooppi-100-160-cm\/","title":{"rendered":"Mever Kuivausteleskooppi 100 &#8211; 160 cm"},"content":{"rendered":"<p>Ter\u00e4srunkoisessa, valkoiseksi maalatussa kuivaustelineess\u00e4 on kuusi pyykkinarua Kuivausteline pingotetaan sein\u00e4st\u00e4 sein\u00e4\u00e4n ja kiristet\u00e4\u00e4n siipiruuvin avulla, joten asentamiseen ei tarvita ty\u00f6kaluja.&nbsp;<\/p>\n","protected":false},"excerpt":{"rendered":"<p>Ter\u00e4srunkoisessa, valkoiseksi maalatussa kuivaustelineess\u00e4 on kuusi pyykkinarua Kuivausteline pingotetaan sein\u00e4st\u00e4 sein\u00e4\u00e4n ja kiristet\u00e4\u00e4n siipiruuvin avulla, joten asentamiseen ei tarvita ty\u00f6kaluja.&nbsp;<\/p>\n","protected":false},"featured_media":19148,"comment_status":"closed","ping_status":"closed","template":"","meta":[],"product_brand":[],"product_cat":[150,360],"product_tag":[],"class_list":{"0":"post-19147","1":"product","2":"type-product","3":"status-publish","4":"has-post-thumbnail","6":"product_cat-kylpyhuone","7":"product_cat-pyyhekoukut-ja-tarvikkeet","9":"first","10":"instock","11":"taxable","12":"shipping-taxable","13":"purchasable","14":"product-type-simple"},"_links":{"self":[{"href":"https:\/\/www.ksttukku.fi\/kauppa\/wp-json\/wp\/v2\/product\/19147","targetHints":{"allow":["GET"]}}],"collection":[{"href":"https:\/\/www.ksttukku.fi\/kauppa\/wp-json\/wp\/v2\/product"}],"about":[{"href":"https:\/\/www.ksttukku.fi\/kauppa\/wp-json\/wp\/v2\/types\/product"}],"replies":[{"embeddable":true,"href":"https:\/\/www.ksttukku.fi\/kauppa\/wp-json\/wp\/v2\/comments?post=19147"}],"wp:featuredmedia":[{"embeddable":true,"href":"https:\/\/www.ksttukku.fi\/kauppa\/wp-json\/wp\/v2\/media\/19148"}],"wp:attachment":[{"href":"https:\/\/www.ksttukku.fi\/kauppa\/wp-json\/wp\/v2\/media?parent=19147"}],"wp:term":[{"taxonomy":"product_brand","embeddable":true,"href":"https:\/\/www.ksttukku.fi\/kauppa\/wp-json\/wp\/v2\/product_brand?post=19147"},{"taxonomy":"product_cat","embeddable":true,"href":"https:\/\/www.ksttukku.fi\/kauppa\/wp-json\/wp\/v2\/product_cat?post=19147"},{"taxonomy":"product_tag","embeddable":true,"href":"https:\/\/www.ksttukku.fi\/kauppa\/wp-json\/wp\/v2\/product_tag?post=19147"}],"curies":[{"name":"wp","href":"https:\/\/api.w.org\/{rel}","templated":true}]}}