{"id":19179,"date":"2026-02-24T17:46:45","date_gmt":"2026-02-24T15:46:45","guid":{"rendered":"https:\/\/www.ksttukku.fi\/kauppa\/?post_type=product&#038;p=19179"},"modified":"2026-02-24T17:47:35","modified_gmt":"2026-02-24T15:47:35","slug":"istuinpehmuste-svanefors-40x40cm-harmaa","status":"publish","type":"product","link":"https:\/\/www.ksttukku.fi\/kauppa\/tuote\/istuinpehmuste-svanefors-40x40cm-harmaa\/","title":{"rendered":"Istuinpehmuste Svanefors, 40x40cm, harmaa"},"content":{"rendered":"<p>Muhkea ja hyvin kuosissaan pysyv\u00e4 istuinpehmuste<\/p>\n<p>istuinpehmusteen p\u00e4\u00e4llinen pehme\u00e4\u00e4 puuvillakangasta.<\/p>\n<p>Pehmusteessa on koristeompeleet ja polyesterit\u00e4yte.<\/p>\n<p>6 cm paksu<\/p>\n<p>&nbsp;Koko 40 x 40 cm<\/p>\n","protected":false},"excerpt":{"rendered":"<p>Muhkea ja hyvin kuosissaan pysyv\u00e4 istuinpehmuste istuinpehmusteen p\u00e4\u00e4llinen pehme\u00e4\u00e4 puuvillakangasta. Pehmusteessa on koristeompeleet ja polyesterit\u00e4yte. 6 cm paksu &nbsp;Koko 40 x 40 cm<\/p>\n","protected":false},"featured_media":19180,"comment_status":"closed","ping_status":"closed","template":"","meta":[],"product_brand":[],"product_cat":[491,377],"product_tag":[],"class_list":{"0":"post-19179","1":"product","2":"type-product","3":"status-publish","4":"has-post-thumbnail","6":"product_cat-kodin-sisustustuotteet","7":"product_cat-sisustus-lahjatavarat","9":"first","10":"instock","11":"taxable","12":"shipping-taxable","13":"purchasable","14":"product-type-simple"},"_links":{"self":[{"href":"https:\/\/www.ksttukku.fi\/kauppa\/wp-json\/wp\/v2\/product\/19179","targetHints":{"allow":["GET"]}}],"collection":[{"href":"https:\/\/www.ksttukku.fi\/kauppa\/wp-json\/wp\/v2\/product"}],"about":[{"href":"https:\/\/www.ksttukku.fi\/kauppa\/wp-json\/wp\/v2\/types\/product"}],"replies":[{"embeddable":true,"href":"https:\/\/www.ksttukku.fi\/kauppa\/wp-json\/wp\/v2\/comments?post=19179"}],"wp:featuredmedia":[{"embeddable":true,"href":"https:\/\/www.ksttukku.fi\/kauppa\/wp-json\/wp\/v2\/media\/19180"}],"wp:attachment":[{"href":"https:\/\/www.ksttukku.fi\/kauppa\/wp-json\/wp\/v2\/media?parent=19179"}],"wp:term":[{"taxonomy":"product_brand","embeddable":true,"href":"https:\/\/www.ksttukku.fi\/kauppa\/wp-json\/wp\/v2\/product_brand?post=19179"},{"taxonomy":"product_cat","embeddable":true,"href":"https:\/\/www.ksttukku.fi\/kauppa\/wp-json\/wp\/v2\/product_cat?post=19179"},{"taxonomy":"product_tag","embeddable":true,"href":"https:\/\/www.ksttukku.fi\/kauppa\/wp-json\/wp\/v2\/product_tag?post=19179"}],"curies":[{"name":"wp","href":"https:\/\/api.w.org\/{rel}","templated":true}]}}