{"id":19190,"date":"2026-02-27T16:07:34","date_gmt":"2026-02-27T14:07:34","guid":{"rendered":"https:\/\/www.ksttukku.fi\/kauppa\/?post_type=product&#038;p=19190"},"modified":"2026-02-27T16:08:44","modified_gmt":"2026-02-27T14:08:44","slug":"rotunda-kattovalaisin-24-w-2500-lm","status":"publish","type":"product","link":"https:\/\/www.ksttukku.fi\/kauppa\/tuote\/rotunda-kattovalaisin-24-w-2500-lm\/","title":{"rendered":"Rotunda kattovalaisin 24 W 2500 Lm"},"content":{"rendered":"<p>ROTUNDA-kattovalaisin tekee vaikutuksen minimalistisella, hillityll\u00e4 muotoilullaan <\/p>\n<p>Kirkkautta ett\u00e4 valon v\u00e4ri\u00e4 voidaan s\u00e4\u00e4t\u00e4\u00e4 k\u00e4tev\u00e4sti kaukos\u00e4\u00e4timell\u00e4.<\/p>\n<p>Vaihtoehtoisesti kirkkautta voidaan s\u00e4\u00e4t\u00e4\u00e4 helposti kolmessa vaiheessa olemassa olevan valokytkimen avulla.<\/p>\n<p>Integroitu muistitoiminto tallentaa viimeksi valitun asetuksen ja varmistaa t\u00e4ydellisen valon aina.<\/p>\n<p>Valonv\u00e4ri: 2700 &#8211; 6500 K<br \/>\nV\u00e4ri: valkoinen<\/p>\n<p>Materiaali: muovi<\/p>\n<p>Halkaisija: 38 cm<\/p>\n<p>Korkeus: 10,5 cm<\/p>\n","protected":false},"excerpt":{"rendered":"<p>ROTUNDA-kattovalaisin tekee vaikutuksen minimalistisella, hillityll\u00e4 muotoilullaan Kirkkautta ett\u00e4 valon v\u00e4ri\u00e4 voidaan s\u00e4\u00e4t\u00e4\u00e4 k\u00e4tev\u00e4sti kaukos\u00e4\u00e4timell\u00e4. Vaihtoehtoisesti kirkkautta voidaan s\u00e4\u00e4t\u00e4\u00e4 helposti kolmessa vaiheessa olemassa olevan valokytkimen avulla. Integroitu muistitoiminto tallentaa viimeksi valitun asetuksen ja varmistaa t\u00e4ydellisen valon aina. Valonv\u00e4ri: 2700 &#8211; 6500 K V\u00e4ri: valkoinen Materiaali: muovi Halkaisija: 38 cm Korkeus: 10,5 cm<\/p>\n","protected":false},"featured_media":19191,"comment_status":"closed","ping_status":"closed","template":"","meta":[],"product_brand":[],"product_cat":[174,35,34],"product_tag":[],"class_list":{"0":"post-19190","1":"product","2":"type-product","3":"status-publish","4":"has-post-thumbnail","6":"product_cat-riippuvalaisimet-ulkovalaisimet","7":"product_cat-sisavalaisimet","8":"product_cat-valaisimet","10":"first","11":"instock","12":"taxable","13":"shipping-taxable","14":"purchasable","15":"product-type-simple"},"_links":{"self":[{"href":"https:\/\/www.ksttukku.fi\/kauppa\/wp-json\/wp\/v2\/product\/19190","targetHints":{"allow":["GET"]}}],"collection":[{"href":"https:\/\/www.ksttukku.fi\/kauppa\/wp-json\/wp\/v2\/product"}],"about":[{"href":"https:\/\/www.ksttukku.fi\/kauppa\/wp-json\/wp\/v2\/types\/product"}],"replies":[{"embeddable":true,"href":"https:\/\/www.ksttukku.fi\/kauppa\/wp-json\/wp\/v2\/comments?post=19190"}],"wp:featuredmedia":[{"embeddable":true,"href":"https:\/\/www.ksttukku.fi\/kauppa\/wp-json\/wp\/v2\/media\/19191"}],"wp:attachment":[{"href":"https:\/\/www.ksttukku.fi\/kauppa\/wp-json\/wp\/v2\/media?parent=19190"}],"wp:term":[{"taxonomy":"product_brand","embeddable":true,"href":"https:\/\/www.ksttukku.fi\/kauppa\/wp-json\/wp\/v2\/product_brand?post=19190"},{"taxonomy":"product_cat","embeddable":true,"href":"https:\/\/www.ksttukku.fi\/kauppa\/wp-json\/wp\/v2\/product_cat?post=19190"},{"taxonomy":"product_tag","embeddable":true,"href":"https:\/\/www.ksttukku.fi\/kauppa\/wp-json\/wp\/v2\/product_tag?post=19190"}],"curies":[{"name":"wp","href":"https:\/\/api.w.org\/{rel}","templated":true}]}}