{"id":19291,"date":"2026-03-07T14:38:59","date_gmt":"2026-03-07T12:38:59","guid":{"rendered":"https:\/\/www.ksttukku.fi\/kauppa\/?post_type=product&#038;p=19291"},"modified":"2026-03-07T14:39:00","modified_gmt":"2026-03-07T12:39:00","slug":"led-nauha-5-m-rgb-aaniohjattava","status":"publish","type":"product","link":"https:\/\/www.ksttukku.fi\/kauppa\/tuote\/led-nauha-5-m-rgb-aaniohjattava\/","title":{"rendered":"LED-nauha 5 m RGB \u00e4\u00e4niohjattava"},"content":{"rendered":"<p>Finnlumor LED-nauha 5 m RGB toimii sek\u00e4 kaukos\u00e4\u00e4timell\u00e4, ett\u00e4 sovelluksen avulla \u00e4\u00e4niohjaamalla. LED-nauhan avulla luot helposti tunnelmavalaistuksia ja ep\u00e4suoraa valoa sisustukseen.<\/p>\n<p>Valittavanasi on eri v\u00e4rej\u00e4 ja v\u00e4ril\u00e4mp\u00f6tiloja sek\u00e4 erityyppisi\u00e4 v\u00e4riyhdistelmi\u00e4.&nbsp;<\/p>\n<p>Nauha on helppo asentaa puhtaalle pinnalle siin\u00e4 olevan liimapinnan avulla.<\/p>\n<p>Musiikkitilan avulla saat halutessasi nauhan seuraamaan soivan musiikin rytmi\u00e4.&nbsp;<\/p>\n<p>Bluetooth-ohjaus<\/p>\n<p>K\u00e4ytt\u00f6ohjeissa ohjeet sovelluksen lataamiseen ja k\u00e4ytt\u00f6\u00f6n.<\/p>\n<p>nauhan teho 12W, nauhan valoteho 550 lm. Liit\u00e4nt\u00e4johto 3 m.&nbsp;<\/p>\n<p>Pistorasiamuuntaja<\/p>\n<p>Soveltuu sis\u00e4- ja ulkok\u00e4ytt\u00f6\u00f6n.&nbsp;<\/p>\n<p>Materiaali: muovi, kupari&nbsp;<\/p>\n","protected":false},"excerpt":{"rendered":"<p>Finnlumor LED-nauha 5 m RGB toimii sek\u00e4 kaukos\u00e4\u00e4timell\u00e4, ett\u00e4 sovelluksen avulla \u00e4\u00e4niohjaamalla. LED-nauhan avulla luot helposti tunnelmavalaistuksia ja ep\u00e4suoraa valoa sisustukseen. Valittavanasi on eri v\u00e4rej\u00e4 ja v\u00e4ril\u00e4mp\u00f6tiloja sek\u00e4 erityyppisi\u00e4 v\u00e4riyhdistelmi\u00e4.&nbsp; Nauha on helppo asentaa puhtaalle pinnalle siin\u00e4 olevan liimapinnan avulla. Musiikkitilan avulla saat halutessasi nauhan seuraamaan soivan musiikin rytmi\u00e4.&nbsp; Bluetooth-ohjaus K\u00e4ytt\u00f6ohjeissa ohjeet sovelluksen lataamiseen ja [&hellip;]<\/p>\n","protected":false},"featured_media":19293,"comment_status":"closed","ping_status":"closed","template":"","meta":[],"product_brand":[],"product_cat":[35,36,34,45],"product_tag":[],"class_list":{"0":"post-19291","1":"product","2":"type-product","3":"status-publish","4":"has-post-thumbnail","6":"product_cat-sisavalaisimet","7":"product_cat-ulkovalaisimet","8":"product_cat-valaisimet","9":"product_cat-valonauhat","11":"first","12":"instock","13":"taxable","14":"shipping-taxable","15":"purchasable","16":"product-type-simple"},"_links":{"self":[{"href":"https:\/\/www.ksttukku.fi\/kauppa\/wp-json\/wp\/v2\/product\/19291","targetHints":{"allow":["GET"]}}],"collection":[{"href":"https:\/\/www.ksttukku.fi\/kauppa\/wp-json\/wp\/v2\/product"}],"about":[{"href":"https:\/\/www.ksttukku.fi\/kauppa\/wp-json\/wp\/v2\/types\/product"}],"replies":[{"embeddable":true,"href":"https:\/\/www.ksttukku.fi\/kauppa\/wp-json\/wp\/v2\/comments?post=19291"}],"wp:featuredmedia":[{"embeddable":true,"href":"https:\/\/www.ksttukku.fi\/kauppa\/wp-json\/wp\/v2\/media\/19293"}],"wp:attachment":[{"href":"https:\/\/www.ksttukku.fi\/kauppa\/wp-json\/wp\/v2\/media?parent=19291"}],"wp:term":[{"taxonomy":"product_brand","embeddable":true,"href":"https:\/\/www.ksttukku.fi\/kauppa\/wp-json\/wp\/v2\/product_brand?post=19291"},{"taxonomy":"product_cat","embeddable":true,"href":"https:\/\/www.ksttukku.fi\/kauppa\/wp-json\/wp\/v2\/product_cat?post=19291"},{"taxonomy":"product_tag","embeddable":true,"href":"https:\/\/www.ksttukku.fi\/kauppa\/wp-json\/wp\/v2\/product_tag?post=19291"}],"curies":[{"name":"wp","href":"https:\/\/api.w.org\/{rel}","templated":true}]}}