{"id":19642,"date":"2026-05-04T15:35:35","date_gmt":"2026-05-04T12:35:35","guid":{"rendered":"https:\/\/www.ksttukku.fi\/kauppa\/?post_type=product&#038;p=19642"},"modified":"2026-05-04T15:35:44","modified_gmt":"2026-05-04T12:35:44","slug":"shelly-koristevalaisin-pinkki-rgb","status":"publish","type":"product","link":"https:\/\/www.ksttukku.fi\/kauppa\/tuote\/shelly-koristevalaisin-pinkki-rgb\/","title":{"rendered":"SHELLY-koristevalaisin pinkki RGB"},"content":{"rendered":"<p>Shelly-p\u00f6yt\u00e4valaisin on simpukanmuotoinen koristevalaisin RGB-toiminnolla<\/p>\n<p>Taianomaisesti muotoiltu kuori on kiilt\u00e4v\u00e4n vaaleanpunainen, mik\u00e4 parantaa helmen kimallusta ja hehkua.<\/p>\n<p>USB-liit\u00e4nt\u00e4<\/p>\n<p>Materiaali: muovi<\/p>\n<p>Valoteho: 15 lm<\/p>\n<p>Leveys: 17,5 cm<\/p>\n<p>Korkeus: 14,5 cm<\/p>\n","protected":false},"excerpt":{"rendered":"<p>Shelly-p\u00f6yt\u00e4valaisin on simpukanmuotoinen koristevalaisin RGB-toiminnolla Taianomaisesti muotoiltu kuori on kiilt\u00e4v\u00e4n vaaleanpunainen, mik\u00e4 parantaa helmen kimallusta ja hehkua. USB-liit\u00e4nt\u00e4 Materiaali: muovi Valoteho: 15 lm Leveys: 17,5 cm Korkeus: 14,5 cm<\/p>\n","protected":false},"featured_media":19650,"comment_status":"closed","ping_status":"closed","template":"","meta":[],"product_brand":[],"product_cat":[199,200,44,35,34],"product_tag":[],"class_list":{"0":"post-19642","1":"product","2":"type-product","3":"status-publish","4":"has-post-thumbnail","6":"product_cat-koristevalot","7":"product_cat-lastenhuoneen-valaisimet","8":"product_cat-poytavalaisimet","9":"product_cat-sisavalaisimet","10":"product_cat-valaisimet","12":"first","13":"instock","14":"taxable","15":"shipping-taxable","16":"purchasable","17":"product-type-simple"},"_links":{"self":[{"href":"https:\/\/www.ksttukku.fi\/kauppa\/wp-json\/wp\/v2\/product\/19642","targetHints":{"allow":["GET"]}}],"collection":[{"href":"https:\/\/www.ksttukku.fi\/kauppa\/wp-json\/wp\/v2\/product"}],"about":[{"href":"https:\/\/www.ksttukku.fi\/kauppa\/wp-json\/wp\/v2\/types\/product"}],"replies":[{"embeddable":true,"href":"https:\/\/www.ksttukku.fi\/kauppa\/wp-json\/wp\/v2\/comments?post=19642"}],"wp:featuredmedia":[{"embeddable":true,"href":"https:\/\/www.ksttukku.fi\/kauppa\/wp-json\/wp\/v2\/media\/19650"}],"wp:attachment":[{"href":"https:\/\/www.ksttukku.fi\/kauppa\/wp-json\/wp\/v2\/media?parent=19642"}],"wp:term":[{"taxonomy":"product_brand","embeddable":true,"href":"https:\/\/www.ksttukku.fi\/kauppa\/wp-json\/wp\/v2\/product_brand?post=19642"},{"taxonomy":"product_cat","embeddable":true,"href":"https:\/\/www.ksttukku.fi\/kauppa\/wp-json\/wp\/v2\/product_cat?post=19642"},{"taxonomy":"product_tag","embeddable":true,"href":"https:\/\/www.ksttukku.fi\/kauppa\/wp-json\/wp\/v2\/product_tag?post=19642"}],"curies":[{"name":"wp","href":"https:\/\/api.w.org\/{rel}","templated":true}]}}