{"id":2027,"date":"2018-09-05T15:34:39","date_gmt":"2018-09-05T12:34:39","guid":{"rendered":"http:\/\/www.ksttukku.fi\/kauppa\/?post_type=product&#038;p=2027"},"modified":"2019-05-27T18:48:18","modified_gmt":"2019-05-27T15:48:18","slug":"taika-grey-sugar","status":"publish","type":"product","link":"https:\/\/www.ksttukku.fi\/kauppa\/tuote\/taika-grey-sugar\/","title":{"rendered":"Taika grey\/sugar"},"content":{"rendered":"<p>Hauskasti eri kuoseja yhdistelev\u00e4 malli antaa perinteiselle bukleematolle nykyaikaisen ilmeen. Maton neutraalit s\u00e4vyt sopivat moneen sisustukseen. Helppohoitoinen ja p\u00f6ly\u00e4m\u00e4t\u00f6n materiaali soveltuu kaikkiin kodin tiloihin &#8211; kokeile esimerkiksi keitti\u00f6\u00f6n perinteisen r\u00e4symaton tilalle. Matossa on vahva, liukumaton pohja.<br \/>\nHoitona s\u00e4\u00e4nn\u00f6llinen imurointi ja tuuletus. Vesipest\u00e4v\u00e4.<br \/>\nMateriaali: 100% polypropeenia<\/p>\n","protected":false},"excerpt":{"rendered":"<p>Hauskasti eri kuoseja yhdistelev\u00e4 malli antaa perinteiselle bukleematolle nykyaikaisen ilmeen. Maton neutraalit s\u00e4vyt sopivat moneen sisustukseen. Helppohoitoinen ja p\u00f6ly\u00e4m\u00e4t\u00f6n materiaali soveltuu kaikkiin kodin tiloihin &#8211; kokeile esimerkiksi keitti\u00f6\u00f6n perinteisen r\u00e4symaton tilalle. Matossa on vahva, liukumaton pohja. Hoitona s\u00e4\u00e4nn\u00f6llinen imurointi ja tuuletus. Vesipest\u00e4v\u00e4. Materiaali: 100% polypropeenia<\/p>\n","protected":false},"featured_media":2030,"comment_status":"closed","ping_status":"closed","template":"","meta":[],"product_brand":[],"product_cat":[23,22,182],"product_tag":[],"class_list":{"0":"post-2027","1":"product","2":"type-product","3":"status-publish","4":"has-post-thumbnail","6":"product_cat-kaytava-ja-yleismatot","7":"product_cat-matot","8":"product_cat-taika","10":"first","11":"outofstock","12":"taxable","13":"shipping-taxable","14":"purchasable","15":"product-type-variable"},"_links":{"self":[{"href":"https:\/\/www.ksttukku.fi\/kauppa\/wp-json\/wp\/v2\/product\/2027","targetHints":{"allow":["GET"]}}],"collection":[{"href":"https:\/\/www.ksttukku.fi\/kauppa\/wp-json\/wp\/v2\/product"}],"about":[{"href":"https:\/\/www.ksttukku.fi\/kauppa\/wp-json\/wp\/v2\/types\/product"}],"replies":[{"embeddable":true,"href":"https:\/\/www.ksttukku.fi\/kauppa\/wp-json\/wp\/v2\/comments?post=2027"}],"wp:featuredmedia":[{"embeddable":true,"href":"https:\/\/www.ksttukku.fi\/kauppa\/wp-json\/wp\/v2\/media\/2030"}],"wp:attachment":[{"href":"https:\/\/www.ksttukku.fi\/kauppa\/wp-json\/wp\/v2\/media?parent=2027"}],"wp:term":[{"taxonomy":"product_brand","embeddable":true,"href":"https:\/\/www.ksttukku.fi\/kauppa\/wp-json\/wp\/v2\/product_brand?post=2027"},{"taxonomy":"product_cat","embeddable":true,"href":"https:\/\/www.ksttukku.fi\/kauppa\/wp-json\/wp\/v2\/product_cat?post=2027"},{"taxonomy":"product_tag","embeddable":true,"href":"https:\/\/www.ksttukku.fi\/kauppa\/wp-json\/wp\/v2\/product_tag?post=2027"}],"curies":[{"name":"wp","href":"https:\/\/api.w.org\/{rel}","templated":true}]}}