{"id":2123,"date":"2018-10-03T18:21:28","date_gmt":"2018-10-03T15:21:28","guid":{"rendered":"http:\/\/www.ksttukku.fi\/kauppa\/?post_type=product&#038;p=2123"},"modified":"2018-10-03T18:21:28","modified_gmt":"2018-10-03T15:21:28","slug":"tubular-led-e27-75w-806lm-4000k","status":"publish","type":"product","link":"https:\/\/www.ksttukku.fi\/kauppa\/tuote\/tubular-led-e27-75w-806lm-4000k\/","title":{"rendered":"Tubular led E27 7,5W 806lm 4000K"},"content":{"rendered":"<p>Tubular ledin kupu on malliltaan erityisen kapea ja soveltuu siksi valaisimiin, joihin tavallinen vakiokupuinen lamppu ei mahdu.<\/p>\n<p>Teho: 7,5 W<\/p>\n<p>Valovirta: 806 lm<\/p>\n<p>Mitat:\u00a0\u220538 x 126 (mm)<\/p>\n<p>V\u00e4ril\u00e4mp\u00f6tila: 4000 K<\/p>\n<p>K\u00e4ytt\u00f6aika: 15000 h<\/p>\n","protected":false},"excerpt":{"rendered":"<p>Tubular ledin kupu on malliltaan erityisen kapea ja soveltuu siksi valaisimiin, joihin tavallinen vakiokupuinen lamppu ei mahdu. Teho: 7,5 W Valovirta: 806 lm Mitat:\u00a0\u220538 x 126 (mm) V\u00e4ril\u00e4mp\u00f6tila: 4000 K K\u00e4ytt\u00f6aika: 15000 h<\/p>\n","protected":false},"featured_media":2124,"comment_status":"closed","ping_status":"closed","template":"","meta":[],"product_brand":[],"product_cat":[185,189,34],"product_tag":[],"class_list":{"0":"post-2123","1":"product","2":"type-product","3":"status-publish","4":"has-post-thumbnail","6":"product_cat-lamput","7":"product_cat-muut-ledlamput","8":"product_cat-valaisimet","10":"first","11":"instock","12":"taxable","13":"shipping-taxable","14":"purchasable","15":"product-type-simple"},"_links":{"self":[{"href":"https:\/\/www.ksttukku.fi\/kauppa\/wp-json\/wp\/v2\/product\/2123","targetHints":{"allow":["GET"]}}],"collection":[{"href":"https:\/\/www.ksttukku.fi\/kauppa\/wp-json\/wp\/v2\/product"}],"about":[{"href":"https:\/\/www.ksttukku.fi\/kauppa\/wp-json\/wp\/v2\/types\/product"}],"replies":[{"embeddable":true,"href":"https:\/\/www.ksttukku.fi\/kauppa\/wp-json\/wp\/v2\/comments?post=2123"}],"wp:featuredmedia":[{"embeddable":true,"href":"https:\/\/www.ksttukku.fi\/kauppa\/wp-json\/wp\/v2\/media\/2124"}],"wp:attachment":[{"href":"https:\/\/www.ksttukku.fi\/kauppa\/wp-json\/wp\/v2\/media?parent=2123"}],"wp:term":[{"taxonomy":"product_brand","embeddable":true,"href":"https:\/\/www.ksttukku.fi\/kauppa\/wp-json\/wp\/v2\/product_brand?post=2123"},{"taxonomy":"product_cat","embeddable":true,"href":"https:\/\/www.ksttukku.fi\/kauppa\/wp-json\/wp\/v2\/product_cat?post=2123"},{"taxonomy":"product_tag","embeddable":true,"href":"https:\/\/www.ksttukku.fi\/kauppa\/wp-json\/wp\/v2\/product_tag?post=2123"}],"curies":[{"name":"wp","href":"https:\/\/api.w.org\/{rel}","templated":true}]}}