{"id":2483,"date":"2019-01-09T15:37:27","date_gmt":"2019-01-09T13:37:27","guid":{"rendered":"http:\/\/www.ksttukku.fi\/kauppa\/?post_type=product&#038;p=2483"},"modified":"2022-10-17T18:39:25","modified_gmt":"2022-10-17T15:39:25","slug":"syottokaapeli-rigel","status":"publish","type":"product","link":"https:\/\/www.ksttukku.fi\/kauppa\/tuote\/syottokaapeli-rigel\/","title":{"rendered":"Sy\u00f6tt\u00f6kaapeli Rigel"},"content":{"rendered":"<p>Tarvikesarja, jolla sek\u00e4 sy\u00f6tet\u00e4\u00e4n virta katkaistulle RIgel II -nauhalle, ett\u00e4 tulpataan nauhan toinen leikattu p\u00e4\u00e4ty.<br \/>\nSis\u00e4lt\u00e4\u00e4 1,5m schucko pistokkeellisen kaapelin, v\u00e4linastan, p\u00e4\u00e4tetulpan sek\u00e4 kaksi kutistesukkaa.<\/p>\n","protected":false},"excerpt":{"rendered":"<p>Tarvikesarja, jolla sek\u00e4 sy\u00f6tet\u00e4\u00e4n virta katkaistulle RIgel II -nauhalle, ett\u00e4 tulpataan nauhan toinen leikattu p\u00e4\u00e4ty. Sis\u00e4lt\u00e4\u00e4 1,5m schucko pistokkeellisen kaapelin, v\u00e4linastan, p\u00e4\u00e4tetulpan sek\u00e4 kaksi kutistesukkaa.<\/p>\n","protected":false},"featured_media":2484,"comment_status":"closed","ping_status":"closed","template":"","meta":[],"product_brand":[],"product_cat":[45],"product_tag":[],"class_list":{"0":"post-2483","1":"product","2":"type-product","3":"status-publish","4":"has-post-thumbnail","6":"product_cat-valonauhat","8":"first","9":"instock","10":"taxable","11":"shipping-taxable","12":"purchasable","13":"product-type-simple"},"_links":{"self":[{"href":"https:\/\/www.ksttukku.fi\/kauppa\/wp-json\/wp\/v2\/product\/2483","targetHints":{"allow":["GET"]}}],"collection":[{"href":"https:\/\/www.ksttukku.fi\/kauppa\/wp-json\/wp\/v2\/product"}],"about":[{"href":"https:\/\/www.ksttukku.fi\/kauppa\/wp-json\/wp\/v2\/types\/product"}],"replies":[{"embeddable":true,"href":"https:\/\/www.ksttukku.fi\/kauppa\/wp-json\/wp\/v2\/comments?post=2483"}],"wp:featuredmedia":[{"embeddable":true,"href":"https:\/\/www.ksttukku.fi\/kauppa\/wp-json\/wp\/v2\/media\/2484"}],"wp:attachment":[{"href":"https:\/\/www.ksttukku.fi\/kauppa\/wp-json\/wp\/v2\/media?parent=2483"}],"wp:term":[{"taxonomy":"product_brand","embeddable":true,"href":"https:\/\/www.ksttukku.fi\/kauppa\/wp-json\/wp\/v2\/product_brand?post=2483"},{"taxonomy":"product_cat","embeddable":true,"href":"https:\/\/www.ksttukku.fi\/kauppa\/wp-json\/wp\/v2\/product_cat?post=2483"},{"taxonomy":"product_tag","embeddable":true,"href":"https:\/\/www.ksttukku.fi\/kauppa\/wp-json\/wp\/v2\/product_tag?post=2483"}],"curies":[{"name":"wp","href":"https:\/\/api.w.org\/{rel}","templated":true}]}}