{"id":2719,"date":"2019-03-14T17:24:42","date_gmt":"2019-03-14T15:24:42","guid":{"rendered":"http:\/\/www.ksttukku.fi\/kauppa\/?post_type=product&#038;p=2719"},"modified":"2023-05-12T13:30:12","modified_gmt":"2023-05-12T10:30:12","slug":"akkuepakeskohiomakone-te-rs-18-li-solo","status":"publish","type":"product","link":"https:\/\/www.ksttukku.fi\/kauppa\/tuote\/akkuepakeskohiomakone-te-rs-18-li-solo\/","title":{"rendered":"Akkuep\u00e4keskohiomakone TE-RS 18 Li-Solo"},"content":{"rendered":"<p>Ty\u00f6skentely on turvallista ja mukavaa pehmustetun kahvan ansiosta. Hiomapaperi kiinnittyy tarralla tukevasti. Jotta ty\u00f6piste pysyy puhtaana, koneessa on integroituna p\u00f6lynpoisto p\u00f6lypussiin, mutta kone on mahdollista liitt\u00e4\u00e4 my\u00f6s imuriin. Vakiovarustukseen sis\u00e4ltyy hiomapaperi karkeus 80. Hiomalaikan halkaisija 125 mm.<br \/>\nT\u00e4m\u00e4 ep\u00e4keskohiomakone on Einhell Power X-Change akkutuoteperheen j\u00e4sen, joten kaikki tuoteperheen uuden litiumioniteknologian akut k\u00e4yv\u00e4t laitteeseen. Akku ja latauslaite siis saatavana erikseen.<br \/>\nOminaisuudet:<br \/>\nElektroninen kierrosnopeudens\u00e4\u00e4t\u00f6<br \/>\nPehmustettu kahva<br \/>\nHiomapaperin kiinnitys tarralla<br \/>\nPoistoimuliit\u00e4nn\u00e4t sek\u00e4 p\u00f6lypussiin ett\u00e4 ulkoiseen p\u00f6lynpoistolaitteeseen<br \/>\nHiomapaperi 1 kpl, karkeus 80<br \/>\nToimitus ilman akkua ja latauslaitetta<br \/>\nEinhell Power X-Change akkutuoteperheeseen kuuluva kone<br \/>\nTekniset tiedot:<br \/>\nV\u00e4r\u00e4htelyluku 14000 &#8211; 22000 min-1<br \/>\nV\u00e4r\u00e4htelyliikkeen \u00d8 2 mm<br \/>\nHiomalaikan halkaisija 125 mm<br \/>\nHiomapaperin halkaisija 125 mm<br \/>\nJoutok\u00e4yntikierrokset 7000 &#8211; 11000 min-1<\/p>\n","protected":false},"excerpt":{"rendered":"<p>Akkuk\u00e4ytt\u00f6ist\u00e4 ep\u00e4keskohiomakonetta Einhell TE-RS 18 Li Soloa voit k\u00e4ytt\u00e4\u00e4 kaikkialla joustavasti ilman johtoja. Elektronisen kierrosnopeuss\u00e4\u00e4d\u00f6n ansiosta kone mukautuu hyvin erilaisiin hiontakohteisiin ja -materiaaleihin.<\/p>\n","protected":false},"featured_media":2720,"comment_status":"closed","ping_status":"closed","template":"","meta":[],"product_brand":[],"product_cat":[208],"product_tag":[],"class_list":{"0":"post-2719","1":"product","2":"type-product","3":"status-publish","4":"has-post-thumbnail","6":"product_cat-akkutyokalut","8":"first","9":"outofstock","10":"taxable","11":"shipping-taxable","12":"purchasable","13":"product-type-simple"},"_links":{"self":[{"href":"https:\/\/www.ksttukku.fi\/kauppa\/wp-json\/wp\/v2\/product\/2719","targetHints":{"allow":["GET"]}}],"collection":[{"href":"https:\/\/www.ksttukku.fi\/kauppa\/wp-json\/wp\/v2\/product"}],"about":[{"href":"https:\/\/www.ksttukku.fi\/kauppa\/wp-json\/wp\/v2\/types\/product"}],"replies":[{"embeddable":true,"href":"https:\/\/www.ksttukku.fi\/kauppa\/wp-json\/wp\/v2\/comments?post=2719"}],"wp:featuredmedia":[{"embeddable":true,"href":"https:\/\/www.ksttukku.fi\/kauppa\/wp-json\/wp\/v2\/media\/2720"}],"wp:attachment":[{"href":"https:\/\/www.ksttukku.fi\/kauppa\/wp-json\/wp\/v2\/media?parent=2719"}],"wp:term":[{"taxonomy":"product_brand","embeddable":true,"href":"https:\/\/www.ksttukku.fi\/kauppa\/wp-json\/wp\/v2\/product_brand?post=2719"},{"taxonomy":"product_cat","embeddable":true,"href":"https:\/\/www.ksttukku.fi\/kauppa\/wp-json\/wp\/v2\/product_cat?post=2719"},{"taxonomy":"product_tag","embeddable":true,"href":"https:\/\/www.ksttukku.fi\/kauppa\/wp-json\/wp\/v2\/product_tag?post=2719"}],"curies":[{"name":"wp","href":"https:\/\/api.w.org\/{rel}","templated":true}]}}