{"id":2721,"date":"2019-03-14T17:36:29","date_gmt":"2019-03-14T15:36:29","guid":{"rendered":"http:\/\/www.ksttukku.fi\/kauppa\/?post_type=product&#038;p=2721"},"modified":"2024-05-06T14:53:15","modified_gmt":"2024-05-06T11:53:15","slug":"akkuhiomahiiri-te-os-18-1-li-solo","status":"publish","type":"product","link":"https:\/\/www.ksttukku.fi\/kauppa\/tuote\/akkuhiomahiiri-te-os-18-1-li-solo\/","title":{"rendered":"Akkuhiomahiiri TE-OS 18\/1 Li Solo"},"content":{"rendered":"<p>Vaativa harrastajak\u00e4ytt\u00e4j\u00e4 arvostaa t\u00e4m\u00e4n johdottoman ja yhdell\u00e4 k\u00e4dell\u00e4 k\u00e4ytett\u00e4v\u00e4n monitoimihiomakoneen apua puun, muovin ja metallin hionnassa. Koneen ominaisuudet p\u00e4\u00e4sev\u00e4t esille erityisesti vaikeap\u00e4\u00e4syisten ja pienten pintojen hiomisessa. Vahva 18 voltin akkuteho ja v\u00e4r\u00e4htelyluku 24 000 tuottavat riitt\u00e4v\u00e4sti voimaa ja korkean suorituskyvyn. Tehokkaan Einhell Power X-Change litiumioniakun kanssa t\u00e4m\u00e4 hiomakone on pieni, kevyt ja eritt\u00e4in k\u00e4tev\u00e4.<br \/>\nErgonomisen muotoilun ja pehmustetun kahvan ansiosta hiomakone pysyy tukevasti k\u00e4dess\u00e4 ja on tarkasti ohjattavissa. Tarrakiinnityksen ansiosta hiomapaperi on helppo vaihtaa nopeasti. Erityinen Extreme-Fix tarrakiinnitys mahdollistaa hiomapaperin hyv\u00e4n ja rypytt\u00f6m\u00e4n kiinnittymisen. Hiomapaperi on tarvittaessa helppo ja nopea vaihtaa. Extreme-Fix kiinnityksen ansiosta koneen ja paperin v\u00e4liin j\u00e4\u00e4 v\u00e4hemm\u00e4n luistoa, mik\u00e4 antaa paremman poistotehon. Lis\u00e4ksi kaikki perushiomapaperit k\u00e4yv\u00e4t.<br \/>\nIso ja kest\u00e4v\u00e4 alumiininen puhallinpy\u00f6r\u00e4 takaa rauhallisen l\u00e4hes t\u00e4rin\u00e4tt\u00f6m\u00e4n k\u00e4ynnin ja tarkan hiontaj\u00e4ljen. Hiomakone on varustettu p\u00f6lynker\u00e4yslaatikolla. Pidempi\u00e4 hiontat\u00f6it\u00e4 varten laite on mahdollista liitt\u00e4\u00e4 my\u00f6s p\u00f6lynimuriin.<br \/>\nAkku ja latauslaite eiv\u00e4t sis\u00e4lly toimitukseen, mutta laite on yhteensopiva kaikkein Einhell Power X-Change tuoteperheen akkujen kanssa. Akkutuoteperheen laajentaminen onnistuu n\u00e4in edullisesti, kun ei tarvitse maksaa ylim\u00e4\u00e4r\u00e4ist\u00e4 akuista ja latauslaitteista. Lis\u00e4ksi kaikki tuoteperheen akut ovat kesken\u00e4\u00e4n yhteensopivia ja nopeasti ja helposti vaihdettavia. Toimitukseen sis\u00e4ltyy 6 hiomapaperia (3 x karkeus 120, 3 x karkeus 240).<br \/>\nTekniset tiedot:<br \/>\nV\u00e4r\u00e4htelyluku: 24000 min-1<br \/>\nV\u00e4r\u00e4htelykeh\u00e4: 1,6 mm<br \/>\nHiontapaperin koko: 93 x 60 x 105 mm<br \/>\nKoneen paino: 0,79 kg (ilman akkua)<\/p>\n","protected":false},"excerpt":{"rendered":"<p>Akkuhiomahiiri TE-OS 18\/1 Li Solo on Einhell Power-X-Change -akkutuoteperheen laadukas ja k\u00e4tev\u00e4 monitoimikone, jossa erinomainen ergonomia ja maksimaalinen toiminnallisuus yhdistyv\u00e4t aikaansaaden optimaalisen hionnan.<\/p>\n<p>&nbsp;<\/p>\n","protected":false},"featured_media":2722,"comment_status":"closed","ping_status":"closed","template":"","meta":[],"product_brand":[],"product_cat":[208],"product_tag":[],"class_list":{"0":"post-2721","1":"product","2":"type-product","3":"status-publish","4":"has-post-thumbnail","6":"product_cat-akkutyokalut","8":"first","9":"outofstock","10":"taxable","11":"shipping-taxable","12":"purchasable","13":"product-type-simple"},"_links":{"self":[{"href":"https:\/\/www.ksttukku.fi\/kauppa\/wp-json\/wp\/v2\/product\/2721","targetHints":{"allow":["GET"]}}],"collection":[{"href":"https:\/\/www.ksttukku.fi\/kauppa\/wp-json\/wp\/v2\/product"}],"about":[{"href":"https:\/\/www.ksttukku.fi\/kauppa\/wp-json\/wp\/v2\/types\/product"}],"replies":[{"embeddable":true,"href":"https:\/\/www.ksttukku.fi\/kauppa\/wp-json\/wp\/v2\/comments?post=2721"}],"wp:featuredmedia":[{"embeddable":true,"href":"https:\/\/www.ksttukku.fi\/kauppa\/wp-json\/wp\/v2\/media\/2722"}],"wp:attachment":[{"href":"https:\/\/www.ksttukku.fi\/kauppa\/wp-json\/wp\/v2\/media?parent=2721"}],"wp:term":[{"taxonomy":"product_brand","embeddable":true,"href":"https:\/\/www.ksttukku.fi\/kauppa\/wp-json\/wp\/v2\/product_brand?post=2721"},{"taxonomy":"product_cat","embeddable":true,"href":"https:\/\/www.ksttukku.fi\/kauppa\/wp-json\/wp\/v2\/product_cat?post=2721"},{"taxonomy":"product_tag","embeddable":true,"href":"https:\/\/www.ksttukku.fi\/kauppa\/wp-json\/wp\/v2\/product_tag?post=2721"}],"curies":[{"name":"wp","href":"https:\/\/api.w.org\/{rel}","templated":true}]}}