{"id":2723,"date":"2019-03-15T17:33:06","date_gmt":"2019-03-15T15:33:06","guid":{"rendered":"http:\/\/www.ksttukku.fi\/kauppa\/?post_type=product&#038;p=2723"},"modified":"2024-04-20T10:56:07","modified_gmt":"2024-04-20T07:56:07","slug":"grillinalusmatto-100x150cm-antrasiitti","status":"publish","type":"product","link":"https:\/\/www.ksttukku.fi\/kauppa\/tuote\/grillinalusmatto-100x150cm-antrasiitti\/","title":{"rendered":"Grillinalusmatto antrasiitti"},"content":{"rendered":"<p>Grillimatto soveltuu k\u00e4ytett\u00e4v\u00e4ksi alusmattona mm. grillin alla. Grillimatto soveltuu my\u00f6s esimerkiksi puutarhakoneiden alusmatoksi. Matto imee itsens\u00e4 mahdollisen rasvan ja \u00f6ljyn. Matto tuntuu miellytt\u00e4v\u00e4lt\u00e4 jalkojen alla grillatessa sek\u00e4 samalla suojaa terassia mahdollisilta rasva ym. roiskeilta. Materiaali: Polypropeeni.<\/p>\n<p>Hoito-ohje: Tahrat pyyhit\u00e4\u00e4n tuoreeltaan kostealla liinalla ja tarvittaessa k\u00e4sinpesu miedolla pesuaineella 30 asteessa, tasokuivaus.<\/p>\n","protected":false},"excerpt":{"rendered":"<p>Grillimatto soveltuu k\u00e4ytett\u00e4v\u00e4ksi alusmattona mm. grillin alla. Grillimatto soveltuu my\u00f6s esimerkiksi puutarhakoneiden alusmatoksi. Matto imee itsens\u00e4 mahdollisen rasvan ja \u00f6ljyn. Matto tuntuu miellytt\u00e4v\u00e4lt\u00e4 jalkojen alla grillatessa sek\u00e4 samalla suojaa terassia mahdollisilta rasva ym. roiskeilta. Materiaali: Polypropeeni. Hoito-ohje: Tahrat pyyhit\u00e4\u00e4n tuoreeltaan kostealla liinalla ja tarvittaessa k\u00e4sinpesu miedolla pesuaineella 30 asteessa, tasokuivaus.<\/p>\n","protected":false},"featured_media":2724,"comment_status":"closed","ping_status":"closed","template":"","meta":[],"product_brand":[],"product_cat":[134,132,22,29],"product_tag":[],"class_list":{"0":"post-2723","1":"product","2":"type-product","3":"status-publish","4":"has-post-thumbnail","6":"product_cat-grillaustarvikkeet","7":"product_cat-grillit-ja-grillausarvikkeet","8":"product_cat-matot","9":"product_cat-muut-tuotteet","11":"first","12":"instock","13":"taxable","14":"shipping-taxable","15":"purchasable","16":"product-type-variable"},"_links":{"self":[{"href":"https:\/\/www.ksttukku.fi\/kauppa\/wp-json\/wp\/v2\/product\/2723","targetHints":{"allow":["GET"]}}],"collection":[{"href":"https:\/\/www.ksttukku.fi\/kauppa\/wp-json\/wp\/v2\/product"}],"about":[{"href":"https:\/\/www.ksttukku.fi\/kauppa\/wp-json\/wp\/v2\/types\/product"}],"replies":[{"embeddable":true,"href":"https:\/\/www.ksttukku.fi\/kauppa\/wp-json\/wp\/v2\/comments?post=2723"}],"wp:featuredmedia":[{"embeddable":true,"href":"https:\/\/www.ksttukku.fi\/kauppa\/wp-json\/wp\/v2\/media\/2724"}],"wp:attachment":[{"href":"https:\/\/www.ksttukku.fi\/kauppa\/wp-json\/wp\/v2\/media?parent=2723"}],"wp:term":[{"taxonomy":"product_brand","embeddable":true,"href":"https:\/\/www.ksttukku.fi\/kauppa\/wp-json\/wp\/v2\/product_brand?post=2723"},{"taxonomy":"product_cat","embeddable":true,"href":"https:\/\/www.ksttukku.fi\/kauppa\/wp-json\/wp\/v2\/product_cat?post=2723"},{"taxonomy":"product_tag","embeddable":true,"href":"https:\/\/www.ksttukku.fi\/kauppa\/wp-json\/wp\/v2\/product_tag?post=2723"}],"curies":[{"name":"wp","href":"https:\/\/api.w.org\/{rel}","templated":true}]}}