{"id":2737,"date":"2019-03-19T16:33:56","date_gmt":"2019-03-19T14:33:56","guid":{"rendered":"http:\/\/www.ksttukku.fi\/kauppa\/?post_type=product&#038;p=2737"},"modified":"2024-05-06T15:13:58","modified_gmt":"2024-05-06T12:13:58","slug":"akkurikkaimuri-te-vc-18-li-solo","status":"publish","type":"product","link":"https:\/\/www.ksttukku.fi\/kauppa\/tuote\/akkurikkaimuri-te-vc-18-li-solo\/","title":{"rendered":"Akkurikkaimuri TE-VC 18 Li Solo"},"content":{"rendered":"<p>Yksi suulake on erityisesti koville ja sileille pinnoille, toinen toppauksille ja tekstiileille. Rakosuulakkeella puhdistuvat ongelmitta vaikeap\u00e4\u00e4syiset kohteet. Varustukseen kuuluvan 46,5 cm pitk\u00e4n jatkoputken avulla rikkaimuria on mahdollista k\u00e4ytt\u00e4\u00e4 my\u00f6s kuten tavallista lattiaimuria. Rikkaimurin keruus\u00e4ili\u00f6 on 540 ml. Einhell Power X-Change teknologian my\u00f6t\u00e4 lukuisat akut ja laturit sek\u00e4 heikot tehot ovat menneisyytt\u00e4. Rikkaimuri on yhteensopiva kaikkien Einhell Power X-Change akkutuoteperheen akkujen ja latauslaitteiden kanssa. Toimitus ilman akkua ja latauslaitetta.<br \/>\nOminaisuudet\/varustus:<br \/>\nEinhell Power-X-Change akkutuoteperheen j\u00e4sen<br \/>\nsuulakkeet koville ja sileille pinnoille<br \/>\nrakosuulake<br \/>\nsuulake tekstiilipinnoille<br \/>\njatkoputki 46,5 m cm<br \/>\nakku ja latauslaite saatavissa erikseen<br \/>\nTekniset tiedot:<br \/>\nmaksimi-imuteho 4,2 kPa<br \/>\nkeruus\u00e4ili\u00f6n tilavuus 540 ml<\/p>\n","protected":false},"excerpt":{"rendered":"<p>Akkurikkaimuri TE-VC 18 Li Solo on Einhell Power X-Change perheen k\u00e4tev\u00e4 tehopaketti. Mit\u00e4 kotona sattuukin &#8211; muruja matolla, sohvalla, parketilla tai laatalla &#8211; rikkaimuri sopii kaikenlaisiin tilanteisiin ja mahdollistaa kunkin pinnan nopean puhdistuksen.<\/p>\n","protected":false},"featured_media":2738,"comment_status":"closed","ping_status":"closed","template":"","meta":[],"product_brand":[],"product_cat":[208],"product_tag":[],"class_list":{"0":"post-2737","1":"product","2":"type-product","3":"status-publish","4":"has-post-thumbnail","6":"product_cat-akkutyokalut","8":"first","9":"outofstock","10":"taxable","11":"shipping-taxable","12":"purchasable","13":"product-type-simple"},"_links":{"self":[{"href":"https:\/\/www.ksttukku.fi\/kauppa\/wp-json\/wp\/v2\/product\/2737","targetHints":{"allow":["GET"]}}],"collection":[{"href":"https:\/\/www.ksttukku.fi\/kauppa\/wp-json\/wp\/v2\/product"}],"about":[{"href":"https:\/\/www.ksttukku.fi\/kauppa\/wp-json\/wp\/v2\/types\/product"}],"replies":[{"embeddable":true,"href":"https:\/\/www.ksttukku.fi\/kauppa\/wp-json\/wp\/v2\/comments?post=2737"}],"wp:featuredmedia":[{"embeddable":true,"href":"https:\/\/www.ksttukku.fi\/kauppa\/wp-json\/wp\/v2\/media\/2738"}],"wp:attachment":[{"href":"https:\/\/www.ksttukku.fi\/kauppa\/wp-json\/wp\/v2\/media?parent=2737"}],"wp:term":[{"taxonomy":"product_brand","embeddable":true,"href":"https:\/\/www.ksttukku.fi\/kauppa\/wp-json\/wp\/v2\/product_brand?post=2737"},{"taxonomy":"product_cat","embeddable":true,"href":"https:\/\/www.ksttukku.fi\/kauppa\/wp-json\/wp\/v2\/product_cat?post=2737"},{"taxonomy":"product_tag","embeddable":true,"href":"https:\/\/www.ksttukku.fi\/kauppa\/wp-json\/wp\/v2\/product_tag?post=2737"}],"curies":[{"name":"wp","href":"https:\/\/api.w.org\/{rel}","templated":true}]}}