{"id":2814,"date":"2019-03-29T15:22:14","date_gmt":"2019-03-29T13:22:14","guid":{"rendered":"http:\/\/www.ksttukku.fi\/kauppa\/?post_type=product&#038;p=2814"},"modified":"2024-05-06T12:45:27","modified_gmt":"2024-05-06T09:45:27","slug":"einhell-yleissalkku-e-box-s35","status":"publish","type":"product","link":"https:\/\/www.ksttukku.fi\/kauppa\/tuote\/einhell-yleissalkku-e-box-s35\/","title":{"rendered":"Einhell yleissalkku E-Box S35"},"content":{"rendered":"<p>Salkkuun on mahdollista ladata 12 kg:n painoisesti koneita.<br \/>\nSalkun ulkomitat: 250 x 350 x 110 mm<br \/>\nSalkun sis\u00e4mitat: 250 x 310 x 89,5 mm<br \/>\nSalkun kantokyky: 12 kg<\/p>\n","protected":false},"excerpt":{"rendered":"<p>Yleissalkku Einhellin-koneiden ja -tarvikkeiden s\u00e4ilytykseen ja kuljetukseen. Pehme\u00e4 vaahtomuovisuojus salkun sis\u00e4ll\u00e4 suojaa koneita. Salkun ulkopinta on roiskevesisuojattu. Ergonomisesta kahvasta on mukava kantaa salkkua.<\/p>\n","protected":false},"featured_media":2817,"comment_status":"closed","ping_status":"closed","template":"","meta":[],"product_brand":[],"product_cat":[209],"product_tag":[],"class_list":{"0":"post-2814","1":"product","2":"type-product","3":"status-publish","4":"has-post-thumbnail","6":"product_cat-akkutyokalujen-akut","8":"first","9":"outofstock","10":"taxable","11":"shipping-taxable","12":"purchasable","13":"product-type-simple"},"_links":{"self":[{"href":"https:\/\/www.ksttukku.fi\/kauppa\/wp-json\/wp\/v2\/product\/2814","targetHints":{"allow":["GET"]}}],"collection":[{"href":"https:\/\/www.ksttukku.fi\/kauppa\/wp-json\/wp\/v2\/product"}],"about":[{"href":"https:\/\/www.ksttukku.fi\/kauppa\/wp-json\/wp\/v2\/types\/product"}],"replies":[{"embeddable":true,"href":"https:\/\/www.ksttukku.fi\/kauppa\/wp-json\/wp\/v2\/comments?post=2814"}],"wp:featuredmedia":[{"embeddable":true,"href":"https:\/\/www.ksttukku.fi\/kauppa\/wp-json\/wp\/v2\/media\/2817"}],"wp:attachment":[{"href":"https:\/\/www.ksttukku.fi\/kauppa\/wp-json\/wp\/v2\/media?parent=2814"}],"wp:term":[{"taxonomy":"product_brand","embeddable":true,"href":"https:\/\/www.ksttukku.fi\/kauppa\/wp-json\/wp\/v2\/product_brand?post=2814"},{"taxonomy":"product_cat","embeddable":true,"href":"https:\/\/www.ksttukku.fi\/kauppa\/wp-json\/wp\/v2\/product_cat?post=2814"},{"taxonomy":"product_tag","embeddable":true,"href":"https:\/\/www.ksttukku.fi\/kauppa\/wp-json\/wp\/v2\/product_tag?post=2814"}],"curies":[{"name":"wp","href":"https:\/\/api.w.org\/{rel}","templated":true}]}}