{"id":2838,"date":"2019-03-29T17:33:22","date_gmt":"2019-03-29T15:33:22","guid":{"rendered":"http:\/\/www.ksttukku.fi\/kauppa\/?post_type=product&#038;p=2838"},"modified":"2024-05-06T12:47:07","modified_gmt":"2024-05-06T09:47:07","slug":"einhell-yleissalkku-e-box-m55-40","status":"publish","type":"product","link":"https:\/\/www.ksttukku.fi\/kauppa\/tuote\/einhell-yleissalkku-e-box-m55-40\/","title":{"rendered":"Einhell yleissalkku E-Box M55\/40"},"content":{"rendered":"<p>Salkkuun on mahdollista ladata 30 kg:n painoisesti koneita.<br \/>\nSalkun ulkomitat: 400 x 550 x 150 mm<br \/>\nSalkun sis\u00e4mitat: 327 x 510 x 124 mm<br \/>\nSalkun kantokyky: 30 kg<\/p>\n","protected":false},"excerpt":{"rendered":"<div class=\"col-xs-12\">\n<p>Yleissalkku Einhellin-koneiden ja -tarvikkeiden s\u00e4ilytykseen ja kuljetukseen. Pehme\u00e4 vaahtomuovisuojus salkun sis\u00e4ll\u00e4 suojaa koneita. Salkun ulkopinta on roiskevesisuojattu. Ergonomisesta kahvasta on mukava kantaa salkkua.<\/p>\n<\/div>\n<div class=\"clearfix\"><\/div>\n","protected":false},"featured_media":2839,"comment_status":"closed","ping_status":"closed","template":"","meta":[],"product_brand":[],"product_cat":[209],"product_tag":[],"class_list":{"0":"post-2838","1":"product","2":"type-product","3":"status-publish","4":"has-post-thumbnail","6":"product_cat-akkutyokalujen-akut","8":"first","9":"outofstock","10":"taxable","11":"shipping-taxable","12":"purchasable","13":"product-type-simple"},"_links":{"self":[{"href":"https:\/\/www.ksttukku.fi\/kauppa\/wp-json\/wp\/v2\/product\/2838","targetHints":{"allow":["GET"]}}],"collection":[{"href":"https:\/\/www.ksttukku.fi\/kauppa\/wp-json\/wp\/v2\/product"}],"about":[{"href":"https:\/\/www.ksttukku.fi\/kauppa\/wp-json\/wp\/v2\/types\/product"}],"replies":[{"embeddable":true,"href":"https:\/\/www.ksttukku.fi\/kauppa\/wp-json\/wp\/v2\/comments?post=2838"}],"wp:featuredmedia":[{"embeddable":true,"href":"https:\/\/www.ksttukku.fi\/kauppa\/wp-json\/wp\/v2\/media\/2839"}],"wp:attachment":[{"href":"https:\/\/www.ksttukku.fi\/kauppa\/wp-json\/wp\/v2\/media?parent=2838"}],"wp:term":[{"taxonomy":"product_brand","embeddable":true,"href":"https:\/\/www.ksttukku.fi\/kauppa\/wp-json\/wp\/v2\/product_brand?post=2838"},{"taxonomy":"product_cat","embeddable":true,"href":"https:\/\/www.ksttukku.fi\/kauppa\/wp-json\/wp\/v2\/product_cat?post=2838"},{"taxonomy":"product_tag","embeddable":true,"href":"https:\/\/www.ksttukku.fi\/kauppa\/wp-json\/wp\/v2\/product_tag?post=2838"}],"curies":[{"name":"wp","href":"https:\/\/api.w.org\/{rel}","templated":true}]}}