{"id":2886,"date":"2019-04-01T16:59:57","date_gmt":"2019-04-01T13:59:57","guid":{"rendered":"http:\/\/www.ksttukku.fi\/kauppa\/?post_type=product&#038;p=2886"},"modified":"2024-05-06T12:04:10","modified_gmt":"2024-05-06T09:04:10","slug":"kompressori-tc-ac-420-50-10-v","status":"publish","type":"product","link":"https:\/\/www.ksttukku.fi\/kauppa\/tuote\/kompressori-tc-ac-420-50-10-v\/","title":{"rendered":"Einhell kompressori TC-AC 420\/50\/10 V"},"content":{"rendered":"<p>Paineen alennusventtiilill\u00e4 voit s\u00e4\u00e4t\u00e4\u00e4 paineen maksimissaan 10 baariin. \u00d6ljyvoitelu takaa moottorille pitk\u00e4n elini\u00e4n. \u00d6ljysilm\u00e4st\u00e4 on helppo tarkistaa \u00f6ljyn taso. Einhell antaa tankille 10 v puhkiruostumattomuustakuun.<br \/>\nTeho: 2200 W<br \/>\nImutuotto: 420 l \/ min<br \/>\nTodellinen tuotto:<br \/>\n0 bar: 245 l \/ min<br \/>\n4 bar: 200 l \/ min<br \/>\n7 bar: 150 l \/ min<br \/>\nMax paine: 10 bar<br \/>\nTankin koko: 50 l<br \/>\nSylinterim\u00e4\u00e4r\u00e4: 2<br \/>\nPainemittari ja pikaliitin s\u00e4\u00e4detylle ja s\u00e4\u00e4t\u00e4m\u00e4tt\u00f6m\u00e4lle ilman paineelle<br \/>\nTankilla 10 vuoden puhkiruostumattomuustakuu<br \/>\nTyhjennysproppu<\/p>\n","protected":false},"excerpt":{"rendered":"<p>Einhell TC-AC 420\/50\/10 V kompressorissa on kahden sylinterin ansiosta korkea 420 l\/min ilmantuotto ja 50 litran s\u00e4ili\u00f6\u00f6n mahtuu hyvin ilmaa reserviin, jolloin koneen ei tarvitse koko ajan olla k\u00e4ynniss\u00e4.<\/p>\n","protected":false},"featured_media":2887,"comment_status":"closed","ping_status":"closed","template":"","meta":[],"product_brand":[],"product_cat":[225],"product_tag":[],"class_list":{"0":"post-2886","1":"product","2":"type-product","3":"status-publish","4":"has-post-thumbnail","6":"product_cat-kompressorit","8":"first","9":"outofstock","10":"taxable","11":"shipping-taxable","12":"purchasable","13":"product-type-simple"},"_links":{"self":[{"href":"https:\/\/www.ksttukku.fi\/kauppa\/wp-json\/wp\/v2\/product\/2886","targetHints":{"allow":["GET"]}}],"collection":[{"href":"https:\/\/www.ksttukku.fi\/kauppa\/wp-json\/wp\/v2\/product"}],"about":[{"href":"https:\/\/www.ksttukku.fi\/kauppa\/wp-json\/wp\/v2\/types\/product"}],"replies":[{"embeddable":true,"href":"https:\/\/www.ksttukku.fi\/kauppa\/wp-json\/wp\/v2\/comments?post=2886"}],"wp:featuredmedia":[{"embeddable":true,"href":"https:\/\/www.ksttukku.fi\/kauppa\/wp-json\/wp\/v2\/media\/2887"}],"wp:attachment":[{"href":"https:\/\/www.ksttukku.fi\/kauppa\/wp-json\/wp\/v2\/media?parent=2886"}],"wp:term":[{"taxonomy":"product_brand","embeddable":true,"href":"https:\/\/www.ksttukku.fi\/kauppa\/wp-json\/wp\/v2\/product_brand?post=2886"},{"taxonomy":"product_cat","embeddable":true,"href":"https:\/\/www.ksttukku.fi\/kauppa\/wp-json\/wp\/v2\/product_cat?post=2886"},{"taxonomy":"product_tag","embeddable":true,"href":"https:\/\/www.ksttukku.fi\/kauppa\/wp-json\/wp\/v2\/product_tag?post=2886"}],"curies":[{"name":"wp","href":"https:\/\/api.w.org\/{rel}","templated":true}]}}