{"id":2946,"date":"2019-04-06T12:29:03","date_gmt":"2019-04-06T09:29:03","guid":{"rendered":"http:\/\/www.ksttukku.fi\/kauppa\/?post_type=product&#038;p=2946"},"modified":"2024-05-06T12:01:10","modified_gmt":"2024-05-06T09:01:10","slug":"kompressori-tc-ac-190-24-8","status":"publish","type":"product","link":"https:\/\/www.ksttukku.fi\/kauppa\/tuote\/kompressori-tc-ac-190-24-8\/","title":{"rendered":"Einhell kompressori TC-AC 190\/24\/8"},"content":{"rendered":"<p>Paineilmaty\u00f6kalujen k\u00e4ytt\u00f6\u00f6notto onnistuu nopeasti pikaliittimien avulla. \u00d6ljyvoideltu pumppu on pitk\u00e4ik\u00e4inen. Automaattinen painekytkin takaiskuventtiili ja turvaventtiili tuovat turvaa k\u00e4ytt\u00e4j\u00e4lle. S\u00e4ili\u00f6lle my\u00f6nnet\u00e4\u00e4n 10 vuoden puhkirustumattomuustakuu.<br \/>\nVarustus:<br \/>\nkest\u00e4v\u00e4, \u00f6ljyvoideltu pumppu<br \/>\nisot py\u00f6r\u00e4t ja kahva laitteen siirtelemist\u00e4 helpottamaan<br \/>\npainemittari ja pikaliitin s\u00e4\u00e4detylle ty\u00f6paineelle<br \/>\npaineenalennin ty\u00f6paineen s\u00e4\u00e4t\u00f6\u00f6n<br \/>\nautomaatiinen painekytkin ja imusuodatin<br \/>\ntakaiskuventtiili ja turvaventtiili<br \/>\n24 litran s\u00e4ili\u00f6<br \/>\nkumitassuilla varustettu tukijalka \u00e4\u00e4nt\u00e4 vaimentamaan<br \/>\ns\u00e4ili\u00f6lle 10 vuoden puhkiruostumattomuustakuu<br \/>\nTekniset tiedot<br \/>\nJ\u00e4nnite: 230 V ~ 50 Hz<br \/>\nTeho: 1,5 kW S2 15 min<br \/>\nKierrokset: 2850 min-1<br \/>\nLaskettu imutuotto: 165 l\/min<br \/>\nTodellinen tuotto: 0 bar 110; 4 bar; 75; 7 bar 55 l\/min<br \/>\nK\u00e4ytt\u00f6paine max: 8 bar<br \/>\nSylinteriluku: 1<br \/>\nS\u00e4ili\u00f6: 24 l<\/p>\n","protected":false},"excerpt":{"rendered":"<p>TC-AC 190\/24\/8 on monipuolinen kompressori, joka kompaktin kokonsa ja 8 bar k\u00e4ytt\u00f6paineensa avulla auttaa monissa paineilmat\u00f6iss\u00e4. Ty\u00f6paine on mahdollista s\u00e4\u00e4t\u00e4\u00e4 tarkasti paineenalentimella ja tarkistaa painemittarista.<\/p>\n","protected":false},"featured_media":2947,"comment_status":"closed","ping_status":"closed","template":"","meta":[],"product_brand":[],"product_cat":[225],"product_tag":[],"class_list":{"0":"post-2946","1":"product","2":"type-product","3":"status-publish","4":"has-post-thumbnail","6":"product_cat-kompressorit","8":"first","9":"outofstock","10":"sale","11":"taxable","12":"shipping-taxable","13":"purchasable","14":"product-type-simple"},"_links":{"self":[{"href":"https:\/\/www.ksttukku.fi\/kauppa\/wp-json\/wp\/v2\/product\/2946","targetHints":{"allow":["GET"]}}],"collection":[{"href":"https:\/\/www.ksttukku.fi\/kauppa\/wp-json\/wp\/v2\/product"}],"about":[{"href":"https:\/\/www.ksttukku.fi\/kauppa\/wp-json\/wp\/v2\/types\/product"}],"replies":[{"embeddable":true,"href":"https:\/\/www.ksttukku.fi\/kauppa\/wp-json\/wp\/v2\/comments?post=2946"}],"wp:featuredmedia":[{"embeddable":true,"href":"https:\/\/www.ksttukku.fi\/kauppa\/wp-json\/wp\/v2\/media\/2947"}],"wp:attachment":[{"href":"https:\/\/www.ksttukku.fi\/kauppa\/wp-json\/wp\/v2\/media?parent=2946"}],"wp:term":[{"taxonomy":"product_brand","embeddable":true,"href":"https:\/\/www.ksttukku.fi\/kauppa\/wp-json\/wp\/v2\/product_brand?post=2946"},{"taxonomy":"product_cat","embeddable":true,"href":"https:\/\/www.ksttukku.fi\/kauppa\/wp-json\/wp\/v2\/product_cat?post=2946"},{"taxonomy":"product_tag","embeddable":true,"href":"https:\/\/www.ksttukku.fi\/kauppa\/wp-json\/wp\/v2\/product_tag?post=2946"}],"curies":[{"name":"wp","href":"https:\/\/api.w.org\/{rel}","templated":true}]}}