{"id":2950,"date":"2019-04-06T13:17:13","date_gmt":"2019-04-06T10:17:13","guid":{"rendered":"http:\/\/www.ksttukku.fi\/kauppa\/?post_type=product&#038;p=2950"},"modified":"2024-05-06T11:59:38","modified_gmt":"2024-05-06T08:59:38","slug":"kompressori-te-ac-230-24","status":"publish","type":"product","link":"https:\/\/www.ksttukku.fi\/kauppa\/tuote\/kompressori-te-ac-230-24\/","title":{"rendered":"Einhell kompressori TE-AC 230\/24"},"content":{"rendered":"<p>Varustus:<br \/>\n\u00f6ljyll\u00e4 voideltu pumppu<br \/>\n\u00f6ljyn tarkistusikkuna<br \/>\n24 litran s\u00e4ili\u00f6<br \/>\npaineenalennin<br \/>\npainemittari ja pikaliitin s\u00e4\u00e4detylle ty\u00f6paineelle<br \/>\niso painemittari s\u00e4\u00e4t\u00e4m\u00e4tt\u00f6m\u00e4lle s\u00e4ili\u00f6paineelle<br \/>\nisot py\u00f6r\u00e4t ja kahva laitteen siirtelemist\u00e4 helpottamaan<br \/>\nt\u00e4rin\u00e4\u00e4 vaimentava tukeva kumitassu<br \/>\ntyhjennysventtiili<br \/>\ntakaiskuventtiili ja turvaventtiili<br \/>\ns\u00e4ili\u00f6ll\u00e4 10 vuoden puhkiruostumattomuustakuu<br \/>\nTekniset tiedot:<br \/>\nJ\u00e4nnite: 230 V ~ 50 Hz<br \/>\nTeho: 1,5 kW<br \/>\nKierrokset: 2850 kierrosta\/min<br \/>\nLaskettu imutuotto: 230 l\/min<br \/>\nTodellinen tuotto:<br \/>\n0 bar: 132 l\/min<br \/>\n4 bar: 102 l\/min<br \/>\n7 bar: 83 l\/min<br \/>\nK\u00e4ytt\u00f6paine max: 8 bar<br \/>\nSylinteriluku: 1<br \/>\nS\u00e4ili\u00f6: 24 l<br \/>\nTuotteen paino:22,9 kg<\/p>\n","protected":false},"excerpt":{"rendered":"<p>Einhell Expert 1,5 kW kompressori TE-AC 230\/24 on suorituskykyinen laite vaativaan k\u00e4ytt\u00f6\u00f6n. Laadukkaiden komponenttien ja \u00f6ljyvoitelun ansiosta laite on pitk\u00e4ik\u00e4inen. Kompressorin 24 l s\u00e4ili\u00f6 tuottaa riitt\u00e4v\u00e4sti paineilmaa monenlaiseen k\u00e4ytt\u00f6\u00f6n.<\/p>\n","protected":false},"featured_media":2951,"comment_status":"closed","ping_status":"closed","template":"","meta":[],"product_brand":[],"product_cat":[225],"product_tag":[],"class_list":{"0":"post-2950","1":"product","2":"type-product","3":"status-publish","4":"has-post-thumbnail","6":"product_cat-kompressorit","8":"first","9":"outofstock","10":"taxable","11":"shipping-taxable","12":"purchasable","13":"product-type-simple"},"_links":{"self":[{"href":"https:\/\/www.ksttukku.fi\/kauppa\/wp-json\/wp\/v2\/product\/2950","targetHints":{"allow":["GET"]}}],"collection":[{"href":"https:\/\/www.ksttukku.fi\/kauppa\/wp-json\/wp\/v2\/product"}],"about":[{"href":"https:\/\/www.ksttukku.fi\/kauppa\/wp-json\/wp\/v2\/types\/product"}],"replies":[{"embeddable":true,"href":"https:\/\/www.ksttukku.fi\/kauppa\/wp-json\/wp\/v2\/comments?post=2950"}],"wp:featuredmedia":[{"embeddable":true,"href":"https:\/\/www.ksttukku.fi\/kauppa\/wp-json\/wp\/v2\/media\/2951"}],"wp:attachment":[{"href":"https:\/\/www.ksttukku.fi\/kauppa\/wp-json\/wp\/v2\/media?parent=2950"}],"wp:term":[{"taxonomy":"product_brand","embeddable":true,"href":"https:\/\/www.ksttukku.fi\/kauppa\/wp-json\/wp\/v2\/product_brand?post=2950"},{"taxonomy":"product_cat","embeddable":true,"href":"https:\/\/www.ksttukku.fi\/kauppa\/wp-json\/wp\/v2\/product_cat?post=2950"},{"taxonomy":"product_tag","embeddable":true,"href":"https:\/\/www.ksttukku.fi\/kauppa\/wp-json\/wp\/v2\/product_tag?post=2950"}],"curies":[{"name":"wp","href":"https:\/\/api.w.org\/{rel}","templated":true}]}}