{"id":3074,"date":"2019-04-15T17:11:59","date_gmt":"2019-04-15T14:11:59","guid":{"rendered":"http:\/\/www.ksttukku.fi\/kauppa\/?post_type=product&#038;p=3074"},"modified":"2026-02-05T17:31:25","modified_gmt":"2026-02-05T15:31:25","slug":"valopeili-led-grand-lux-500x700mm","status":"publish","type":"product","link":"https:\/\/www.ksttukku.fi\/kauppa\/tuote\/valopeili-led-grand-lux-500x700mm\/","title":{"rendered":"Valopeili led Grand Lux 500x700mm"},"content":{"rendered":"<p>Grand Lux led-valopeili 50cm x 70cm. Grand Lux<br \/>\nled-valopeili on valmistettu eritt\u00e4in korkealuokkaisista<br \/>\nOsramin komponenteista. Peiliss\u00e4 10 mm leve\u00e4 etsattu<br \/>\nlasireunus, jonka alla lednauha. Sivu alumiinia. Valon<br \/>\nv\u00e4ril\u00e4mp\u00f6tila 4000K.<\/p>\n","protected":false},"excerpt":{"rendered":"<p>Grand Lux led-valopeili 50cm x 70cm. Grand Lux led-valopeili on valmistettu eritt\u00e4in korkealuokkaisista Osramin komponenteista. Peiliss\u00e4 10 mm leve\u00e4 etsattu lasireunus, jonka alla lednauha. Sivu alumiinia. Valon v\u00e4ril\u00e4mp\u00f6tila 4000K.<\/p>\n","protected":false},"featured_media":3075,"comment_status":"closed","ping_status":"closed","template":"","meta":[],"product_brand":[],"product_cat":[150,237],"product_tag":[],"class_list":{"0":"post-3074","1":"product","2":"type-product","3":"status-publish","4":"has-post-thumbnail","6":"product_cat-kylpyhuone","7":"product_cat-valopeilit","9":"first","10":"outofstock","11":"taxable","12":"shipping-taxable","13":"purchasable","14":"product-type-simple"},"_links":{"self":[{"href":"https:\/\/www.ksttukku.fi\/kauppa\/wp-json\/wp\/v2\/product\/3074","targetHints":{"allow":["GET"]}}],"collection":[{"href":"https:\/\/www.ksttukku.fi\/kauppa\/wp-json\/wp\/v2\/product"}],"about":[{"href":"https:\/\/www.ksttukku.fi\/kauppa\/wp-json\/wp\/v2\/types\/product"}],"replies":[{"embeddable":true,"href":"https:\/\/www.ksttukku.fi\/kauppa\/wp-json\/wp\/v2\/comments?post=3074"}],"wp:featuredmedia":[{"embeddable":true,"href":"https:\/\/www.ksttukku.fi\/kauppa\/wp-json\/wp\/v2\/media\/3075"}],"wp:attachment":[{"href":"https:\/\/www.ksttukku.fi\/kauppa\/wp-json\/wp\/v2\/media?parent=3074"}],"wp:term":[{"taxonomy":"product_brand","embeddable":true,"href":"https:\/\/www.ksttukku.fi\/kauppa\/wp-json\/wp\/v2\/product_brand?post=3074"},{"taxonomy":"product_cat","embeddable":true,"href":"https:\/\/www.ksttukku.fi\/kauppa\/wp-json\/wp\/v2\/product_cat?post=3074"},{"taxonomy":"product_tag","embeddable":true,"href":"https:\/\/www.ksttukku.fi\/kauppa\/wp-json\/wp\/v2\/product_tag?post=3074"}],"curies":[{"name":"wp","href":"https:\/\/api.w.org\/{rel}","templated":true}]}}