{"id":3096,"date":"2019-04-16T15:33:45","date_gmt":"2019-04-16T12:33:45","guid":{"rendered":"http:\/\/www.ksttukku.fi\/kauppa\/?post_type=product&#038;p=3096"},"modified":"2026-02-05T17:44:38","modified_gmt":"2026-02-05T15:44:38","slug":"valopeili-led-delux-600x900mm-2","status":"publish","type":"product","link":"https:\/\/www.ksttukku.fi\/kauppa\/tuote\/valopeili-led-delux-600x900mm-2\/","title":{"rendered":"Valopeili led Delux 600x900mm"},"content":{"rendered":"<p>Uusi Delux led-valopeili 600x900x60mm (28W)<br \/>\nvalkoisella kehyksell\u00e4 ja tehokkaalla lednauhalla.<br \/>\nPeilikehyksess\u00e4 on ep\u00e4suoraa valoa tuottava lednauha<br \/>\nlinssiprofiilin alla. Peilin kehys on valkoiseksi<br \/>\nmaalattua alumiinia. Peili voidaan asentaa joko pysty -tai<br \/>\nvaaka-asentoon. Valonl\u00e4hde on Osram teknologiaa;<br \/>\nlednauhana Shortpich 1200lm\/m, Osram muuntajalla. Tausta<br \/>\non koteloitu IP44, asennus 220-240V. Mukana toimitetaan<br \/>\nlukitushelat kiinte\u00e4\u00e4 asennusta varten (suositus) sek\u00e4<br \/>\nsein\u00e4kannatin. Valon v\u00e4ril\u00e4mp\u00f6tila 4000K, 16,6W. Ei<br \/>\nsis\u00e4ll\u00e4 vikavirtakytkint\u00e4. Kehykseen on mahdollista<br \/>\nkiinnitt\u00e4\u00e4 Ebir kylpyhuonevalaisin, esim. Esther, Pandora<br \/>\ntai Nikita. Takana tilaa Ebir muuntajalle<br \/>\n(H-15mm). Takuu 3 vuotta. Toimitusmyyntin\u00e4 3-4vkoa.<\/p>\n","protected":false},"excerpt":{"rendered":"<p>Uusi Delux led-valopeili 600x900x60mm (28W) valkoisella kehyksell\u00e4 ja tehokkaalla lednauhalla. Peilikehyksess\u00e4 on ep\u00e4suoraa valoa tuottava lednauha linssiprofiilin alla. Peilin kehys on valkoiseksi maalattua alumiinia. Peili voidaan asentaa joko pysty -tai vaaka-asentoon. Valonl\u00e4hde on Osram teknologiaa; lednauhana Shortpich 1200lm\/m, Osram muuntajalla. Tausta on koteloitu IP44, asennus 220-240V. Mukana toimitetaan lukitushelat kiinte\u00e4\u00e4 asennusta varten (suositus) sek\u00e4 sein\u00e4kannatin. [&hellip;]<\/p>\n","protected":false},"featured_media":3097,"comment_status":"closed","ping_status":"closed","template":"","meta":[],"product_brand":[],"product_cat":[150,237],"product_tag":[],"class_list":{"0":"post-3096","1":"product","2":"type-product","3":"status-publish","4":"has-post-thumbnail","6":"product_cat-kylpyhuone","7":"product_cat-valopeilit","9":"first","10":"instock","11":"taxable","12":"shipping-taxable","13":"purchasable","14":"product-type-simple"},"_links":{"self":[{"href":"https:\/\/www.ksttukku.fi\/kauppa\/wp-json\/wp\/v2\/product\/3096","targetHints":{"allow":["GET"]}}],"collection":[{"href":"https:\/\/www.ksttukku.fi\/kauppa\/wp-json\/wp\/v2\/product"}],"about":[{"href":"https:\/\/www.ksttukku.fi\/kauppa\/wp-json\/wp\/v2\/types\/product"}],"replies":[{"embeddable":true,"href":"https:\/\/www.ksttukku.fi\/kauppa\/wp-json\/wp\/v2\/comments?post=3096"}],"wp:featuredmedia":[{"embeddable":true,"href":"https:\/\/www.ksttukku.fi\/kauppa\/wp-json\/wp\/v2\/media\/3097"}],"wp:attachment":[{"href":"https:\/\/www.ksttukku.fi\/kauppa\/wp-json\/wp\/v2\/media?parent=3096"}],"wp:term":[{"taxonomy":"product_brand","embeddable":true,"href":"https:\/\/www.ksttukku.fi\/kauppa\/wp-json\/wp\/v2\/product_brand?post=3096"},{"taxonomy":"product_cat","embeddable":true,"href":"https:\/\/www.ksttukku.fi\/kauppa\/wp-json\/wp\/v2\/product_cat?post=3096"},{"taxonomy":"product_tag","embeddable":true,"href":"https:\/\/www.ksttukku.fi\/kauppa\/wp-json\/wp\/v2\/product_tag?post=3096"}],"curies":[{"name":"wp","href":"https:\/\/api.w.org\/{rel}","templated":true}]}}